-- Table structure for table `countries`
--

CREATE TABLE `countries` (
  `id` bigint(20) unsigned NOT NULL AUTO_INCREMENT,
  `name` varchar(191) COLLATE utf8mb4_unicode_ci NOT NULL,
  `code` varchar(191) COLLATE utf8mb4_unicode_ci NOT NULL,
  `created_at` timestamp NULL DEFAULT NULL,
  `updated_at` timestamp NULL DEFAULT NULL,
  PRIMARY KEY (`id`)
) ENGINE=InnoDB AUTO_INCREMENT=250 DEFAULT CHARSET=utf8mb4 COLLATE=utf8mb4_unicode_ci;

--
-- Dumping data for table `countries`
--

INSERT INTO `countries` VALUES (1,'Afghanistan','AF','2022-08-15 08:27:10','2022-08-15 08:27:10'),(2,'Åland Islands','AX','2022-08-15 08:27:10','2022-08-15 08:27:10'),(3,'Albania','AL','2022-08-15 08:27:10','2022-08-15 08:27:10'),(4,'Algeria','DZ','2022-08-15 08:27:10','2022-08-15 08:27:10'),(5,'American Samoa','AS','2022-08-15 08:27:10','2022-08-15 08:27:10'),(6,'Andorra','AD','2022-08-15 08:27:10','2022-08-15 08:27:10'),(7,'Angola','AO','2022-08-15 08:27:10','2022-08-15 08:27:10'),(8,'Anguilla','AI','2022-08-15 08:27:10','2022-08-15 08:27:10'),(9,'Antarctica','AQ','2022-08-15 08:27:10','2022-08-15 08:27:10'),(10,'Antigua and Barbuda','AG','2022-08-15 08:27:10','2022-08-15 08:27:10'),(11,'Argentina','AR','2022-08-15 08:27:10','2022-08-15 08:27:10'),(12,'Armenia','AM','2022-08-15 08:27:10','2022-08-15 08:27:10'),(13,'Aruba','AW','2022-08-15 08:27:10','2022-08-15 08:27:10'),(14,'Australia','AU','2022-08-15 08:27:10','2022-08-15 08:27:10'),(15,'Austria','AT','2022-08-15 08:27:10','2022-08-15 08:27:10'),(16,'Azerbaijan','AZ','2022-08-15 08:27:10','2022-08-15 08:27:10'),(17,'Bahamas','BS','2022-08-15 08:27:10','2022-08-15 08:27:10'),(18,'Bahrain','BH','2022-08-15 08:27:10','2022-08-15 08:27:10'),(19,'Bangladesh','BD','2022-08-15 08:27:10','2022-08-15 08:27:10'),(20,'Barbados','BB','2022-08-15 08:27:10','2022-08-15 08:27:10'),(21,'Belarus','BY','2022-08-15 08:27:10','2022-08-15 08:27:10'),(22,'Belgium','BE','2022-08-15 08:27:10','2022-08-15 08:27:10'),(23,'Belize','BZ','2022-08-15 08:27:10','2022-08-15 08:27:10'),(24,'Benin','BJ','2022-08-15 08:27:10','2022-08-15 08:27:10'),(25,'Bermuda','BM','2022-08-15 08:27:10','2022-08-15 08:27:10'),(26,'Bhutan','BT','2022-08-15 08:27:10','2022-08-15 08:27:10'),(27,'Bolivia, Plurinational State of','BO','2022-08-15 08:27:10','2022-08-15 08:27:10'),(28,'Bonaire, Sint Eustatius and Saba','BQ','2022-08-15 08:27:10','2022-08-15 08:27:10'),(29,'Bosnia and Herzegovina','BA','2022-08-15 08:27:10','2022-08-15 08:27:10'),(30,'Botswana','BW','2022-08-15 08:27:10','2022-08-15 08:27:10'),(31,'Bouvet Island','BV','2022-08-15 08:27:10','2022-08-15 08:27:10'),(32,'Brazil','BR','2022-08-15 08:27:10','2022-08-15 08:27:10'),(33,'British Indian Ocean Territory','IO','2022-08-15 08:27:10','2022-08-15 08:27:10'),(34,'Brunei Darussalam','BN','2022-08-15 08:27:10','2022-08-15 08:27:10'),(35,'Bulgaria','BG','2022-08-15 08:27:10','2022-08-15 08:27:10'),(36,'Burkina Faso','BF','2022-08-15 08:27:10','2022-08-15 08:27:10'),(37,'Burundi','BI','2022-08-15 08:27:10','2022-08-15 08:27:10'),(38,'Cambodia','KH','2022-08-15 08:27:10','2022-08-15 08:27:10'),(39,'Cameroon','CM','2022-08-15 08:27:10','2022-08-15 08:27:10'),(40,'Canada','CA','2022-08-15 08:27:10','2022-08-15 08:27:10'),(41,'Cape Verde','CV','2022-08-15 08:27:10','2022-08-15 08:27:10'),(42,'Cayman Islands','KY','2022-08-15 08:27:10','2022-08-15 08:27:10'),(43,'Central African Republic','CF','2022-08-15 08:27:10','2022-08-15 08:27:10'),(44,'Chad','TD','2022-08-15 08:27:10','2022-08-15 08:27:10'),(45,'Chile','CL','2022-08-15 08:27:10','2022-08-15 08:27:10'),(46,'China','CN','2022-08-15 08:27:10','2022-08-15 08:27:10'),(47,'Christmas Island','CX','2022-08-15 08:27:10','2022-08-15 08:27:10'),(48,'Cocos (Keeling) Islands','CC','2022-08-15 08:27:10','2022-08-15 08:27:10'),(49,'Colombia','CO','2022-08-15 08:27:10','2022-08-15 08:27:10'),(50,'Comoros','KM','2022-08-15 08:27:10','2022-08-15 08:27:10'),(51,'Congo','CG','2022-08-15 08:27:10','2022-08-15 08:27:10'),(52,'Congo, the Democratic Republic of the','CD','2022-08-15 08:27:10','2022-08-15 08:27:10'),(53,'Cook Islands','CK','2022-08-15 08:27:10','2022-08-15 08:27:10'),(54,'Costa Rica','CR','2022-08-15 08:27:10','2022-08-15 08:27:10'),(55,'Côte d\'Ivoire','CI','2022-08-15 08:27:10','2022-08-15 08:27:10'),(56,'Croatia','HR','2022-08-15 08:27:10','2022-08-15 08:27:10'),(57,'Cuba','CU','2022-08-15 08:27:10','2022-08-15 08:27:10'),(58,'Curaçao','CW','2022-08-15 08:27:10','2022-08-15 08:27:10'),(59,'Cyprus','CY','2022-08-15 08:27:10','2022-08-15 08:27:10'),(60,'Czech Republic','CZ','2022-08-15 08:27:10','2022-08-15 08:27:10'),(61,'Denmark','DK','2022-08-15 08:27:10','2022-08-15 08:27:10'),(62,'Djibouti','DJ','2022-08-15 08:27:10','2022-08-15 08:27:10'),(63,'Dominica','DM','2022-08-15 08:27:10','2022-08-15 08:27:10'),(64,'Dominican Republic','DO','2022-08-15 08:27:10','2022-08-15 08:27:10'),(65,'Ecuador','EC','2022-08-15 08:27:10','2022-08-15 08:27:10'),(66,'Egypt','EG','2022-08-15 08:27:10','2022-08-15 08:27:10'),(67,'El Salvador','SV','2022-08-15 08:27:10','2022-08-15 08:27:10'),(68,'Equatorial Guinea','GQ','2022-08-15 08:27:10','2022-08-15 08:27:10'),(69,'Eritrea','ER','2022-08-15 08:27:10','2022-08-15 08:27:10'),(70,'Estonia','EE','2022-08-15 08:27:10','2022-08-15 08:27:10'),(71,'Ethiopia','ET','2022-08-15 08:27:10','2022-08-15 08:27:10'),(72,'Falkland Islands (Malvinas)','FK','2022-08-15 08:27:10','2022-08-15 08:27:10'),(73,'Faroe Islands','FO','2022-08-15 08:27:10','2022-08-15 08:27:10'),(74,'Fiji','FJ','2022-08-15 08:27:10','2022-08-15 08:27:10'),(75,'Finland','FI','2022-08-15 08:27:10','2022-08-15 08:27:10'),(76,'France','FR','2022-08-15 08:27:10','2022-08-15 08:27:10'),(77,'French Guiana','GF','2022-08-15 08:27:10','2022-08-15 08:27:10'),(78,'French Polynesia','PF','2022-08-15 08:27:10','2022-08-15 08:27:10'),(79,'French Southern Territories','TF','2022-08-15 08:27:10','2022-08-15 08:27:10'),(80,'Gabon','GA','2022-08-15 08:27:10','2022-08-15 08:27:10'),(81,'Gambia','GM','2022-08-15 08:27:10','2022-08-15 08:27:10'),(82,'Georgia','GE','2022-08-15 08:27:10','2022-08-15 08:27:10'),(83,'Germany','DE','2022-08-15 08:27:10','2022-08-15 08:27:10'),(84,'Ghana','GH','2022-08-15 08:27:10','2022-08-15 08:27:10'),(85,'Gibraltar','GI','2022-08-15 08:27:10','2022-08-15 08:27:10'),(86,'Greece','GR','2022-08-15 08:27:10','2022-08-15 08:27:10'),(87,'Greenland','GL','2022-08-15 08:27:10','2022-08-15 08:27:10'),(88,'Grenada','GD','2022-08-15 08:27:10','2022-08-15 08:27:10'),(89,'Guadeloupe','GP','2022-08-15 08:27:10','2022-08-15 08:27:10'),(90,'Guam','GU','2022-08-15 08:27:10','2022-08-15 08:27:10'),(91,'Guatemala','GT','2022-08-15 08:27:10','2022-08-15 08:27:10'),(92,'Guernsey','GG','2022-08-15 08:27:10','2022-08-15 08:27:10'),(93,'Guinea','GN','2022-08-15 08:27:10','2022-08-15 08:27:10'),(94,'Guinea-Bissau','GW','2022-08-15 08:27:10','2022-08-15 08:27:10'),(95,'Guyana','GY','2022-08-15 08:27:10','2022-08-15 08:27:10'),(96,'Haiti','HT','2022-08-15 08:27:10','2022-08-15 08:27:10'),(97,'Heard Island and McDonald Mcdonald Islands','HM','2022-08-15 08:27:10','2022-08-15 08:27:10'),(98,'Holy See (Vatican City State)','VA','2022-08-15 08:27:10','2022-08-15 08:27:10'),(99,'Honduras','HN','2022-08-15 08:27:10','2022-08-15 08:27:10'),(100,'Hong Kong','HK','2022-08-15 08:27:10','2022-08-15 08:27:10'),(101,'Hungary','HU','2022-08-15 08:27:10','2022-08-15 08:27:10'),(102,'Iceland','IS','2022-08-15 08:27:10','2022-08-15 08:27:10'),(103,'India','IN','2022-08-15 08:27:10','2022-08-15 08:27:10'),(104,'Indonesia','ID','2022-08-15 08:27:10','2022-08-15 08:27:10'),(105,'Iran, Islamic Republic of','IR','2022-08-15 08:27:10','2022-08-15 08:27:10'),(106,'Iraq','IQ','2022-08-15 08:27:10','2022-08-15 08:27:10'),(107,'Ireland','IE','2022-08-15 08:27:10','2022-08-15 08:27:10'),(108,'Isle of Man','IM','2022-08-15 08:27:10','2022-08-15 08:27:10'),(109,'Israel','IL','2022-08-15 08:27:10','2022-08-15 08:27:10'),(110,'Italy','IT','2022-08-15 08:27:10','2022-08-15 08:27:10'),(111,'Jamaica','JM','2022-08-15 08:27:10','2022-08-15 08:27:10'),(112,'Japan','JP','2022-08-15 08:27:10','2022-08-15 08:27:10'),(113,'Jersey','JE','2022-08-15 08:27:10','2022-08-15 08:27:10'),(114,'Jordan','JO','2022-08-15 08:27:10','2022-08-15 08:27:10'),(115,'Kazakhstan','KZ','2022-08-15 08:27:10','2022-08-15 08:27:10'),(116,'Kenya','KE','2022-08-15 08:27:10','2022-08-15 08:27:10'),(117,'Kiribati','KI','2022-08-15 08:27:10','2022-08-15 08:27:10'),(118,'Korea, Democratic People\'s Republic of','KP','2022-08-15 08:27:10','2022-08-15 08:27:10'),(119,'Korea, Republic of','KR','2022-08-15 08:27:10','2022-08-15 08:27:10'),(120,'Kuwait','KW','2022-08-15 08:27:10','2022-08-15 08:27:10'),(121,'Kyrgyzstan','KG','2022-08-15 08:27:10','2022-08-15 08:27:10'),(122,'Lao People\'s Democratic Republic','LA','2022-08-15 08:27:10','2022-08-15 08:27:10'),(123,'Latvia','LV','2022-08-15 08:27:10','2022-08-15 08:27:10'),(124,'Lebanon','LB','2022-08-15 08:27:10','2022-08-15 08:27:10'),(125,'Lesotho','LS','2022-08-15 08:27:10','2022-08-15 08:27:10'),(126,'Liberia','LR','2022-08-15 08:27:10','2022-08-15 08:27:10'),(127,'Libya','LY','2022-08-15 08:27:10','2022-08-15 08:27:10'),(128,'Liechtenstein','LI','2022-08-15 08:27:10','2022-08-15 08:27:10'),(129,'Lithuania','LT','2022-08-15 08:27:10','2022-08-15 08:27:10'),(130,'Luxembourg','LU','2022-08-15 08:27:10','2022-08-15 08:27:10'),(131,'Macao','MO','2022-08-15 08:27:10','2022-08-15 08:27:10'),(132,'Macedonia, the Former Yugoslav Republic of','MK','2022-08-15 08:27:10','2022-08-15 08:27:10'),(133,'Madagascar','MG','2022-08-15 08:27:10','2022-08-15 08:27:10'),(134,'Malawi','MW','2022-08-15 08:27:10','2022-08-15 08:27:10'),(135,'Malaysia','MY','2022-08-15 08:27:10','2022-08-15 08:27:10'),(136,'Maldives','MV','2022-08-15 08:27:10','2022-08-15 08:27:10'),(137,'Mali','ML','2022-08-15 08:27:10','2022-08-15 08:27:10'),(138,'Malta','MT','2022-08-15 08:27:10','2022-08-15 08:27:10'),(139,'Marshall Islands','MH','2022-08-15 08:27:10','2022-08-15 08:27:10'),(140,'Martinique','MQ','2022-08-15 08:27:10','2022-08-15 08:27:10'),(141,'Mauritania','MR','2022-08-15 08:27:10','2022-08-15 08:27:10'),(142,'Mauritius','MU','2022-08-15 08:27:10','2022-08-15 08:27:10'),(143,'Mayotte','YT','2022-08-15 08:27:10','2022-08-15 08:27:10'),(144,'Mexico','MX','2022-08-15 08:27:10','2022-08-15 08:27:10'),(145,'Micronesia, Federated States of','FM','2022-08-15 08:27:10','2022-08-15 08:27:10'),(146,'Moldova, Republic of','MD','2022-08-15 08:27:10','2022-08-15 08:27:10'),(147,'Monaco','MC','2022-08-15 08:27:10','2022-08-15 08:27:10'),(148,'Mongolia','MN','2022-08-15 08:27:10','2022-08-15 08:27:10'),(149,'Montenegro','ME','2022-08-15 08:27:10','2022-08-15 08:27:10'),(150,'Montserrat','MS','2022-08-15 08:27:10','2022-08-15 08:27:10'),(151,'Morocco','MA','2022-08-15 08:27:10','2022-08-15 08:27:10'),(152,'Mozambique','MZ','2022-08-15 08:27:10','2022-08-15 08:27:10'),(153,'Myanmar','MM','2022-08-15 08:27:10','2022-08-15 08:27:10'),(154,'Namibia','NA','2022-08-15 08:27:10','2022-08-15 08:27:10'),(155,'Nauru','NR','2022-08-15 08:27:10','2022-08-15 08:27:10'),(156,'Nepal','NP','2022-08-15 08:27:10','2022-08-15 08:27:10'),(157,'Netherlands','NL','2022-08-15 08:27:10','2022-08-15 08:27:10'),(158,'New Caledonia','NC','2022-08-15 08:27:10','2022-08-15 08:27:10'),(159,'New Zealand','NZ','2022-08-15 08:27:10','2022-08-15 08:27:10'),(160,'Nicaragua','NI','2022-08-15 08:27:10','2022-08-15 08:27:10'),(161,'Niger','NE','2022-08-15 08:27:10','2022-08-15 08:27:10'),(162,'Nigeria','NG','2022-08-15 08:27:10','2022-08-15 08:27:10'),(163,'Niue','NU','2022-08-15 08:27:10','2022-08-15 08:27:10'),(164,'Norfolk Island','NF','2022-08-15 08:27:10','2022-08-15 08:27:10'),(165,'Northern Mariana Islands','MP','2022-08-15 08:27:10','2022-08-15 08:27:10'),(166,'Norway','NO','2022-08-15 08:27:10','2022-08-15 08:27:10'),(167,'Oman','OM','2022-08-15 08:27:10','2022-08-15 08:27:10'),(168,'Pakistan','PK','2022-08-15 08:27:10','2022-08-15 08:27:10'),(169,'Palau','PW','2022-08-15 08:27:10','2022-08-15 08:27:10'),(170,'Palestine, State of','PS','2022-08-15 08:27:10','2022-08-15 08:27:10'),(171,'Panama','PA','2022-08-15 08:27:10','2022-08-15 08:27:10'),(172,'Papua New Guinea','PG','2022-08-15 08:27:10','2022-08-15 08:27:10'),(173,'Paraguay','PY','2022-08-15 08:27:10','2022-08-15 08:27:10'),(174,'Peru','PE','2022-08-15 08:27:10','2022-08-15 08:27:10'),(175,'Philippines','PH','2022-08-15 08:27:10','2022-08-15 08:27:10'),(176,'Pitcairn','PN','2022-08-15 08:27:10','2022-08-15 08:27:10'),(177,'Poland','PL','2022-08-15 08:27:10','2022-08-15 08:27:10'),(178,'Portugal','PT','2022-08-15 08:27:10','2022-08-15 08:27:10'),(179,'Puerto Rico','PR','2022-08-15 08:27:10','2022-08-15 08:27:10'),(180,'Qatar','QA','2022-08-15 08:27:10','2022-08-15 08:27:10'),(181,'Réunion','RE','2022-08-15 08:27:10','2022-08-15 08:27:10'),(182,'Romania','RO','2022-08-15 08:27:10','2022-08-15 08:27:10'),(183,'Russian Federation','RU','2022-08-15 08:27:10','2022-08-15 08:27:10'),(184,'Rwanda','RW','2022-08-15 08:27:10','2022-08-15 08:27:10'),(185,'Saint Barthélemy','BL','2022-08-15 08:27:10','2022-08-15 08:27:10'),(186,'Saint Helena, Ascension and Tristan da Cunha','SH','2022-08-15 08:27:10','2022-08-15 08:27:10'),(187,'Saint Kitts and Nevis','KN','2022-08-15 08:27:10','2022-08-15 08:27:10'),(188,'Saint Lucia','LC','2022-08-15 08:27:10','2022-08-15 08:27:10'),(189,'Saint Martin (French part)','MF','2022-08-15 08:27:10','2022-08-15 08:27:10'),(190,'Saint Pierre and Miquelon','PM','2022-08-15 08:27:10','2022-08-15 08:27:10'),(191,'Saint Vincent and the Grenadines','VC','2022-08-15 08:27:10','2022-08-15 08:27:10'),(192,'Samoa','WS','2022-08-15 08:27:10','2022-08-15 08:27:10'),(193,'San Marino','SM','2022-08-15 08:27:10','2022-08-15 08:27:10'),(194,'Sao Tome and Principe','ST','2022-08-15 08:27:10','2022-08-15 08:27:10'),(195,'Saudi Arabia','SA','2022-08-15 08:27:10','2022-08-15 08:27:10'),(196,'Senegal','SN','2022-08-15 08:27:10','2022-08-15 08:27:10'),(197,'Serbia','RS','2022-08-15 08:27:10','2022-08-15 08:27:10'),(198,'Seychelles','SC','2022-08-15 08:27:10','2022-08-15 08:27:10'),(199,'Sierra Leone','SL','2022-08-15 08:27:10','2022-08-15 08:27:10'),(200,'Singapore','SG','2022-08-15 08:27:10','2022-08-15 08:27:10'),(201,'Sint Maarten (Dutch part)','SX','2022-08-15 08:27:10','2022-08-15 08:27:10'),(202,'Slovakia','SK','2022-08-15 08:27:10','2022-08-15 08:27:10'),(203,'Slovenia','SI','2022-08-15 08:27:10','2022-08-15 08:27:10'),(204,'Solomon Islands','SB','2022-08-15 08:27:10','2022-08-15 08:27:10'),(205,'Somalia','SO','2022-08-15 08:27:10','2022-08-15 08:27:10'),(206,'South Africa','ZA','2022-08-15 08:27:10','2022-08-15 08:27:10'),(207,'South Georgia and the South Sandwich Islands','GS','2022-08-15 08:27:10','2022-08-15 08:27:10'),(208,'South Sudan','SS','2022-08-15 08:27:10','2022-08-15 08:27:10'),(209,'Spain','ES','2022-08-15 08:27:10','2022-08-15 08:27:10'),(210,'Sri Lanka','LK','2022-08-15 08:27:10','2022-08-15 08:27:10'),(211,'Sudan','SD','2022-08-15 08:27:10','2022-08-15 08:27:10'),(212,'Suriname','SR','2022-08-15 08:27:10','2022-08-15 08:27:10'),(213,'Svalbard and Jan Mayen','SJ','2022-08-15 08:27:10','2022-08-15 08:27:10'),(214,'Swaziland','SZ','2022-08-15 08:27:10','2022-08-15 08:27:10'),(215,'Sweden','SE','2022-08-15 08:27:10','2022-08-15 08:27:10'),(216,'Switzerland','CH','2022-08-15 08:27:10','2022-08-15 08:27:10'),(217,'Syrian Arab Republic','SY','2022-08-15 08:27:10','2022-08-15 08:27:10'),(218,'Taiwan','TW','2022-08-15 08:27:10','2022-08-15 08:27:10'),(219,'Tajikistan','TJ','2022-08-15 08:27:10','2022-08-15 08:27:10'),(220,'Tanzania, United Republic of','TZ','2022-08-15 08:27:10','2022-08-15 08:27:10'),(221,'Thailand','TH','2022-08-15 08:27:10','2022-08-15 08:27:10'),(222,'Timor-Leste','TL','2022-08-15 08:27:10','2022-08-15 08:27:10'),(223,'Togo','TG','2022-08-15 08:27:10','2022-08-15 08:27:10'),(224,'Tokelau','TK','2022-08-15 08:27:10','2022-08-15 08:27:10'),(225,'Tonga','TO','2022-08-15 08:27:10','2022-08-15 08:27:10'),(226,'Trinidad and Tobago','TT','2022-08-15 08:27:10','2022-08-15 08:27:10'),(227,'Tunisia','TN','2022-08-15 08:27:10','2022-08-15 08:27:10'),(228,'Turkey','TR','2022-08-15 08:27:10','2022-08-15 08:27:10'),(229,'Turkmenistan','TM','2022-08-15 08:27:10','2022-08-15 08:27:10'),(230,'Turks and Caicos Islands','TC','2022-08-15 08:27:10','2022-08-15 08:27:10'),(231,'Tuvalu','TV','2022-08-15 08:27:10','2022-08-15 08:27:10'),(232,'Uganda','UG','2022-08-15 08:27:10','2022-08-15 08:27:10'),(233,'Ukraine','UA','2022-08-15 08:27:10','2022-08-15 08:27:10'),(234,'United Arab Emirates','AE','2022-08-15 08:27:10','2022-08-15 08:27:10'),(235,'United Kingdom','GB','2022-08-15 08:27:10','2022-08-15 08:27:10'),(236,'United States','US','2022-08-15 08:27:10','2022-08-15 08:27:10'),(237,'United States Minor Outlying Islands','UM','2022-08-15 08:27:10','2022-08-15 08:27:10'),(238,'Uruguay','UY','2022-08-15 08:27:10','2022-08-15 08:27:10'),(239,'Uzbekistan','UZ','2022-08-15 08:27:10','2022-08-15 08:27:10'),(240,'Vanuatu','VU','2022-08-15 08:27:10','2022-08-15 08:27:10'),(241,'Venezuela, Bolivarian Republic of','VE','2022-08-15 08:27:10','2022-08-15 08:27:10'),(242,'Viet Nam','VN','2022-08-15 08:27:10','2022-08-15 08:27:10'),(243,'Virgin Islands, British','VG','2022-08-15 08:27:10','2022-08-15 08:27:10'),(244,'Virgin Islands, U.S.','VI','2022-08-15 08:27:10','2022-08-15 08:27:10'),(245,'Wallis and Futuna','WF','2022-08-15 08:27:10','2022-08-15 08:27:10'),(246,'Western Sahara','EH','2022-08-15 08:27:10','2022-08-15 08:27:10'),(247,'Yemen','YE','2022-08-15 08:27:10','2022-08-15 08:27:10'),(248,'Zambia','ZM','2022-08-15 08:27:10','2022-08-15 08:27:10'),(249,'Zimbabwe','ZW','2022-08-15 08:27:10','2022-08-15 08:27:10');

--
-- Table structure for table `course_accreditations`
--

CREATE TABLE `course_accreditations` (
  `id` bigint(20) unsigned NOT NULL AUTO_INCREMENT,
  `name` varchar(191) COLLATE utf8mb4_unicode_ci NOT NULL,
  `description` varchar(191) COLLATE utf8mb4_unicode_ci NOT NULL,
  `created_at` timestamp NULL DEFAULT NULL,
  `updated_at` timestamp NULL DEFAULT NULL,
  PRIMARY KEY (`id`)
) ENGINE=InnoDB AUTO_INCREMENT=16 DEFAULT CHARSET=utf8mb4 COLLATE=utf8mb4_unicode_ci;

--
-- Dumping data for table `course_accreditations`
--

INSERT INTO `course_accreditations` VALUES (1,'MCT','MCT','2021-09-25 18:00:00',NULL),(2,'TNMC','TNMC','2021-09-23 18:00:00',NULL),(3,'MeLSAT','MeLSAT','2021-09-25 18:00:00',NULL),(4,'CHAVITA','CHAVITA','2021-09-25 18:00:00',NULL),(5,'TNMC','TNMC','2021-09-25 18:00:00',NULL),(12,'FEB Accreditors','FEB Accreditors description','2023-02-24 05:20:45','2023-02-24 05:20:45'),(13,'Derick Corporation','Derick Corporation','2023-06-09 03:08:55','2023-06-09 03:08:55'),(15,'HLPC','Lab accreditors','2023-07-17 05:36:08','2023-07-17 05:36:08');

--
-- Table structure for table `course_categories`
--

CREATE TABLE `course_categories` (
  `id` bigint(20) unsigned NOT NULL AUTO_INCREMENT,
  `name` varchar(191) COLLATE utf8mb4_unicode_ci NOT NULL,
  `description` varchar(191) COLLATE utf8mb4_unicode_ci DEFAULT NULL,
  `publish_status` varchar(191) COLLATE utf8mb4_unicode_ci DEFAULT NULL,
  `created_at` timestamp NULL DEFAULT NULL,
  `updated_at` timestamp NULL DEFAULT NULL,
  PRIMARY KEY (`id`)
) ENGINE=InnoDB AUTO_INCREMENT=12 DEFAULT CHARSET=utf8mb4 COLLATE=utf8mb4_unicode_ci;

--
-- Dumping data for table `course_categories`
--

INSERT INTO `course_categories` VALUES (2,'Clinical and Surgical','The further education of nurses is very important to us. In the realm of Maternal & Newborn Health or Perioperative Care we focus on transferring knowledge to practice','PUBLISHED','2021-09-23 18:00:00','2022-12-08 10:09:57'),(3,'Hospital Management','Hospital  Management','PUBLISHED','2021-09-23 18:00:00','2022-12-14 05:45:11'),(4,'Clinical Support','Clinical Support','PUBLISHED','2021-09-23 18:00:00','2023-05-31 07:34:18'),(5,'Disability and Inclusion','Disability and Inclusion','PUBLISHED','2021-09-23 18:00:00','2022-12-08 10:07:56'),(7,'Healthcare Support','Preventing Healthcare-Associated Infections (HAI)','PUBLISHED','2022-11-28 04:23:17','2023-06-05 09:34:44'),(8,'General Nursing','General Nursing','ON_HOLD','2022-12-14 04:28:22','2023-05-10 07:54:41'),(9,'Leadership and management','Febdays testing this course','PUBLISHED','2023-02-13 08:23:23','2023-02-13 08:23:23'),(10,'Information technology','Information technology','PUBLISHED','2023-02-24 05:19:10','2023-02-24 05:19:10'),(11,'Ophthalmology Testing','Eye training','ON_HOLD','2023-07-17 05:25:03','2023-07-17 05:25:03');

--
-- Table structure for table `course_credits`
--

CREATE TABLE `course_credits` (
  `id` bigint(20) unsigned NOT NULL AUTO_INCREMENT,
  `creditor_id` bigint(20) unsigned DEFAULT NULL,
  `course_id` bigint(20) unsigned DEFAULT NULL,
  `course_credits` bigint(20) unsigned DEFAULT NULL,
  `created_at` timestamp NULL DEFAULT NULL,
  `updated_at` timestamp NULL DEFAULT NULL,
  PRIMARY KEY (`id`),
  KEY `course_credits_creditor_id_foreign` (`creditor_id`),
  KEY `course_credits_course_id_foreign` (`course_id`),
  CONSTRAINT `course_credits_course_id_foreign` FOREIGN KEY (`course_id`) REFERENCES `courses` (`id`) ON DELETE SET NULL
) ENGINE=InnoDB AUTO_INCREMENT=34 DEFAULT CHARSET=utf8mb4 COLLATE=utf8mb4_unicode_ci;

--
-- Dumping data for table `course_credits`
--

INSERT INTO `course_credits` VALUES (1,NULL,NULL,10,'2022-12-05 13:33:08','2022-12-05 13:33:08'),(2,NULL,NULL,5,'2022-12-05 13:41:03','2022-12-05 13:41:03'),(3,NULL,NULL,5,'2022-12-05 13:50:56','2022-12-05 13:50:56'),(4,NULL,NULL,15,'2022-12-05 13:54:39','2022-12-05 13:54:39'),(5,NULL,NULL,10,'2022-12-05 13:54:50','2022-12-05 13:54:50'),(6,NULL,NULL,7,'2022-12-05 13:58:55','2022-12-05 13:58:55'),(7,NULL,NULL,15,'2022-12-05 14:04:47','2022-12-05 14:04:47'),(8,1,34,10,'2023-01-11 06:51:49','2023-01-11 06:51:49'),(9,2,34,20,'2023-01-11 06:52:01','2023-01-11 06:52:01'),(10,1,35,10,'2023-01-26 04:21:53','2023-01-26 04:21:53'),(11,2,35,10,'2023-01-26 04:22:03','2023-01-26 04:22:03'),(12,1,29,20,'2023-02-08 05:11:51','2023-02-08 05:11:51'),(13,3,29,8,'2023-02-08 05:20:20','2023-02-08 05:20:20'),(16,7,36,5,'2023-02-13 08:36:06','2023-02-13 08:36:06'),(17,12,37,5,'2023-02-24 05:48:09','2023-02-24 05:48:09'),(18,1,38,10,'2023-03-02 17:34:29','2023-03-02 17:34:29'),(19,3,38,5,'2023-03-02 17:34:40','2023-03-02 17:34:40'),(20,4,38,20,'2023-03-02 17:34:52','2023-03-02 17:34:52'),(21,1,45,20,'2023-04-25 02:35:47','2023-04-25 02:35:47'),(22,3,45,40,'2023-04-25 02:35:58','2023-04-25 02:35:58'),(23,1,15,6,'2023-05-11 06:32:50','2023-05-11 06:32:50'),(24,12,51,100,'2023-06-08 05:49:42','2023-06-08 05:49:42'),(25,2,51,50,'2023-06-08 05:49:57','2023-06-08 05:49:57'),(26,1,51,20,'2023-06-08 05:50:12','2023-06-08 05:50:12'),(27,1,50,20,'2023-06-08 05:54:13','2023-06-08 05:54:13'),(29,1,27,10,'2023-06-22 07:23:31','2023-06-22 07:23:31'),(30,3,47,10,'2023-06-22 07:29:37','2023-06-22 07:29:37'),(31,2,52,10,'2023-07-05 15:01:21','2023-07-05 15:01:21'),(32,4,52,15,'2023-07-05 15:01:35','2023-07-05 15:01:35'),(33,15,53,10,'2023-07-17 05:55:17','2023-07-17 05:55:17');

--
-- Table structure for table `course_modules`
--

CREATE TABLE `course_modules` (
  `id` bigint(20) unsigned NOT NULL AUTO_INCREMENT,
  `name` varchar(191) COLLATE utf8mb4_unicode_ci NOT NULL,
  `description` longtext COLLATE utf8mb4_unicode_ci,
  `objective` longtext COLLATE utf8mb4_unicode_ci,
  `audience` varchar(191) COLLATE utf8mb4_unicode_ci DEFAULT NULL,
  `instructor` varchar(191) COLLATE utf8mb4_unicode_ci DEFAULT NULL,
  `module_format` varchar(191) COLLATE utf8mb4_unicode_ci DEFAULT NULL,
  `duration` varchar(191) COLLATE utf8mb4_unicode_ci DEFAULT NULL,
  `price_currency` varchar(191) COLLATE utf8mb4_unicode_ci NOT NULL DEFAULT 'TZS',
  `module_schedule` varchar(191) COLLATE utf8mb4_unicode_ci DEFAULT NULL,
  `module_cover` varchar(191) COLLATE utf8mb4_unicode_ci DEFAULT NULL,
  `price` double NOT NULL DEFAULT '0',
  `course_id` bigint(20) unsigned DEFAULT NULL,
  `created_at` timestamp NULL DEFAULT NULL,
  `updated_at` timestamp NULL DEFAULT NULL,
  PRIMARY KEY (`id`),
  KEY `course_modules_course_id_foreign` (`course_id`),
  CONSTRAINT `course_modules_course_id_foreign` FOREIGN KEY (`course_id`) REFERENCES `courses` (`id`) ON DELETE SET NULL
) ENGINE=InnoDB AUTO_INCREMENT=84 DEFAULT CHARSET=utf8mb4 COLLATE=utf8mb4_unicode_ci;

--
-- Dumping data for table `course_modules`
--

INSERT INTO `course_modules` VALUES (9,'Hand Washing','Mixing theory and practice, participants will learn that hand hygiene which includes care of hands, nails, and skin \r\nis a key component in minimizing the spread of disease \r\nand maintaining an infection free environment. Failure to \r\nperform appropriate hand hygiene is among the leading \r\ncauses of healthcare acquired infection (nosocomial \r\ninfections).','# Hand hygiene and Hand washing terminologies\r\n# Protocols of hand hygiene\r\n# Type of hand hygiene','All health workers and house keeping staff in healthcare services','2','50% Lecture + 50% Practice','2 Hours','TZS','Feb, April, Jun & Aug','course_cover_default.jpg',47000,8,'2022-12-08 05:03:36','2022-12-08 05:03:36'),(10,'Personal Protective Equipment (PPE)','The healthcare staff  will learn the importance of wearing Personal Protective Equipment (PPE) whenever they are at risk of contact with contaminated material or blood and other body fluid to prevent them from infection or infecting others.','# Importance of wearing protective equipment \r\n# Identification of hazards posed to eyes, face, nose & feet\r\n# Types of equipment that protect against various hazards\r\n# Personal Protective Equipment donning and doffing','All health workers & housekeeping staff in health care services','1','50% Lecture + 50% Practice','2 Hours','TZS','Feb, April, Jun & Aug','course_cover_default.jpg',47000,8,'2022-12-08 05:16:40','2022-12-08 05:16:40'),(11,'Linen Processing','Housekeepers and laundry staff will learn about handling of dry dirty linen, wet infected linen, transportation, washing, ironing and storage of clean linen.','# Linen processing steps and tools\r\n# CDC guidelines for linens in healthcare facilities\r\n# Protocols for processing soiled and contaminated linens\r\n# Linen utilization process, linen supply and inventory in healthcare facilities','Housekeeping staff in healthcare services','4','60% Lecture/Group discussions + 40% Practice','2 hours','TZS','Feb, April, Jun & Aug','course_cover_default.jpg',47000,8,'2022-12-08 05:21:15','2022-12-08 05:21:15'),(12,'Housekeeping','This training relays sound housekeeping principles and best practices that help reduce HAI in healthcare facility and promotes cleanliness, health & safety in corporate organisations.','# Importance of housekeeping in a healthcare setting\r\n# Standardized cleaning methods\r\n# Infection control measures & sanitation procedures','All health workers & housekeeping staff in health care services','6','50% Lecture + 50% Practice','2 hours','TZS','Mar, May, July & Sep','course_cover_default.jpg',47000,8,'2022-12-08 05:27:08','2022-12-08 05:27:08'),(13,'Waste Management','Participation will learn, understand and practice how to manage wastes that are generated in the healthcare environment (hospital, laboratory, etc.) and hence protect patients and staff from spreading infectious diseases as well as reduce environmental pollution.\'','# Types, categories and sources of healthcare waste\r\n# Healthcare waste hazards and environmental pollution\r\n# Waste Management Hierarchy\r\n# Minimization, handling, collection, treatment & disposal of healthcare waste','All health workers & housekeeping staff in health care services','6','60% Lecture /Group discussion + 40% Practice','2 hours','TZS','Mar, May, July & Sep','course_cover_default.jpg',47000,8,'2022-12-08 05:41:17','2022-12-08 05:41:17'),(14,'Standard Precaution & Disease Transmission Cycle','This training focuses on standard precaution measures that every healthcare workers should adhere to in order to break the chain of infection and prevent transmission of pathogens in a health facility.','# Importance of Standard Precautions practices in healthcare environment\r\n# Elements and best practices of standard precaution in healthcare settings','All health workers','6','60% Lecture + 40% Practice','All health workers','TZS','Mar, May, July & Sep','course_cover_default.jpg',47000,8,'2022-12-08 05:48:08','2022-12-08 05:48:08'),(15,'Transmission Based Precaution','Transmission-Based Precaution training highlights a second tier of infection prevention measures that are introduced when standard precautions are not sufficient to prevent transmission of diseases.','# Modes of transmission\r\n# Contact transmission precautions, droplet transmission precautions and airborne transmission precautions\r\n# Elements of transmissions-based precautions, such as patient placement, environmental cleaning, and patient transportation','All health workers','7','60% Lecture + 40% Practice','2 hours','TZS','Mar, May, July & Sep','course_cover_default.jpg',47000,8,'2022-12-08 05:53:44','2022-12-08 05:53:44'),(16,'Clean & Safe Water','Participants will learn, understand methods of preparation and storage of clean and safe water by performing boiling, chlorination and filtration technique. Participants will also learn how to prevent cholera through contaminated water','# Methods of preparing clean and safe water\r\n# Prevention of cholera transmission through contaminated water\r\n# Boiling, chlorination and filtration technique','All health workers','8','60% Lecture + 40% Practice','2 Hours','TZS','Mar, May, July & Sep','course_cover_default.jpg',47000,8,'2022-12-08 05:58:01','2022-12-08 05:58:01'),(17,'Instrument Processing','This training is designed for healthcare workers who are responsible for infection prevention and sterilization processes for medical and surgical equipment','# Principles and techniques of instrument processing and sterilization\r\n# Cleaning and decontamination processes\r\n# Packaging, sterilizing and storage of medical/surgical instruments\r\n# Quality assurance processes','All healthcare workers','6','60% Lecture + 40% Practice','2 Hours','TZS','Mar, May, July and Sep','course_cover_default.jpg',47000,8,'2022-12-08 06:05:12','2022-12-08 06:05:12'),(18,'Preventing nosocomial pneumonia','Prevention of nosocomial infections begins with health-care facilities implementing infection control protocols to reduce risks of environmental cross-contamination or improper use of antibiotic. This training exposes healthcare workers to measures that can be applied to prevent incidents of hospital-acquired pneumonia.','# Exogenous and endogenous hospital-acquired pneumonia\r\n# Risk factors of nosocomial pneumonia\r\n# Measures to reduce the risk of nosocomial pneumonia\r\n# Management and treatment of nosocomial pneumonia','All health workers','5','60% Lecture + 40% Practice','2 Hours','TZS','Mar, May, July & Sep','course_cover_default.jpg',47000,8,'2022-12-08 06:13:59','2022-12-08 06:13:59'),(19,'Preventing Antimicrobial resistance','Antimicrobial resistance is a global health challenge that threatens to draw back advancements attained in the medical and health industry. This trained aims at creating awareness among healthcare workers about AMR and supporting them to adopt antimicrobial stewardship principles that will enable them to mitigate the spread of antimicrobial resistance.','# Basic Principles & science behind Antimicrobial Resistance\r\n# Impact and consequences of AMR\r\n# How to address Antimicrobial Resistance\r\n# Clinical guidelines for prescribing antibiotics','All health workers','6','100% Lecture/ presentation/Case Studies','All health workers','TZS','Apr & Jul','course_cover_default.jpg',47000,8,'2022-12-08 06:19:22','2022-12-08 06:19:22'),(20,'IPC Leadership & Championship','Leadership is an important part of a successful IPC programme. This training is designed to empower frontline clinicians with skills that will enable them to assume leadership positions in infection prevention and control practices thus contributing to changes in practice and ensuring continuous quality improvement that leads to improved patient care.','# Roles and responsibilities of ICP focal point & champion\r\n# IPC awareness strategies \r\n# Developing an action plan for IPC\r\n# Effective communication for IPC programmes','Frontline health workers responsible for IPC practices','4','100% Lecture/ presentation/Case studies','1 Day','TZS','Jun & Aug','course_cover_default.jpg',140000,8,'2022-12-08 06:28:22','2022-12-08 06:28:22'),(21,'Customer Care Training for Healthcare Services','This training exposes participants to the end-to-end customer experience in health care which enables them to understand the importance of caring for a customer and shows them how to improve their own performance.','# Who is a customer in healthcare?\r\n# Differentiating healthcare customer service from other business service interactions\r\n# Meeting and managing difficult, confused or scared customers and reducing anxiety\r\n# Identifying barriers to providing high quality customer service','Frontline desk officers, e.g receptionists, call center staff, clinical staff with contact to external parties, e.g. nurses','6','80% face-to-face lecture + 20% practice/scenarios','1 Day','TZS','April & October','course_cover_default.jpg',140000,9,'2022-12-13 05:20:41','2022-12-13 05:20:41'),(22,'Lean Management  - Level I','Lean Management has the power to change the values, behaviors and culture of the organization as well as help improve processes and solve problems emerging from waste within healthcare processes and systems.','# Lean management principles and their advantages\r\n# Operational waste, cycle time waste and non-value adding actions in your organization\r\n# Impact of wastes on an organization\'s revenues, competitive edge and customer fulfillment\r\n# Appropriate lean management tools for your healthcare setting','All staff','7','50% Lecture + 50% Practice','One (1) day','TZS','Feb, Apr, Jun & Sept','course_cover_default.jpg',140000,10,'2022-12-13 05:27:52','2023-03-07 05:44:23'),(23,'Service Marketing','This training exposes participants to marketing concepts, principles, tools and techniques that can be specifically applied to service businesses.','# The importance and characteristics of service marketing\r\n# 7 P\'s framework of service marketing\r\n# Internal marketing - marketing from company to the employee\r\n# External marketing - marketing from the company to external customers and clients','Marketing officers, external affairs officers, liaisons officer','8','50% Lecture + 50% Practice/Scenarios','One (1) day','TZS','Ongoing on a monthly basis','course_cover_default.jpg',140000,11,'2022-12-13 06:06:46','2022-12-13 06:06:46'),(24,'Mental Health and Stress Management','This training focuses on the link between work-related stress and mental health problems, spells out harmful effects of stress on our health, stress triggers & stress management techniques.','# Mental Health definitions, concepts and principles \r\n# Stress triggers and management techniques\r\n# Expressing, recognising and regulating emotions and thoughts\r\n# Mental Health self assessment and burnout prevention','All people desiring to manage stress at an individual & or organisation level','6','50% Lecture + 50% Practice/Scenarios','One (1) day','TZS','Mar, May, July, Sep','course_cover_default.jpg',140000,12,'2022-12-13 07:28:37','2022-12-13 07:28:37'),(25,'Healthcare Financial Management','This training, enhances the financial management skills of professionals working with the healthcare organizations enabling them to make better decisions.','# Planning and budgeting in healthcare\r\n# Financial accounting in healthcare\r\n# Managing healthcare related costs and cash flow\r\n# Healthcare financial reporting','Professionals seeking to learn financial management skills applicable to the healthcare context.','4','100% Lecture','3 Days','TZS','June','course_cover_default.jpg',310000,13,'2022-12-13 07:35:51','2022-12-13 07:36:28'),(26,'Digital Skills for Healthcare Workers','This training aims to equip health professionals for the digital health future, placing a greater emphasis on the needs and abilities of the healthcare professionals as end-users in delivering healthcare services through technological tools and platforms.','# Create awareness and knowledge of digital security \r\n# Create awareness on digital health ethics\r\n# Improve attitude towards use of digital tools\r\n# Facilitate early adoption of digital health technologies','Professionals seeking to learn financial management skills applicable to the healthcare context.','3','100% Lecture','Two (2) Days','TZS','June','course_cover_default.jpg',140000,14,'2022-12-13 07:42:33','2022-12-13 07:42:33'),(27,'Basics of project management for healthcare services','This courses addresses the healthcare professional\'s need to improve the quality of care at their organization through projects delivered on time and within budget. From setting the foundation and planning, to execution and close out, you will study each step of managing a project in detail.','# Fundamental principles of Project Management (PM)\r\n# Project plan development and PM tools\r\n# Communication, monitoring and controlling project variables\r\n# Implementing successful project closures','Healthcare administrators, leaders and project managers','4','100% Lecture/ group discussion','5 Days','TZS','July','course_cover_default.jpg',550000,15,'2022-12-13 07:48:26','2022-12-13 07:48:26'),(28,'Emergency Preparedness - Basic Life Support (BLS) / First Aid','Emergency preparedness training will give you the skills to properly react to emergency situations until the medical team arrives on the scene.','# Promoting recognizing life-threatening emergencies\r\n# Using an Automated External Defibrillator (AED)\r\n# Giving high-quality chest compressions\r\n# Relieving a foreign-body airway obstruction (choking) for adults and infants\r\n# Managing shock, bleeding, fainting & fractures','Everyone','2','20% Lecture + 80% Practice','2 days (8 hours per day)','TZS','Jan, Mar, Jul & Sep','course_cover_default.jpg',226000,16,'2022-12-13 07:58:03','2022-12-13 07:58:03'),(29,'Strengthening Antenatal Care Services','This course teaches antenatal care services, with a focus on accurate pregnancy dating, recognizing high risk pregnancy, early management and referral of anaemia and hypertension and increased birth preparedness and emergency readiness in the third trimester.','# Skills and response to high risk pregnancy detection\r\n# Antenatal care standards and management of high risk pregnancies\r\n# Improving care in the third semester','Nurses, doctors and healthcare workers who manage pregnant women in labour and delivery','1','60% Face to face lecture + 40% Simulation (lab) practice','2 Days','TZS','April, June, September & November','course_cover_default.jpg',226000,17,'2022-12-13 08:09:57','2022-12-13 08:09:57'),(30,'Management of Hypertension in Pregnancy','This course teaches the understanding on the danger of eclampsia and severe hypertension and principles of hypertension management in pregnancy. Participants learn how to prevent and how to treat/manage eclampsia and monitoring for side effects.','# Recognize the clinical emergencies\r\n# Practice in the initial emergency management of severe hypertension in pregnancy/eclampsia\r\n# Prevent complications and follow up of patients','Nurses, doctors and healthcare workers who manage pregnant women in labour and delivery','3','30% Face to face lecture + 70% Simulation (lab) Practice','1 Day','TZS','February, June, August & November','course_cover_default.jpg',140000,18,'2022-12-13 08:22:35','2022-12-13 08:22:35'),(31,'Management of Obstetric Haemorrhage','The aim of this course is to improve competency in correctly responding to obstetric haemorrhage. It includes: 1. Early recognition, 2. visual estimation of blood loss, 3. Fluid and blood replacement, 4 Pre-surgical efforts to prevent excess blood loss and prevent shock and DIC, 5. Post haemorrhage monitoring and referral.','# Diagnosis of shock and haemorrhage\r\n# Standard based care for shock and PPH according to BEMONC SBMR standards','Nurses, doctors and healthcare workers who manage pregnant women in labour and delivery','4','20% Face to face lecture + 80% Simulation(lab) practice','1 Day','TZS','March, May, July, September','course_cover_default.jpg',140000,19,'2022-12-13 08:28:10','2022-12-13 08:28:10'),(32,'Respectful Maternity Care','This training aims at improving specific component of a pregnant woman\'s experience of care at childbirth through addressing health provider\'s knowledge and skills gap in current national standards for respectful care (2019). The desired respectful care (2019). The desired result is the health care workers will be motivated to change behaviour and hold each other accountable to promote respectful care during childbirth','# Drivers of disrespect and abuse at childbirth\r\n# Skills, tools, and ideas on best practices to address mistreatment and promote RMC at the workplace','Nurses, doctors and healthcare workers who manage pregnant women in labour and delivery','4','40% Face to face lecture + 60% Simulation (lab) practice','1 Day','TZS','February, April, July & October','course_cover_default.jpg',140000,20,'2022-12-13 08:40:11','2022-12-13 08:40:11'),(33,'Prevention and Management of Prolonged Labour','Participants will learn the procedures of the daily audit of neonatal admissions/referral/deaths and the importance of conducting perinatal audit routinely correctly on routine clinical practice.','# Using the partograph to monitor patients in labour and  to make decisions on timely delivery\r\n# Review standard and practice normal labour and delivery\r\n# Prevent and correctly respond to prolonged labour','Nurses, doctors and healthcare workers who manage pregnant women in labour and delivery','4','40% Face to face lecture + 60% Simulation (lab) practice','1 Day','TZS','February, April, July & October','course_cover_default.jpg',140000,21,'2022-12-13 08:51:47','2022-12-13 08:51:47'),(34,'Assisted Vaccum Delivery','This course explores the perceptions on the low use of vaccum extraction. Participants learn the indications and each participant is enabled to perform a vaccum delivery in the simulation lab. It includes a review and practice of neonatal resuscitation and care of the equipments','# The indications for vaccum delivery\r\n# Application of vaccum delivery\r\n# Management of a patient and new-born following a vaccum delivery','Nurses, doctors and healthcare workers who manage pregnant women in labour and delivery','5','30% Face to face lecture + 70% Simulation (lab) practice','2 Hours','TZS','February, April, June & August','course_cover_default.jpg',47000,22,'2022-12-13 08:57:27','2022-12-13 08:57:27'),(35,'Assisted Breech Delivery','This course demonstrates the procedures used to perform breech delivery','# Detection of breech presentation and refer it necessary \r\n# Performance of breech delivery in an emergency situation\r\n# Obstetric maneuvers care of newborn','Nurses, doctors and healthcare workers who manage pregnant women in labour and delivery','4','30% Face to face lecture + 70% Simulation (lab) practice','2 Hours','TZS','February, April, June & August','course_cover_default.jpg',47000,23,'2022-12-13 09:03:13','2022-12-13 09:03:13'),(36,'Management of Shoulder Dystocia','This course begins with a clarification of the definition and diagnosis of shoulder dystocia. Participants learn about various manoeuvres that are commonly used in the management of shoulder dystocia. They gain a better understanding of the risk of getting a shoulder dystocia and which complications of shoulder dystocia might occur','# Diagnosis of shoulder dystocia\r\n# Different maneuvers commonly used in the management of shoulder dystocia','Nurses, doctors and healthcare workers who manage pregnant women in labour and delivery','1','10% Face to face lecture + 90% Simulation (lab) practice','2 Hours','TZS','February, April, June & August','course_cover_default.jpg',47000,24,'2022-12-13 09:11:30','2022-12-13 09:11:30'),(37,'Referral and transport of a sick baby','Timely identification of sick neonates who need referral to a higher health facility and appropriate transport of these patient might be life-saving. The content of this module is to ensure that health workers know the indications for referral and how to prepare a transport. The importance of communication with the higher health facility including phone call prior to referral and referral letter as well as provision of care during transport will be highlighted.','# The indications for referral\r\n# How to prepare for transport \r\n# Principles of care during transport','Nurses, midwives, medical doctors and all health workers involved in maternal and neonatal healthcare','3','90% lecture + 10% Simulation practice','1 Day','TZS','May & August','course_cover_default.jpg',140000,25,'2022-12-13 09:24:32','2022-12-13 09:24:32'),(38,'Neonatal Resuscitation','Failure to establish spontaneous breathing after birth can lead to a life threatening situation. The content of this training module is to ensure that health workers have the skills and knowledge to immediately detect emergency situations and provide the appropriate steps of neonatal resuscitation in order to prevent further damage for the new-born infant','# The physiological changes at birth\r\n# How to be prepared for resuscitation\r\n# Practice ABC of neonatal resuscitation','Nurses, midwives and all health workers of labour, postnatal and neonatal wards','7','90% lecture + 10% Simulation practice','1 Day','TZS','May & August','course_cover_default.jpg',140000,26,'2022-12-13 09:34:19','2023-04-25 02:41:04'),(39,'Breastfeeding counselling','Breastfeeding gives infants the best start in life and also protects the health of the mother. The content of training module is to ensure that health workers have sufficient knowledge about the advantages of BF and how it works and the skills to support mothers to start BF , sustain it and overcome difficulties.','# The principles of newborn at time of birth \r\n# Physical examination of the newborn\r\n# Keeping a baby warm\r\n# Initiating breastfeeding in the first hour after birth\r\n# Care of newborn until discharge (cord care, eye care and vaccinations etc.)','Nurses, midwives, medical doctors, and all health workers involved in maternal and neonatal healthcare','4','40% lecture + 40% Simulation practice + 20% Outpatient practice','1 Day','TZS','March & July','course_cover_default.jpg',140000,27,'2022-12-13 09:42:02','2023-03-20 06:35:56'),(40,'Essential Newborn Care','The first hours and days after birth are the most vulnerable period of a child\'s life. Content of this training module is to ensure that health workers have the skills and knowledge to provide appropriate care for every new-born. Keeping a baby warm, initiating breastfeeding in the first hour after birth, physical examination of the newborn and routine care including cord care, eye care and vaccinations are the key principles of essential newborn care combined with counselling of new parents on danger signs.','# The principles of newborn at time of birth\r\n# How to examine a newborn\r\n# The care of newborn until discharge','Nurses, midwives, medical doctors and all health workers involved in maternal and neonatal healthcare','3','60% lecture + 20% Simulation practice + 20% Outpatient practice','1 Day','TZS','March & July','course_cover_default.jpg',140000,28,'2022-12-13 10:10:17','2022-12-13 10:10:17'),(41,'Basic Clubfoot','The basic clubfoot training will cover a simple introduction to the core concepts and technique of the Ponseti method in a noncomplex, idiopathic case of clubfoot in a child under 2','# Introduction to clubfoot and the Ponseti method\r\n# Definitions and foot anatomy \r\n# Hands-on practice in manipulation, scoring, casting & bracing\r\n# Identification of common problems.','Orthopaedic surgeons, physiotherapists and clinical officers','4','40% Face to face lecture + 60% Simulation (lab) practice','2 Days','TZS','May','course_cover_default.jpg',226000,29,'2022-12-13 11:15:18','2023-03-20 06:06:38'),(42,'Triage skills for healthcare professionals','This training will provide health professionals with relevant knowledge and skills required to identify patients needing immediate resuscitation; assign patients predesignated patient care area; prioritize their care; and initiate appropriate diagnostic measures.','# Apply triage practicing standards\r\n# Differentiate between the concepts of urgency, severity & complexity of illness and injury\r\n# Describe the five-tier triage scale\r\n# Conduct triage assessment and documentation for clinical components','All frontline healthcare workers','5','60% lecture + 40% outpatient practice','1 Day','TZS','May & July','course_cover_default.jpg',140000,30,'2022-12-14 04:40:59','2023-03-20 05:31:46'),(43,'Perineal Repair Surgical Training','This practical skills session allows trainees to learn how to assess and classify perineal tears, identify the severity of the tears, dissect muscle layers and perform perineal repairs.','# Identification and management of perineal tears \r\n# Tissue layer recognition and handling \r\n# Vaginal mucosal suturing \r\n# End-to-end repair of the internal and external anal sphincter','Obstetricians, gyneocolo','6','80% Practical + 20% Theory','2 Days','TZS','Mar & Sep','course_cover_default.jpg',226000,31,'2022-12-14 05:01:56','2022-12-14 05:01:56'),(45,'Disability Inclusion at the Workplace','This training seeks to promote a culture of a disability-friendly workplace by exposing participants to existing bias, myths and misconceptions about disability, regulations and conceptions related to the subject as well as the minimum strategies that can be adopted to make a workplace inclusive.','# Concepts & definitions\r\n# Disability Models & legal framework\r\n# Competitive advantage of including people with disabilities in your workforce\r\n# Barriers to providing service & products to people with disabilities\r\n# Strategies to include people with disabilities at the workplace','Newly hired employees; Officers responsible for diversity and inclusion strategies','4','100% Lecture/group discussions/quizzes & interactive activities','1 Day','TZS','March, May, July & September','course_cover_default.jpg',140000,33,'2022-12-14 05:28:37','2022-12-14 05:28:37'),(46,'Sign Language','Taking a sign language course with the CCBRT academy will help you connect to the world of people who are deaf and dump by enabling you to use an array of hand, finger and arm gestures to communicate.','# Effective communication with deaf and dumb people\r\n# CHAVITA approved sign language gestures\r\n# Sign language facial expressions','Everyone','2','100% Practical','Three months (once a week for two hours)','TZS','January 2023','course_cover_default.jpg',420000,34,'2022-12-14 05:37:27','2022-12-14 05:37:27'),(47,'Test Module One','This is test module one\'s description','# Objective 1\r\n# Objective 2\r\n# Objective 3','All proffesionals','1','100% Physical','2 Days','TZS','Monthly','course_cover_default.jpg',100000,35,'2023-01-26 04:23:12','2023-01-26 04:23:12'),(48,'Leadership and management','Febdays testing','# Email\r\n# Phone','Nurses, Doctors, Admin','9','Physical','8 houes','TZS','Jan, Feb','course_cover_default.jpg',140000,36,'2023-02-13 08:29:12','2023-02-13 08:29:12'),(49,'Graphic designing Module 1','Graphics','# Characteristics of a good designer','IT specialists','10','Physical','8 hours','USD','Jan, May, June','course_cover_default.jpg',14,37,'2023-02-24 05:36:00','2023-02-24 05:36:00'),(50,'ATB Innovators | Test Module','No matter which industry or sector you belong to, at ATB Innovators Ltd we understand the challenges your organisation and your customers face.','#Information Technology techniques\r\n#Software development Lifecycle\r\n#Data Structure and Algorithms\r\n#Microprocessors and Micro Controllers','All people interested in ICT','10','Module Format','5 Hours','TZS','Module Schedule','course_cover_default.jpg',80000,38,'2023-03-02 17:27:46','2023-03-02 17:27:46'),(51,'Lean Management Level II - Tools','This training aims at bringing about better leadership and management in health systems by exposing health care leaders and workers to appropriate lean management tools that can be applied in various health sessing.','# Appropriate lean management tools for your healthcare setting\r\n# Huddle board\r\n# Value stream mapping','Nurses, Doctors, Specialists in administrative and managerial positions','11','50% Lecture + 50% Practice','1 Day','TZS','Jun, Sept, Dec 2023','course_cover_default.jpg',140000,10,'2023-03-07 06:08:01','2023-03-07 06:11:38'),(52,'Abdillah fahad','dcsfd','#1\r\n#2\r\n#3','All people interested in ICT','1','Module Format','5 Hours','TZS','Module Schedule','course_cover_default.jpg',8000,44,'2023-03-10 11:44:19','2023-03-10 11:44:19'),(53,'partner-notes','partner','#ccbrt acadey','All people interested in ICT','3','Module Format','5 Hours','TZS','Module Schedule','course_cover_default.jpg',9000,43,'2023-03-10 11:48:21','2023-03-10 11:48:21'),(54,'00.Backup','General notes','#testing multipl\r\n#test 5\r\n#testing over and over','All people interested in ICT','11','Module Format','5 Hours','TZS','Module Schedule','course_cover_default.jpg',75000,42,'2023-03-10 11:58:39','2023-03-10 11:58:39'),(55,'Hysterectomy surgical skills training','This training seeks to improve hysterectomy surgical outcomes by providing hands-on skills training that will contribute to the reduction of intraoperative errors and complications common in gynaecology and obstetric surgical practices.','# Clinical indications of abdominal hysterectomy \r\n# Anatomical structures for abdominal hysterectomy\r\n# Surgical steps of the abdominal hysterectomy\r\n# Managing hysterectomy surgical complications','General practitioners, Obstetricians & gynaecologists','12','80% Practical + 20% Theory','2 Days','TZS','June & October','course_cover_default.jpg',226000,32,'2023-03-18 05:47:29','2023-03-18 05:57:15'),(56,'Neonatal resuscitation','Trainees will gain skills and knowledge to immediately detect emergency situations and provide the appropriate steps of neonatal resuscitation in order to prevent further damage for the new-born infant.','# Physiological changes at birth\r\n# Signs and symptoms of cardiorespiratory distress in newborns\r\n# Effective airway management\r\n# ABC of neonatal resuscitation','Nurses, midwives and all health workers of labour, postnatal and neonatal wards','13','90% lecture + 10% Simulation practice','8 hours','TZS','May & August','course_cover_default.jpg',140000,26,'2023-03-20 07:17:00','2023-03-20 07:17:00'),(57,'Hysterectomy surgical skills training','This training seeks to improve hysterectomy surgical outcomes by providing hands-on skills training that will contribute to the reduction of intraoperative errors and complications common in gynaecology and obstetric surgical practices.','# Clinical indications of abdominal hysterectomy \r\n# Anatomical structures for abdominal hysterectomy\r\n# Surgical steps of the abdominal hysterectomy\r\n# Managing hysterectomy surgical complications','General practitioners, Obstetricians & gynaecologists','12','80% Practical + 20% Theory','2 Days','TZS','June & October','course_cover_default.jpg',226000,45,'2023-04-25 01:49:14','2023-04-25 01:49:14'),(58,'Perineal Repair Surgical Training','This practical skills session allows trainees to learn how to assess and classify perineal tears, identify the severity of the tears, dissect muscle layers and perform perineal repairs.','# Identification and management of perineal tears \r\n# Tissue layer recognition and handling \r\n# Vaginal mucosal suturing \r\n# End-to-end repair of the internal and external anal sphincter','Obstetricians, gyneocologist','6','80% Practical + 20% Theory','2 Days','TZS','Apr & Sep','course_cover_default.jpg',226000,45,'2023-04-25 01:54:34','2023-04-25 01:54:34'),(59,'Strengthening Antenatal Care Services','This course teaches antenatal care services, with a focus on accurate pregnancy dating, recognizing high risk pregnancy, early management and referral of anaemia and hypertension and increased birth preparedness and emergency readiness in the third trimester.','# Skills and response to high risk pregnancy detection\r\n# Antenatal care standards and management of high risk pregnancies\r\n# Improving care in the third semester','Nurses, doctors and healthcare workers who manage pregnant women in labour and delivery','1','80% Practical + 20% Theory','2 Days','TZS','February, April, June & August','course_cover_default.jpg',2260000,45,'2023-04-25 02:03:32','2023-04-25 02:03:32'),(60,'Breastfeeding counselling','Breastfeeding gives infants the best start in life and also protects the health of the mother. The content of training module is to ensure that health workers have sufficient knowledge about the advantages of BF and how it works and the skills to support mothers to start BF , sustain it and overcome difficulties.','# The principles of newborn at time of birth \r\n# Physical examination of the newborn\r\n# Keeping a baby warm\r\n# Initiating breastfeeding in the first hour after birth\r\n# Care of newborn until discharge (cord care, eye care and vaccinations etc.)','Nurses, midwives, medical doctors, and all health workers involved in maternal and neonatal healthcare','4','40% lecture + 40% Simulation practice + 20% Outpatient practice','1 Day','TZS','April & July','course_cover_default.jpg',140000,45,'2023-04-25 02:23:44','2023-04-25 02:23:44'),(61,'Triage skills for healthcare professionals','This training will provide health professionals with relevant knowledge and skills required to identify patients needing immediate resuscitation; assign patients predesignated patient care area; prioritize their care; and initiate appropriate diagnostic measures.','# Apply triage practicing standards\r\n# Differentiate between the concepts of urgency, severity & complexity of illness and injury\r\n# Describe the five-tier triage scale\r\n# Conduct triage assessment and documentation for clinical compon','All frontline healthcare workers','5','60% Lecture + 40% Practice','1 Day','TZS','Feb, April, Jun & Aug','course_cover_default.jpg',140000,45,'2023-04-25 02:28:17','2023-04-25 02:28:17'),(62,'Essential Newborn Care','The first hours and days after birth are the most vulnerable period of a child\'s life. Content of this training module is to ensure that health workers have the skills and knowledge to provide appropriate care for every new-born. Keeping a baby warm, initiating breastfeeding in the first hour after birth, physical examination of the newborn and routine care including cord care, eye care and vaccinations are the key principles of essential newborn care combined with counselling of new parents on danger signs.','# The principles of newborn at time of birth\r\n# How to examine a newborn\r\n# The care of newborn until discharge','Nurses, doctors and healthcare workers who manage pregnant women in labour and delivery','13','60% lecture + 20% Simulation practice + 20% Outpatient practice','1 Day','TZS','Feb, April, Jun & Aug','course_cover_default.jpg',140000,45,'2023-04-25 02:32:01','2023-04-26 03:28:57'),(63,'Basic Clubfoot','The basic clubfoot training will cover a simple introduction to the core concepts and technique of the Ponseti method in a noncomplex, idiopathic case of clubfoot in a child under 2','# Introduction to clubfoot and the Ponseti method\r\n# Definitions and foot anatomy \r\n# Hands-on practice in manipulation, scoring, casting & bracing\r\n# Identification of common problems.','Orthopaedic surgeons, physiotherapists and clinical officers','4','40% Face to face lecture + 60% Simulation (lab) practice','2 Days','TZS','March, April & December','course_cover_default.jpg',226000,45,'2023-04-25 02:37:53','2023-04-25 02:37:53'),(64,'Neonatal Resuscitation','Failure to establish spontaneous breathing after birth can lead to a life threatening situation. The content of this training module is to ensure that health workers have the skills and knowledge to immediately detect emergency situations and provide the appropriate steps of neonatal resuscitation in order to prevent further damage for the new-born infant','# The physiological changes at birth\r\n# How to be prepared for resuscitation\r\n# Practice ABC of neonatal resuscitation','Nurses, midwives and all health workers of labour, postnatal and neonatal wards','7','90% lecture + 10% Simulation practice','1 Day','TZS','May','course_cover_default.jpg',140000,45,'2023-04-25 02:41:24','2023-04-25 02:41:24'),(65,'Referral and transport of a sick baby','Timely identification of sick neonates who need referral to a higher health facility and appropriate transport of these patient might be life-saving. The content of this module is to ensure that health workers know the indications for referral and how to prepare a transport. The importance of communication with the higher health facility including phone call prior to referral and referral letter as well as provision of care during transport will be highlighted.','# The indications for referral\r\n# How to prepare for transport \r\n# Principles of care during transport','Nurses, midwives, medical doctors and all health workers involved in maternal and neonatal healthcare','15','90% lecture + 10% Simulation practice','1 Day','TZS','Mar, May, July & Sep','course_cover_default.jpg',140000,45,'2023-04-25 02:45:09','2023-04-25 02:45:09'),(66,'Assisted Vacuum delivery','Healthcare workers especially midwives are sometimes faced with challenging situations when a baby is stalled in the birth canal and a vacuum extraction delivery is necessary.','# Indications for vacuum extraction\r\n# Application of vacuum delivery\r\n# Management of a patient and new-born  following a vacuum delivery','Nurses, doctors and healthcare workers who manage pregnant women in labour and delivery','5','30% Face to face lecture + 70% Simulation (lab) practice','2 Hours','TZS','February, April, June & August','course_cover_default.jpg',47000,45,'2023-04-26 03:33:41','2023-04-26 03:33:41'),(67,'Assisted breech delivery','This course demonstrates procedures that healthcare workers can use to safely perform a breech delivery, avoid associated risks and manage complications.','# Dentification of breech presentation\r\n#Assessing risk factors for breech presentation\r\n# Vaginal breech delivery maneuvers and care of newborn','Nurses, doctors and healthcare workers who manage pregnant women in labour and delivery','5','30% Face to face lecture + 70% Simulation (lab) practice','2 Hours','TZS','February, April, June & August','course_cover_default.jpg',47000,45,'2023-04-26 03:40:37','2023-04-26 03:55:13'),(68,'Management of Shoulder dystocia','This training exposes participants to  various manoeuvres that are commonly used in the management of shoulder dystocia, the risks and  complications associated with  shoulder dystocia.','# Causes of shoulder dystocia\r\n# Diagnosing shoulder dystocia\r\n# Management and treatment of shoulder dystocia','Nurses, doctors and healthcare workers who manage pregnant women in labour and delivery','5','10% Face to face lecture + 90% Simulation (lab) practice','2 Hours','TZS','February, April, June & August','course_cover_default.jpg',47000,45,'2023-04-26 03:50:44','2023-04-26 03:52:24'),(69,'Management of Obstetric hemorrhage','The aim of this course is to improve the competency healthcare workers  in preventing and correctly responding to obstetric haemorrhage cases and scenarios that they encounter at health facilities','# Causes of obstetric hemorrhage\r\n# Prevention and early recognition of obstetric hemorrhage\r\n# Visual estimation of blood loss and replacement\r\n# Management of obstetric Haemorrhage','Nurses, doctors and healthcare workers who manage pregnant women in labour and delivery','5','20% Face to face lecture + 80% Simulation (lab) practice','8 hours','TZS','March, May, July, September','course_cover_default.jpg',140000,45,'2023-04-26 05:01:01','2023-04-26 05:01:01'),(70,'Management of hypertension in pregnancy','This training offers a hands-on opportunity for  healthcare workers to effectively conduct screening, diagnosing  and management of hypertensive disorders of pregnancy.','# Recognition the clinical emergencies\r\n# Diagnosis and classification of hypertensive disorders in pregnancy\r\n# Maternal and fetal risks of uncontrolled hypertension in pregnancy\r\n# Management of hypertension in pregnancy','Nurses, doctors and healthcare workers who manage pregnant women in labour and delivery','5','30% Face to face lecture + 70% Simulation (lab) Practice','8 hours','TZS','February,  June, August & November','course_cover_default.jpg',140000,45,'2023-04-26 05:11:01','2023-04-26 05:11:01'),(71,'Prevention and Management of prolonged labor','Participants will learn procedures of daily audit of neonatal     admissions, referrals, deaths and the importance of conducting perinatal audit routinely correctly on routine clinical practice.','# Identification of risk factors\r\n# Partograph usage to monitor patients in labour & timely delivery decision making\r\n# Assessing pelvic outlet, diagnosing presentation and position of the baby\r\n# Preventing and correctly responding  to prolonged labour','Nurses, doctors and healthcare workers who manage pregnant women in labour and delivery','5','40% Face to face lecture + 60% Simulation (lab) practice','8 hours','TZS','February, April, July & October','course_cover_default.jpg',140000,45,'2023-04-26 06:11:48','2023-04-26 06:11:48'),(72,'Respectful Maternity Care','This training provides maternity caregivers with an overview of elements of professional care and support that need to be practiced before, during and after pregnancy.','# Factors that affect RMC in clinical settings\r\n# Common abusive and disrespectful practices and attitudes \r\n# Addressing abuse and disrespect of mothers and newborns\r\n# Skills, tools, and ideas on best practices to prevent mistreatment \r\n# Plan of action to promote respectful care of mothers and newborns','Nurses, doctors and healthcare workers who manage pregnant women in labour and delivery','14','40% Face to face lecture + 60% Simulation (lab) practice','8 hours','TZS','February, April, July & October','course_cover_default.jpg',140000,45,'2023-04-27 04:12:21','2023-04-27 04:12:21'),(73,'Strengthening Antenatal Care Services','This course expounds on antenatal care services, with a focus on accurate pregnancy dating, recognizing high risk pregnancies, early management and referral of anaemia and hypertensive cases, increased birth preparedness and emergency readiness in the third trimester.','# Principles of good care and antenatal care standards \r\n# Assessing pregnancy status and checking for diseases\r\n# High risk pregnancy detection and management \r\n# Improving care in the third trimester','Nurses, doctors and healthcare workers who manage pregnant women in labour and delivery','5','60% Face to face lecture + 40% Simulation (lab) practice','2 Days','TZS','April, September & November','course_cover_default.jpg',226000,45,'2023-04-27 08:43:03','2023-04-27 09:04:08'),(74,'Surgical skills in Cesarean Section','This practical learning experience helps trainees to lessen the learning curve of acquiring skills to perform cesarean sections.','# Nontechnical skills  for cesarean section procedures\r\n# Identification of tissue layers\r\n# Hand knot tying\r\n# Suturing  and instrument handling  techniques\r\n# Surgical steps for performing a cesarean section\r\n# Managing cesarean section complications','General Practitioners, Obstetricians &  gynaecologists','17','80% Practical + 20% Theory','2 Days','TZS','Mar & Sep','course_cover_default.jpg',226000,45,'2023-04-27 09:40:46','2023-04-27 09:40:46'),(75,'Surgical skills in Cesarean Section','This practical learning experience helps trainees to lessen the learning curve of acquiring skills to perform cesarean sections.','# Nontechnical skills  for cesarean section procedures\r\n# Identification of tissue layers\r\n# Hand knot tying\r\n# Suturing  and instrument handling  techniques\r\n# Surgical steps for performing a cesarean section\r\n# Managing cesarean section complications','General Practitioners, Obstetricians &  gynaecologists','17','80% Practical + 20% Theory','2 Days','TZS','Mar & Sep','course_cover_default.jpg',226000,45,'2023-04-27 09:40:54','2023-04-27 09:40:54'),(76,'Fistula surgical skills','This six-week fellowship program  offers surgeons requisite skills and abilities to manage and repair  obstetric and traumatic gynecologic fistulae.','# Diagnosing and classifying fistula conditions/ cases\r\n# Management of vesico-vaginal & recto-vaginal fistulae\r\n# Fistula repair procedure\r\n# Managing Fistula Repair complications','Obstetricians & gynaecologists','12','80% Practical + 20% Theory','six weeks','TZS','Feb, May, Jul & Oct','course_cover_default.jpg',3000000,45,'2023-04-27 09:51:08','2023-04-27 09:51:08'),(77,'Inventory Management - Quantification and Forecast, Ordering, Reconciliation and Tracking','Inventory Management module provides an overview on sound inventory management principles and appropriate control procedures.','# Inventory management concepts and terminologies\r\n# Quantification and forecast\r\n# Inventory Management tools and techniques\r\n# Ordering, reconciliation and tracking\r\n# Distribution, planning and control','AUDIENCE Medical laboratory administrators, pharmacists,lab technicians, medical consumable administrators, procurement officers','6','100% Lecture, group discussion & interactive activities','2 Days','TZS','June','1685529060.png',226000,46,'2023-05-25 03:50:00','2023-06-01 09:13:39'),(78,'Hospital Management','Testing','# Testing','IT specialists','3','80% Practical + 20% Theory','8 hours','TZS','June & October','course_cover_default.jpg',140000,47,'2023-05-31 07:45:14','2023-05-31 07:45:14'),(79,'Linen Processing - I','Content of our ‘Healthcare Support’ training category will ensure that health workers have the skills & knowledge to prevent disease transmission & help to reduce hospital acquired infection to patients. The workforce will also be equipped with skills to respond to emergencies as they arise.','#Linen processing steps and tools\r\n#CDC guidelines for linens in healthcare facilities\r\n#Protocols for handling & transporting clean linen \r\n#Procedures for processing soiled and contaminated linens\r\n#Linen utilization process, linen supply and inventory in healthcare facilities','All Staff','2','50% Lecture + 50% Practice','1 Day','TZS','June','course_cover_default.jpg',47000,50,'2023-06-05 06:23:51','2023-06-08 06:26:09'),(80,'Abdillah fahad','all course','#1\r\n#two','All people interested in ICT','2','Module Format','5 Hours','TZS','Module Schedule','course_cover_default.jpg',60000,51,'2023-06-08 05:48:08','2023-06-08 05:48:08'),(81,'Test Module One','This is the description for test module one','# Test Module One Objective 1\r\n# Test Module Two Objective 2','All proffesionals','1','100% Physical','2 Hours','TZS','Mar, May, July & Sep','course_cover_default.jpg',60000,52,'2023-07-05 15:03:07','2023-07-05 15:03:07'),(82,'Test Module Two','Test Module Two','# Test Module Two Obj 1\r\n# Test Module Two Obj 2','All Proffesionals','2','60% Lecture + 40% Practice','1 Hr','TZS','February, April, June & August','course_cover_default.jpg',100000,52,'2023-07-10 04:17:26','2023-07-10 04:17:26'),(83,'Low vision assessment','Low vision assessment','# Assessing adult patients\r\n# Assessing children','Optometrists','16','80% Practical + 20% Theory','8 hours','TZS','July & August','course_cover_default.jpg',140000,53,'2023-07-17 05:52:41','2023-07-17 06:28:57');

--
-- Table structure for table `course_presenters`
--

CREATE TABLE `course_presenters` (
  `id` bigint(20) unsigned NOT NULL AUTO_INCREMENT,
  `name` varchar(191) COLLATE utf8mb4_unicode_ci NOT NULL,
  `description` varchar(191) COLLATE utf8mb4_unicode_ci DEFAULT NULL,
  `user_id` bigint(20) unsigned DEFAULT NULL,
  `created_at` timestamp NULL DEFAULT NULL,
  `updated_at` timestamp NULL DEFAULT NULL,
  PRIMARY KEY (`id`),
  KEY `course_presenters_user_id_foreign` (`user_id`),
  CONSTRAINT `course_presenters_user_id_foreign` FOREIGN KEY (`user_id`) REFERENCES `users` (`id`) ON DELETE SET NULL
) ENGINE=InnoDB AUTO_INCREMENT=22 DEFAULT CHARSET=utf8mb4 COLLATE=utf8mb4_unicode_ci;

--
-- Dumping data for table `course_presenters`
--

INSERT INTO `course_presenters` VALUES (1,'Dr. Peter Saria','Dr. Peter Saria (MD)',NULL,'2021-09-25 18:00:00','2023-06-09 04:13:40'),(2,'Ms. Anna Magingo','Ms. Anna Magingo',NULL,'2021-09-25 18:00:00',NULL),(3,'Moses Raymond','Moses Raymond',NULL,'2021-09-25 18:00:00',NULL),(4,'Ms. Hilda Mlay','Ms. Hilda Mlay',NULL,'2021-09-23 18:00:00',NULL),(5,'Dr. Timothy Mushi','Dr. Timothy Mushi',NULL,'2021-09-25 18:00:00',NULL),(6,'Mr. Kennedy','Mr. Kennedy',NULL,'2021-09-25 18:00:00',NULL),(7,'Ms. Anna Gugu','Ms. Anna Gugu',NULL,'2021-09-25 18:00:00',NULL),(8,'Remla','Remla',NULL,'2021-09-25 18:00:00',NULL),(11,'Emelda Lwena','Lean Management Expert',NULL,'2023-03-07 05:52:24','2023-03-07 05:52:24'),(12,'Second chance','Second Chance',NULL,'2023-03-18 05:49:30','2023-03-18 05:49:30'),(13,'Antke Zuchner','Antke Zuchner',NULL,'2023-03-20 06:13:26','2023-03-20 06:13:26'),(14,'Brenda Dmello','Brenda Dmello',NULL,'2023-03-20 06:16:09','2023-03-20 06:16:09'),(15,'Charles Nduku','Corporate Trainer, Entrepreneur, Psychologist',NULL,'2023-03-30 09:10:26','2023-03-30 09:10:26'),(16,'Isaac Lema','As a Clinical Psychologist and Assistant Lecturer in the Department of Psychiatry at Muhimbili University of Health and Allied Sciences (MUHAS) in Dar es Salaam',NULL,'2023-04-03 08:36:29','2023-04-03 08:38:01'),(17,'Issa Rashid','Issa Rashid',NULL,'2023-04-27 09:37:57','2023-04-27 09:37:57'),(18,'Fredrick Msigallah','Disability Inclusion Expert',NULL,'2023-05-11 02:37:58','2023-05-11 02:37:58'),(20,'Dr. Maria Lwanga','Facilitator',NULL,'2023-07-17 05:37:23','2023-07-17 05:37:23'),(21,'Nelly Mdingi','Sales and Marketing Training Expert',NULL,'2023-07-25 06:22:04','2023-07-25 06:22:04');

--
-- Table structure for table `course_providers`
--

CREATE TABLE `course_providers` (
  `id` bigint(20) unsigned NOT NULL AUTO_INCREMENT,
  `name` varchar(191) COLLATE utf8mb4_unicode_ci NOT NULL,
  `description` varchar(191) COLLATE utf8mb4_unicode_ci NOT NULL,
  `created_at` timestamp NULL DEFAULT NULL,
  `updated_at` timestamp NULL DEFAULT NULL,
  PRIMARY KEY (`id`)
) ENGINE=InnoDB AUTO_INCREMENT=7 DEFAULT CHARSET=utf8mb4 COLLATE=utf8mb4_unicode_ci;

--
-- Dumping data for table `course_providers`
--

INSERT INTO `course_providers` VALUES (1,'CCBRT','CCBRT','2021-09-23 18:00:00',NULL),(2,'TIGO','TIGO','2021-09-23 18:00:00',NULL),(3,'TCCO','TCCO','2021-09-25 18:00:00',NULL),(4,'FM Company','Febdays testing','2023-02-13 08:19:53','2023-02-13 08:19:53'),(5,'FEB LTD','FEB LTD','2023-02-24 05:19:49','2023-02-24 05:19:49'),(6,'AAPH','Course provider','2023-07-17 05:35:26','2023-07-17 05:35:26');

--
-- Table structure for table `course_registrations`
--

CREATE TABLE `course_registrations` (
  `id` bigint(20) unsigned NOT NULL AUTO_INCREMENT,
  `candidate_id` bigint(20) unsigned DEFAULT NULL,
  `course_id` bigint(20) unsigned DEFAULT NULL,
  `send_course_instruction` smallint(6) DEFAULT '0',
  `send_order` smallint(6) DEFAULT '0',
  `training_book` smallint(6) DEFAULT '0',
  `self_assessment_quiz` smallint(6) DEFAULT '0',
  `created_at` timestamp NULL DEFAULT NULL,
  `updated_at` timestamp NULL DEFAULT NULL,
  PRIMARY KEY (`id`),
  KEY `course_registrations_candidate_id_foreign` (`candidate_id`),
  KEY `course_registrations_course_id_foreign` (`course_id`),
  CONSTRAINT `course_registrations_candidate_id_foreign` FOREIGN KEY (`candidate_id`) REFERENCES `candidates` (`id`) ON DELETE SET NULL,
  CONSTRAINT `course_registrations_course_id_foreign` FOREIGN KEY (`course_id`) REFERENCES `courses` (`id`) ON DELETE SET NULL
) ENGINE=InnoDB AUTO_INCREMENT=3 DEFAULT CHARSET=utf8mb4 COLLATE=utf8mb4_unicode_ci;

--
-- Dumping data for table `course_registrations`
--

INSERT INTO `course_registrations` VALUES (1,12,27,1,1,1,1,'2023-06-22 07:45:30','2023-06-22 07:45:30'),(2,16,27,1,1,1,1,'2023-06-22 07:45:45','2023-06-22 07:45:45');

--
-- Table structure for table `course_sessions`
--

CREATE TABLE `course_sessions` (
  `id` bigint(20) unsigned NOT NULL AUTO_INCREMENT,
  `name` varchar(191) COLLATE utf8mb4_unicode_ci NOT NULL,
  `start_date_time` timestamp NULL DEFAULT NULL,
  `end_date_time` timestamp NULL DEFAULT NULL,
  `mode_of_delivery` varchar(191) COLLATE utf8mb4_unicode_ci NOT NULL,
  `online_description` varchar(191) COLLATE utf8mb4_unicode_ci DEFAULT NULL,
  `course_id` bigint(20) unsigned DEFAULT NULL,
  `venue_id` bigint(20) unsigned DEFAULT NULL,
  `venue_room_id` bigint(20) unsigned DEFAULT NULL,
  `room_capacity` int(11) NOT NULL DEFAULT '0',
  `status` varchar(191) COLLATE utf8mb4_unicode_ci NOT NULL DEFAULT 'draft',
  `course_presenter_id` varchar(191) COLLATE utf8mb4_unicode_ci DEFAULT NULL,
  `min_registrant` varchar(191) COLLATE utf8mb4_unicode_ci NOT NULL,
  `max_registrant` varchar(191) COLLATE utf8mb4_unicode_ci NOT NULL,
  `created_at` timestamp NULL DEFAULT NULL,
  `updated_at` timestamp NULL DEFAULT NULL,
  `course_module_id` bigint(20) unsigned NOT NULL,
  `session_no` varchar(191) COLLATE utf8mb4_unicode_ci DEFAULT NULL,
  PRIMARY KEY (`id`),
  KEY `course_sessions_course_id_foreign` (`course_id`),
  KEY `course_sessions_venue_id_foreign` (`venue_id`),
  KEY `course_sessions_venue_room_id_foreign` (`venue_room_id`),
  KEY `course_sessions_course_module_id_foreign` (`course_module_id`),
  CONSTRAINT `course_sessions_course_id_foreign` FOREIGN KEY (`course_id`) REFERENCES `courses` (`id`) ON DELETE SET NULL,
  CONSTRAINT `course_sessions_course_module_id_foreign` FOREIGN KEY (`course_module_id`) REFERENCES `course_modules` (`id`) ON DELETE CASCADE,
  CONSTRAINT `course_sessions_venue_id_foreign` FOREIGN KEY (`venue_id`) REFERENCES `venues` (`id`) ON DELETE SET NULL,
  CONSTRAINT `course_sessions_venue_room_id_foreign` FOREIGN KEY (`venue_room_id`) REFERENCES `venue_rooms` (`id`) ON DELETE SET NULL
) ENGINE=InnoDB AUTO_INCREMENT=102 DEFAULT CHARSET=utf8mb4 COLLATE=utf8mb4_unicode_ci;

--
-- Dumping data for table `course_sessions`
--

INSERT INTO `course_sessions` VALUES (1,'Session 1','2023-01-30 09:00:00','2023-01-30 10:00:00','physical',NULL,34,1,1,0,'PUBLISHED',NULL,'1','20','2023-01-11 06:27:34','2023-01-11 06:27:34',46,NULL),(2,'Session 2','2023-01-31 10:00:00','2023-01-31 11:00:00','physical',NULL,34,1,1,0,'PUBLISHED',NULL,'1','20','2023-01-11 06:28:24','2023-01-11 06:28:24',46,NULL),(3,'Session #1','2023-01-26 07:30:00','2023-01-26 08:00:00','physical',NULL,35,1,1,0,'ENDED',NULL,'2','4','2023-01-26 04:24:02','2023-01-26 04:44:37',47,NULL),(4,'Basic clubfoot training Session I','2023-05-15 05:00:00','2023-05-16 01:00:00','physical','null',29,1,4,0,'PUBLISHED',NULL,'1','50','2023-02-08 05:21:50','2023-03-20 06:08:25',41,NULL),(6,'Breastfeeding counselling Session I','2023-03-27 05:00:00','2023-03-27 01:00:00','physical','null',27,1,4,0,'ENDED',NULL,'1','20','2023-02-08 05:36:42','2023-06-22 09:44:49',39,NULL),(8,'Session 1','2023-02-16 07:45:00','2023-02-16 08:45:00','physical',NULL,36,1,3,0,'ENDED',NULL,'1','20','2023-02-16 04:12:30','2023-02-16 11:36:47',48,NULL),(9,'Session #2','2023-02-16 14:50:00','2023-02-16 15:15:00','physical',NULL,36,2,6,0,'PUBLISHED',NULL,'1','10','2023-02-16 11:38:18','2023-02-16 11:38:18',48,NULL),(10,'Customer Care Training Session #1','2023-04-25 05:30:00','2023-04-25 13:00:00','physical','null',9,1,4,0,'PUBLISHED',NULL,'1','20','2023-02-17 06:29:32','2023-03-30 09:23:00',21,NULL),(11,'Information technology Session 1','2023-02-24 09:00:00','2023-02-24 09:15:00','physical','null',37,4,9,0,'PUBLISHED',NULL,'3','50','2023-02-24 05:40:31','2023-02-24 07:17:38',49,NULL),(12,'ATB Innovators | Test Module Session 1','2023-03-03 04:28:00','2023-03-03 20:29:00','online','View the course online',38,NULL,NULL,0,'PUBLISHED',NULL,'5','50','2023-03-02 17:29:52','2023-03-02 17:29:52',50,NULL),(13,'ATB Innovators | Test Module Session 2','2023-03-06 20:30:00','2023-03-07 20:30:00','physical',NULL,38,1,1,0,'PUBLISHED',NULL,'10','20','2023-03-02 17:31:14','2023-03-02 17:31:14',50,NULL),(14,'ATB Innovators | Test Module Session 3','2023-03-30 20:31:00','2023-03-30 20:31:00','online','Online session 3',38,NULL,NULL,0,'PUBLISHED',NULL,'10','25','2023-03-02 17:32:34','2023-03-02 17:32:34',50,NULL),(15,'Introduction to Lean Management  # 2','2023-07-06 05:30:00','2023-07-06 13:00:00','physical','null',10,1,1,0,'PUBLISHED',NULL,'10','15','2023-03-07 05:49:02','2023-03-30 09:50:38',22,NULL),(16,'Introduction to Lean Management  - # 3','2023-09-06 05:30:00','2023-09-06 13:00:00','physical','null',10,1,1,0,'PUBLISHED',NULL,'10','15','2023-03-07 05:58:14','2023-03-30 09:43:01',22,NULL),(17,'Introduction to Lean Management  - #4','2023-12-06 05:30:00','2023-12-06 13:00:00','physical','null',10,1,1,0,'PUBLISHED',NULL,'10','20','2023-03-07 06:00:12','2023-03-30 09:43:36',22,NULL),(18,'Application of Lean Management Tools - # 2','2023-07-07 05:30:00','2023-07-07 13:00:00','physical','null',10,1,8,0,'PUBLISHED',NULL,'10','40','2023-03-07 06:15:58','2023-03-30 09:51:18',51,NULL),(19,'Application of Lean Management Tools - # 3','2023-09-07 05:30:00','2023-09-07 13:00:00','physical','null',10,1,1,0,'PUBLISHED',NULL,'10','20','2023-03-07 06:27:14','2023-03-30 09:55:30',51,NULL),(20,'partner-notes','2023-03-17 14:54:00','2023-03-18 14:54:00','physical',NULL,43,1,1,0,'PUBLISHED',NULL,'9','20','2023-03-10 11:55:07','2023-03-10 11:55:07',53,NULL),(21,'country','2023-03-27 14:56:00','2023-03-28 14:56:00','online',NULL,44,NULL,NULL,0,'PUBLISHED',NULL,'5','9','2023-03-10 11:57:10','2023-03-10 11:57:10',52,NULL),(22,'test over and over','2023-04-07 14:59:00','2023-04-08 15:00:00','online',NULL,42,NULL,NULL,0,'PUBLISHED',NULL,'6','12','2023-03-10 12:00:17','2023-03-10 12:00:17',54,NULL),(23,'Hysterectomy surgical skills training Session I','2023-06-07 05:30:00','2023-06-08 01:00:00','physical',NULL,32,NULL,NULL,0,'PUBLISHED',NULL,'1','20','2023-03-18 05:52:20','2023-03-18 05:52:20',55,NULL),(24,'Hysterectomy surgical skills training Session II','2023-10-06 05:30:00','2023-10-07 01:00:00','physical','null',32,1,1,0,'PUBLISHED',NULL,'1','20','2023-03-18 05:53:45','2023-03-18 05:55:23',55,NULL),(25,'Session #1','2023-03-30 08:00:00','2023-03-30 15:00:00','physical',NULL,8,1,1,0,'PUBLISHED',NULL,'1','20','2023-03-19 14:44:34','2023-03-19 14:44:34',9,NULL),(26,'Session #1','2023-03-30 08:00:00','2023-03-30 15:00:00','physical',NULL,8,1,2,0,'PUBLISHED',NULL,'1','15','2023-03-19 14:45:15','2023-03-19 14:45:15',10,NULL),(27,'Session #1','2023-03-30 08:00:00','2023-03-30 15:00:00','physical',NULL,8,1,3,0,'PUBLISHED',NULL,'1','20','2023-03-19 14:45:56','2023-03-19 14:45:56',11,NULL),(28,'Session #1','2023-03-30 08:00:00','2023-03-30 15:00:00','physical',NULL,8,1,4,0,'PUBLISHED',NULL,'1','50','2023-03-19 14:46:38','2023-03-19 14:46:38',12,NULL),(29,'Session #1','2023-03-31 10:00:00','2023-04-01 10:00:00','physical',NULL,8,1,1,0,'PUBLISHED',NULL,'1','20','2023-03-19 14:48:03','2023-03-19 14:48:03',13,NULL),(30,'Session #1','2023-03-31 10:00:00','2023-04-01 08:00:00','physical',NULL,8,2,5,0,'PUBLISHED',NULL,'1','10','2023-03-19 14:48:50','2023-03-19 14:48:50',14,NULL),(31,'Session #1','2023-03-31 06:00:00','2023-04-01 11:00:00','physical',NULL,8,2,6,0,'PUBLISHED',NULL,'1','10','2023-03-19 14:50:01','2023-03-19 14:50:01',15,NULL),(32,'Session #1','2023-04-02 08:00:00','2023-04-02 15:00:00','physical',NULL,8,2,7,0,'PUBLISHED',NULL,'1','20','2023-03-19 14:50:49','2023-03-19 14:50:49',16,NULL),(33,'Session #1','2023-04-02 05:00:00','2023-04-02 15:00:00','physical',NULL,8,2,6,0,'PUBLISHED',NULL,'1','100','2023-03-19 14:51:38','2023-03-19 14:51:38',17,NULL),(34,'Session #1','2023-04-03 05:00:00','2023-04-03 11:00:00','physical',NULL,8,1,2,0,'PUBLISHED',NULL,'1','150','2023-03-19 14:52:40','2023-03-19 14:52:40',18,NULL),(35,'Session #1','2023-04-03 05:00:00','2023-04-04 15:00:00','physical',NULL,8,2,8,0,'PUBLISHED',NULL,'1','40','2023-03-19 14:53:31','2023-03-19 14:53:31',19,NULL),(36,'Session #1','2023-04-06 05:00:00','2023-04-06 15:00:00','physical',NULL,8,2,6,0,'PUBLISHED',NULL,'1','100','2023-03-19 14:54:24','2023-03-19 14:54:24',20,NULL),(37,'Perineal Repair Surgical training Session I','2023-03-08 05:00:00','2023-03-09 01:00:00','physical','null',31,1,1,0,'PUBLISHED',NULL,'1','20','2023-03-20 05:10:59','2023-03-20 05:13:50',43,NULL),(38,'Perineal Repair Surgical training Session II','2023-09-21 05:00:00','2023-09-22 01:00:00','physical',NULL,31,1,NULL,0,'PUBLISHED',NULL,'1','20','2023-03-20 05:13:14','2023-03-20 05:13:14',43,NULL),(40,'Triage skills for healthcare professionals Session I','2023-05-17 05:00:00','2023-05-17 01:00:00','physical','null',30,1,1,0,'PUBLISHED',NULL,'1','20','2023-03-20 05:35:47','2023-03-20 05:39:29',42,NULL),(41,'Triage skills for healthcare professionals Session II','2023-07-08 05:00:00','2023-07-08 01:00:00','physical',NULL,30,1,1,0,'PUBLISHED',NULL,'1','20','2023-03-20 05:38:57','2023-03-20 05:38:57',42,NULL),(42,'Essential new-born care session I','2023-03-23 05:00:00','2023-03-23 01:00:00','physical',NULL,28,1,NULL,0,'PUBLISHED',NULL,'1','20','2023-03-20 06:18:34','2023-03-20 06:18:34',40,NULL),(43,'Essential new-born care session II','2023-07-01 05:00:00','2023-07-01 01:00:00','physical','null',28,1,1,0,'PUBLISHED',NULL,'1','20','2023-03-20 06:18:51','2023-03-20 06:19:32',40,NULL),(44,'Breastfeeding counselling Session II','2023-07-23 05:00:00','2023-07-23 01:00:00','physical',NULL,27,1,1,0,'PUBLISHED',NULL,'1','15','2023-03-20 06:42:33','2023-03-20 06:42:33',39,NULL),(45,'Customer Care Training # 2','2023-10-03 05:30:00','2023-10-03 13:00:00','physical','null',9,1,4,0,'PUBLISHED',NULL,'10','20','2023-03-30 09:22:23','2023-03-30 09:23:38',21,NULL),(47,'Application of Lean Management Tools - # 4','2023-12-07 05:30:00','2023-12-07 13:00:00','physical',NULL,10,1,1,0,'PUBLISHED',NULL,'10','20','2023-03-30 10:00:02','2023-03-30 10:00:02',51,NULL),(48,'Service Marketing # 2','2023-06-19 05:30:00','2023-06-19 13:00:00','physical',NULL,11,1,4,0,'PUBLISHED',NULL,'10','20','2023-04-03 08:26:16','2023-04-03 08:26:16',23,NULL),(49,'Mental Health & Stress Management # 3','2023-05-17 05:30:00','2023-05-17 13:00:00','physical','null',12,1,4,0,'PUBLISHED',NULL,'10','20','2023-04-03 08:39:52','2023-04-03 08:45:00',24,NULL),(50,'Mental Health & Stress Management # 4','2023-09-12 05:30:00','2023-09-12 13:00:00','physical',NULL,12,1,4,0,'PUBLISHED',NULL,'10','20','2023-04-03 08:42:32','2023-04-03 08:42:32',24,NULL),(51,'Session #1','2023-06-01 06:00:00','2023-06-01 13:00:00','physical','null',8,1,4,0,'PUBLISHED',NULL,'2','50','2023-04-24 07:14:11','2023-04-24 07:17:01',19,NULL),(52,'Hysterectomy surgical skills training Session I','2023-04-27 04:00:00','2023-04-27 05:00:00','physical',NULL,45,1,2,0,'PUBLISHED',NULL,'1','15','2023-04-25 01:50:54','2023-04-25 01:50:54',57,NULL),(53,'Hysterectomy surgical skills training Session II','2023-04-27 05:50:00','2023-04-27 06:50:00','physical',NULL,45,1,2,0,'PUBLISHED',NULL,'1','15','2023-04-25 01:51:55','2023-04-25 01:51:55',57,NULL),(54,'Perineal Repair Surgical training Session I','2023-04-27 07:00:00','2023-04-27 08:00:00','physical',NULL,45,1,2,0,'PUBLISHED',NULL,'1','15','2023-04-25 01:56:58','2023-04-25 01:56:58',58,NULL),(55,'Perineal Repair Surgical training Session II','2023-04-27 08:30:00','2023-04-27 09:30:00','physical',NULL,45,1,2,0,'PUBLISHED',NULL,'1','15','2023-04-25 01:59:57','2023-04-25 01:59:57',58,NULL),(56,'Strengthening Antenatal Care Services Session I','2023-04-27 10:00:00','2023-04-27 11:00:00','physical',NULL,45,1,3,0,'PUBLISHED',NULL,'1','20','2023-04-25 02:21:29','2023-04-25 02:21:29',59,NULL),(57,'Breastfeeding counselling Session I','2023-04-28 06:00:00','2023-04-28 06:00:00','physical',NULL,45,1,1,0,'PUBLISHED',NULL,'1','20','2023-04-25 02:25:04','2023-04-25 02:25:04',60,NULL),(58,'Breastfeeding counselling Session II','2023-04-28 06:15:00','2023-04-28 07:15:00','physical',NULL,45,1,1,0,'PUBLISHED',NULL,'1','20','2023-04-25 02:25:54','2023-04-25 02:25:54',60,NULL),(59,'Triage skills for healthcare professionals Session I','2023-04-28 10:00:00','2023-04-28 11:00:00','physical',NULL,45,1,1,0,'PUBLISHED',NULL,'1','20','2023-04-25 02:29:27','2023-04-25 02:29:27',61,NULL),(60,'Triage skills for healthcare professionals Session II','2023-04-28 11:15:00','2023-04-28 12:15:00','physical',NULL,45,1,1,0,'PUBLISHED',NULL,'1','20','2023-04-25 02:30:15','2023-04-25 02:30:15',61,NULL),(61,'Essential new-born care Session I','2023-04-28 13:00:00','2023-04-28 14:00:00','physical',NULL,45,1,1,0,'PUBLISHED',NULL,'1','20','2023-04-25 02:33:17','2023-04-25 02:33:17',62,NULL),(62,'Essential new-born care Session II','2023-07-29 05:00:00','2023-07-29 13:00:00','physical','null',45,1,1,0,'PUBLISHED',NULL,'1','20','2023-04-25 02:34:27','2023-05-17 09:31:42',62,NULL),(63,'Basic Clubfoot Training Session I','2023-04-28 05:00:00','2023-04-28 06:00:00','physical',NULL,45,1,2,0,'PUBLISHED',NULL,'1','15','2023-04-25 02:38:56','2023-04-25 02:38:56',63,NULL),(64,'Neonatal Resuscitation Session I','2023-05-01 05:00:00','2023-05-01 06:00:00','physical',NULL,45,2,5,0,'PUBLISHED',NULL,'1','15','2023-04-25 02:42:59','2023-04-25 02:42:59',64,NULL),(65,'Referral and transport of a sick baby','2023-05-01 05:00:00','2023-05-01 06:00:00','physical',NULL,45,2,6,0,'PUBLISHED',NULL,'1','10','2023-04-25 02:46:25','2023-04-25 02:46:25',65,NULL),(66,'Assisted Vacuum delivery Session I','2023-06-21 05:00:00','2023-06-21 07:00:00','physical',NULL,45,1,NULL,0,'PUBLISHED',NULL,'1','20','2023-04-26 03:37:00','2023-04-26 03:37:00',66,NULL),(67,'Assisted Vacuum delivery Session I','2023-06-21 05:00:00','2023-06-21 07:00:00','physical',NULL,45,1,3,0,'PUBLISHED',NULL,'1','20','2023-04-26 03:37:09','2023-04-26 03:37:09',66,NULL),(68,'Assisted Vacuum delivery Session II','2023-08-23 05:00:00','2023-08-23 07:00:00','physical',NULL,45,1,3,0,'PUBLISHED',NULL,'1','20','2023-04-26 03:38:23','2023-04-26 03:38:23',66,NULL),(69,'Assisted breech delivery Session I','2023-06-21 07:01:00','2023-06-21 09:00:00','physical',NULL,45,1,3,0,'PUBLISHED',NULL,'1','20','2023-04-26 03:41:55','2023-04-26 03:41:55',67,NULL),(70,'Assisted breech delivery Session II','2023-08-23 07:01:00','2023-08-23 09:00:00','physical',NULL,45,1,3,0,'PUBLISHED',NULL,'1','20','2023-04-26 03:44:36','2023-04-26 03:44:36',67,NULL),(71,'Management of Shoulder dystocia Session I','2023-06-20 23:00:00','2023-06-21 01:00:00','physical',NULL,45,1,3,0,'PUBLISHED',NULL,'1','20','2023-04-26 03:53:34','2023-04-26 03:53:34',68,NULL),(72,'Management of Shoulder dystocia Session II','2023-08-22 23:00:00','2023-08-23 01:00:00','physical',NULL,45,1,3,0,'PUBLISHED',NULL,'1','20','2023-04-26 03:54:27','2023-04-26 03:54:27',68,NULL),(73,'Management of Obstetric hemorrhage Session I','2023-07-05 05:00:00','2023-07-05 13:00:00','physical',NULL,45,1,3,0,'PUBLISHED',NULL,'1','20','2023-04-26 05:02:33','2023-04-26 05:02:33',69,NULL),(74,'Management of Obstetric hemorrhage Session II','2023-09-13 05:00:00','2023-09-13 13:00:00','physical',NULL,45,1,3,0,'PUBLISHED',NULL,'1','20','2023-04-26 05:03:37','2023-04-26 05:03:37',69,NULL),(75,'Management of hypertension in pregnancy Session I','2023-06-14 05:00:00','2023-06-14 13:00:00','physical',NULL,45,1,3,0,'PUBLISHED',NULL,'1','20','2023-04-26 05:15:24','2023-04-26 05:15:24',70,NULL),(76,'Management of hypertension in pregnancy Session II','2023-08-16 05:00:00','2023-08-16 13:00:00','physical',NULL,45,1,3,0,'PUBLISHED',NULL,'1','20','2023-04-26 05:16:26','2023-04-26 05:16:26',70,NULL),(77,'Management of hypertension in pregnancy Session III','2023-08-30 05:00:00','2023-08-30 13:00:00','physical',NULL,45,1,3,0,'PUBLISHED',NULL,'1','20','2023-04-26 05:17:58','2023-04-26 05:17:58',70,NULL),(78,'Management of hypertension in pregnancy Session IV','2023-09-06 05:00:00','2023-09-06 13:00:00','physical',NULL,45,1,3,0,'PUBLISHED',NULL,'1','20','2023-04-26 05:19:44','2023-04-26 05:19:44',70,NULL),(79,'Prevention and Management of prolonged labor Session I','2023-07-12 05:00:00','2023-07-12 13:00:00','physical',NULL,45,1,3,0,'PUBLISHED',NULL,'1','20','2023-04-26 06:12:57','2023-04-26 06:12:57',71,NULL),(80,'Prevention and Management of prolonged labor Session II','2023-10-11 05:00:00','2023-10-11 09:14:00','physical',NULL,45,1,3,0,'PUBLISHED',NULL,'1','20','2023-04-26 06:14:10','2023-04-26 06:14:10',71,NULL),(81,'Respectful Maternity Care Session I','2023-07-12 05:00:00','2023-07-12 13:00:00','physical',NULL,45,1,1,0,'PUBLISHED',NULL,'1','20','2023-04-27 04:13:55','2023-04-27 04:13:55',72,NULL),(82,'Respectful Maternity Care Session II','2023-10-11 05:00:00','2023-10-11 13:00:00','physical',NULL,45,1,1,0,'PUBLISHED',NULL,'1','20','2023-04-27 04:40:43','2023-04-27 04:40:43',72,NULL),(83,'Strengthening Antenatal Care Services Session I','2023-09-27 05:00:00','2023-09-28 13:00:00','physical','null',45,NULL,NULL,0,'PUBLISHED',NULL,'1','20','2023-04-27 09:07:53','2023-04-27 09:10:51',73,NULL),(84,'Strengthening Antenatal Care Services Session II','2023-11-29 05:00:00','2023-11-30 13:00:00','physical','null',45,1,1,0,'PUBLISHED',NULL,'1','20','2023-04-27 09:08:08','2023-04-27 09:10:02',73,NULL),(85,'Surgical skills in Cesarean Section Session I','2023-09-13 05:00:00','2023-09-14 13:00:00','physical','null',45,1,4,0,'PUBLISHED',NULL,'1','50','2023-04-27 09:46:37','2023-04-27 09:47:25',74,NULL),(86,'Fistula surgical skills Session I','2023-07-19 05:00:00','2023-07-19 13:00:00','physical',NULL,45,1,1,0,'PUBLISHED',NULL,'1','20','2023-04-27 09:53:36','2023-04-27 09:53:36',76,NULL),(87,'Fistula surgical skills Session II','2023-10-18 05:00:00','2023-10-18 13:00:00','physical',NULL,45,1,1,0,'PUBLISHED',NULL,'1','20','2023-04-27 09:56:54','2023-04-27 09:56:54',76,NULL),(88,'Disability Inclusion at the Workplaces #3','2023-06-12 05:35:00','2023-06-12 13:00:00','physical','null',33,1,4,0,'PUBLISHED',NULL,'10','35','2023-05-11 02:35:12','2023-05-11 02:39:18',45,NULL),(89,'Disability Inclusion at the Workplaces #4','2023-08-10 05:30:00','2023-08-10 13:00:00','physical',NULL,33,1,4,0,'PUBLISHED',NULL,'10','20','2023-05-11 02:41:00','2023-05-11 02:41:00',45,NULL),(90,'Basics of Project Management','2023-06-30 09:32:00','2023-07-03 09:32:00','physical',NULL,15,1,3,0,'PUBLISHED',NULL,'14','20','2023-05-11 06:32:26','2023-05-11 06:32:26',27,NULL),(91,'Inventory Management - Quantification and Forecast, Ordering, Reconciliation and Tracking Session I','2023-06-02 07:00:00','2023-06-02 09:00:00','physical','null',46,1,1,0,'PUBLISHED',NULL,'1','20','2023-05-25 03:52:53','2023-06-01 09:15:59',77,NULL),(92,'Inventory Management - Quantification and Forecast, Ordering, Reconciliation and Tracking Session I','2023-05-25 07:00:00','2023-05-25 07:30:00','physical',NULL,46,1,1,0,'PUBLISHED',NULL,'1','20','2023-05-25 03:53:04','2023-05-25 03:53:04',77,NULL),(93,'Hospital Management Session I','2023-06-09 05:00:00','2023-06-09 13:00:00','physical','null',47,1,1,0,'PUBLISHED',NULL,'1','20','2023-05-31 07:47:09','2023-06-08 06:03:55',78,NULL),(94,'linen Processing -1','2023-06-23 05:00:00','2023-06-23 11:00:00','physical','null',50,1,3,0,'PUBLISHED',NULL,'5','20','2023-06-05 06:26:21','2023-06-08 06:27:03',79,NULL),(95,'Abdillah fahad-session1','2023-06-12 08:48:00','2023-06-13 08:48:00','online','online desription',51,NULL,NULL,0,'PUBLISHED',NULL,'3','6','2023-06-08 05:49:21','2023-06-08 05:49:21',80,NULL),(96,'Abdillah fahad-session2','2023-06-19 08:50:00','2023-06-19 14:50:00','physical',NULL,51,1,NULL,0,'PUBLISHED',NULL,'9','20','2023-06-08 05:51:20','2023-06-08 05:51:20',80,NULL),(98,'Session #1','2023-08-03 08:00:00','2023-08-04 15:00:00','physical','null',52,1,4,0,'PUBLISHED',NULL,'1','50','2023-07-05 15:07:32','2023-08-02 08:29:57',81,NULL),(99,'Session #1','2023-07-10 07:30:00','2023-07-10 08:00:00','physical',NULL,52,2,8,0,'PUBLISHED',NULL,'1','40','2023-07-10 04:18:18','2023-07-10 04:18:18',82,NULL),(100,'Low vision assessment session I','2023-07-17 10:00:00','2023-07-18 10:10:00','physical','null',53,6,15,0,'PUBLISHED',NULL,'5','10','2023-07-17 06:08:32','2023-07-17 06:36:42',83,NULL),(101,'Session #2','2023-08-08 09:00:00','2023-08-09 11:30:00','physical','null',52,1,3,0,'PUBLISHED',NULL,'1','20','2023-08-02 08:35:20','2023-08-02 08:36:26',82,NULL);

--
-- Table structure for table `courses`
--

CREATE TABLE `courses` (
  `id` bigint(20) unsigned NOT NULL AUTO_INCREMENT,
  `title` varchar(191) COLLATE utf8mb4_unicode_ci NOT NULL,
  `session_type` varchar(191) COLLATE utf8mb4_unicode_ci DEFAULT NULL,
  `price_per_registrant` double DEFAULT NULL,
  `price_currency` varchar(191) COLLATE utf8mb4_unicode_ci NOT NULL DEFAULT 'Tsh',
  `price_per_tax` bigint(20) unsigned DEFAULT NULL,
  `deposit_enabled` tinyint(1) DEFAULT '0',
  `course_category_id` bigint(20) unsigned DEFAULT NULL,
  `course_provider_id` bigint(20) unsigned DEFAULT NULL,
  `description` longtext COLLATE utf8mb4_unicode_ci,
  `publish_status` varchar(191) COLLATE utf8mb4_unicode_ci DEFAULT NULL,
  `short_description` longtext COLLATE utf8mb4_unicode_ci,
  `created_at` timestamp NULL DEFAULT NULL,
  `updated_at` timestamp NULL DEFAULT NULL,
  `course_cover` varchar(191) COLLATE utf8mb4_unicode_ci NOT NULL DEFAULT 'course_cover_default.jpg',
  PRIMARY KEY (`id`),
  KEY `courses_price_per_tax_foreign` (`price_per_tax`),
  KEY `courses_course_category_id_foreign` (`course_category_id`),
  KEY `courses_course_provider_id_foreign` (`course_provider_id`),
  CONSTRAINT `courses_course_category_id_foreign` FOREIGN KEY (`course_category_id`) REFERENCES `course_categories` (`id`) ON DELETE SET NULL,
  CONSTRAINT `courses_course_provider_id_foreign` FOREIGN KEY (`course_provider_id`) REFERENCES `course_providers` (`id`) ON DELETE SET NULL,
  CONSTRAINT `courses_price_per_tax_foreign` FOREIGN KEY (`price_per_tax`) REFERENCES `price_taxes` (`id`) ON DELETE SET NULL
) ENGINE=InnoDB AUTO_INCREMENT=54 DEFAULT CHARSET=utf8mb4 COLLATE=utf8mb4_unicode_ci;

--
-- Dumping data for table `courses`
--

INSERT INTO `courses` VALUES (8,'Infection Prevention - Series Part 01','multiple',0,'TZS',NULL,NULL,7,1,'This series oers a range of modules that an be undertaken by healthcare workers  in order to strengthen their knowledge on how implement Infection Prevention  and Control measures so as to reduce, prevent and mitigate the spread of Health  care-associated infections (HAIs). You can register for individual modules that fit  your needs or the full series, find each individual trainings overview and key  learnings on the following pages.','PUBLISHED',NULL,'2022-12-08 04:59:48','2022-12-08 04:59:48','course_cover_default.jpg'),(9,'Customer Care Training for Healthcare Services','multiple',0,'TZS',NULL,NULL,4,1,'This training exposes participants to the end-to-end  customer experience in health care which enables them to  understand the importance of caring for a customer and  shows them how to improve their own performance','PUBLISHED',NULL,'2022-12-13 05:15:05','2022-12-14 05:40:10','course_cover_default.jpg'),(10,'Lean Management','multiple',0,'TZS',NULL,NULL,3,1,'This training aims at bringing about better leadership and  management in health systems by exposing health care  leaders to revolutionary lean management principles','PUBLISHED',NULL,'2022-12-13 05:22:42','2022-12-13 05:22:42','course_cover_default.jpg'),(11,'Service Marketing','multiple',0,'TZS',NULL,NULL,3,1,'Service marketing skills are needed to persuade customers to purchase something they cannot physically own but which they need and or want.','PUBLISHED',NULL,'2022-12-13 06:01:48','2022-12-13 06:01:48','course_cover_default.jpg'),(12,'Mental Health and Stress Management','multiple',0,'TZS',NULL,NULL,3,1,'Stress is an inevitablel phenomenon. Although some stress is good, excessive ongoing stress can be detrimental to health and lead to low productivity and inefficiency in all spheres of life.','PUBLISHED',NULL,'2022-12-13 07:22:00','2022-12-13 07:22:00','course_cover_default.jpg'),(13,'Healthcare Financial Management','multiple',0,'TZS',NULL,NULL,3,1,'Success or failure of healthcare organisations in terms of good patient care, increased investment, securing new revenue sources is hinged on proper management of financial resources and process.','PUBLISHED',NULL,'2022-12-13 07:30:38','2022-12-13 07:30:38','course_cover_default.jpg'),(14,'Digital Skills for Healthcare Workers','multiple',0,'TZS',NULL,NULL,3,1,'Digital technology, including mHealth and eHealth, is an inevitable part of the future of healthcare service delivery. But are health professionals prepared?','PUBLISHED',NULL,'2022-12-13 07:38:15','2022-12-13 07:38:15','course_cover_default.jpg'),(15,'Basics of project management for healthcare services','multiple',0,'TZS',NULL,NULL,3,1,'In health care, clinical and administrative sta with no formal  training in project management often end up leading  projects. These individuals may be subject maer experts,  but they likely only have a passing knowledge of the science  of moving ideas to results and therefore need formal training  in project management.','PUBLISHED',NULL,'2022-12-13 07:43:31','2022-12-13 07:43:31','course_cover_default.jpg'),(16,'Emergency Preparedness - Basic Life Support (BLS) / First Aid','multiple',0,'TZS',NULL,NULL,7,1,'Unexpected life threatening situations can present themselves at any moment and knowing the proper steps in providing Basic Life Support can be the difference between life and death','PUBLISHED',NULL,'2022-12-13 07:53:05','2022-12-13 07:53:05','course_cover_default.jpg'),(17,'Strengthening Antenatal Care Services','multiple',0,'TZS',NULL,NULL,2,1,'This course teaches antenatal care services, with a focus on  accurate pregnancy dating, recognizing high risk pregnancy,  early management and referral of anaemia and hypertension  and increased birth preparedness and emergency readiness in  the third trimester.','PUBLISHED',NULL,'2022-12-13 08:02:37','2022-12-13 08:02:37','course_cover_default.jpg'),(18,'Management of Hypertension in Pregnancy','multiple',0,'TZS',NULL,NULL,2,1,'This course teaches the understanding on the dangers of eclampsia and severe hypertension and the principles of hypertension management  in pregnancy. Participants learn how to prevent and how to treat / manage eclampsia and monitoring  for side effects.','PUBLISHED',NULL,'2022-12-13 08:16:46','2022-12-13 08:16:46','course_cover_default.jpg'),(19,'Management of Obstetric Haemorrhage','multiple',0,'TZS',NULL,NULL,2,1,'The aim of this course is to improve competency in correctly  responding to obstetric haemorrhage. It includes: 1. Early  recognition, 2. visual estimation of blood loss, 3. Fluid and blood  replacement, 4 Pre-surgical efforts to prevent excess blood loss  and prevent shock and DIC, 5. Post haemorrhage monitoring and  referral.','PUBLISHED',NULL,'2022-12-13 08:23:35','2022-12-13 08:23:35','course_cover_default.jpg'),(20,'Respectful Maternity Care','multiple',0,'TZS',NULL,NULL,2,1,'This training aims at improving specific component of a pregnant  woman’s experience of care at childbirth through addressing health  providers’ knowledge and skills gap in current national standards for  respectful care (2019). The desired result is the health care workers  will be motivated to change behaviour and hold each other  accountable to promote respectful care during childbirth','PUBLISHED',NULL,'2022-12-13 08:29:44','2022-12-13 08:29:44','course_cover_default.jpg'),(21,'Prevention and Management of Prolonged Labour','multiple',0,'TZS',NULL,NULL,2,1,'The course teaches about utilizing the partograph to prevent the  danger resulting from prolonged labour like fistula, neonatal deaths  and stillbirths, Neonatal resuscitation/ primary care for baby with  birth asphyxia and prevention of neonatal sepsis','PUBLISHED',NULL,'2022-12-13 08:41:43','2022-12-13 08:41:43','course_cover_default.jpg'),(22,'Assisted Vaccum Delivery','multiple',0,'TZS',NULL,NULL,2,1,'This course explores the perceptions on the low use of vacuum  extraction. Participants learn the indications and each participant is  enabled to perform a vacuum delivery in the simulation lab. It includes  a review and practice of neonatal resuscitation and care of the  equipment','PUBLISHED',NULL,'2022-12-13 08:52:28','2022-12-13 08:52:28','course_cover_default.jpg'),(23,'Assisted Breech Delivery','multiple',0,'TZS',NULL,NULL,2,1,'This course demonstrates the procedures used to perform breech delivery','PUBLISHED',NULL,'2022-12-13 08:58:25','2022-12-13 08:58:25','course_cover_default.jpg'),(24,'Management of Shoulder Dystocia','multiple',0,'TZS',NULL,NULL,2,1,'This course begins with a clarification of the definition and  diagnosis of shoulder dystocia. Participants learn about various  manoeuvres that are commonly used in the management of  shoulder dystocia. They gain a better understanding of the risk of  getting a shoulder dystocia and which complications of shoulder  dystocia might occur.','PUBLISHED',NULL,'2022-12-13 09:04:02','2022-12-13 09:04:02','course_cover_default.jpg'),(25,'Referral and transport of a sick baby','multiple',0,'TZS',NULL,NULL,2,1,'Timely identification of sick neonates who need referral to a higher  health facility and appropriate transport of these patients might be  life-saving. The content of this module is to ensure that health  workers know the indications for referral and how to prepare a  transport. The importance of communication with the higher health  facility including phone call prior to referral and referral letter as  well as provision of care during transport will be highlighted','PUBLISHED',NULL,'2022-12-13 09:14:53','2022-12-13 09:14:53','course_cover_default.jpg'),(26,'Neonatal Resuscitation','multiple',0,'TZS',NULL,NULL,2,1,'Failure to establish spontaneous breathing after birth can lead to a life  threatening situation. The content of this training module is to ensure that  health workers have the skills and knowledge to immediately detect  emergency situations and provide the appropriate steps of neonatal  resuscitation in order to prevent further damage for the new-born infant.','PUBLISHED',NULL,'2022-12-13 09:26:30','2022-12-13 09:26:30','course_cover_default.jpg'),(27,'Breastfeeding Counselling','multiple',0,'TZS',NULL,NULL,2,1,'Breastfeeding gives infants the best start in life and also protects the  health of the mother. The content of this training module is to ensure  that health workers have sufficient knowledge about the advantages of  BF and how it works and the skills to support mothers to start BF,  sustain it and overcome difficulties','PUBLISHED',NULL,'2022-12-13 09:34:55','2022-12-13 09:34:55','course_cover_default.jpg'),(28,'Essential Newborn Care','multiple',0,'TZS',NULL,NULL,2,1,'The first hours and days after birth are the most vulnerable period of a  child’s life. Content of this training module is to ensure that health workers  have the skills and knowledge to provide appropriate care for every  new-born. Keeping a baby warm, initiating breastfeeding in the first hour  after birth, physical examination of the newborn and routine care including  cord care, eye care and vaccinations are the key principles of essential  newborn care combined with counselling of new parents on danger signs.','PUBLISHED',NULL,'2022-12-13 09:42:40','2022-12-13 09:42:40','course_cover_default.jpg'),(29,'Basic Clubfoot','multiple',0,'TZS',NULL,NULL,2,1,'The basic clubfoot training will cover a simple introduction to the  core concepts and technique of the Ponseti method in a  noncomplex, idiopathic case of clubfoot in a child under 2','PUBLISHED',NULL,'2022-12-13 10:11:14','2022-12-13 10:11:14','course_cover_default.jpg'),(30,'Triage skills for healthcare professionals','multiple',0,'TZS',NULL,NULL,2,1,'This practical, fun and memorable training  is designed to refresh and enhance triage skills for both new and existing nurses and thus equip them to better tackle emergency situations in their health facilities.','PUBLISHED',NULL,'2022-12-14 04:30:01','2023-03-20 05:26:55','course_cover_default.jpg'),(31,'Perineal Repair Surgical Training','multiple',0,'TZS',NULL,NULL,2,1,'Perineal repair training is essential to improve the knowledge,  confidence and competency of obstetricians, gynecologists  and clinical practitioners who undertake perineal repair  procedures.','PUBLISHED',NULL,'2022-12-14 04:43:14','2023-03-18 05:42:47','course_cover_default.jpg'),(32,'Hysterectomy surgical skills training','multiple',0,'TZS',NULL,NULL,2,1,'Perineal repair trainings are essential to improve the knowledge, confidence and competency of obstestricians, gynaecologists and clinical practitioners who undertake perineal repair procedures.','PUBLISHED',NULL,'2022-12-14 05:07:02','2023-03-18 05:42:24','course_cover_default.jpg'),(33,'Disability Inclusion at the Workplace','multiple',0,'TZS',NULL,NULL,5,1,'There are 4.2 million Tanzanians living with a disability and  the law through the Persons Employment Act, 2010, states  that every employer with a work force of 20+ individuals must  employ persons with disabilities at a rate of at least 3% of the  employer’s total workforce.','PUBLISHED',NULL,'2022-12-14 05:15:39','2022-12-14 05:15:39','course_cover_default.jpg'),(34,'Sign Language','multiple',0,'TZS',NULL,NULL,5,1,'Being able to communicate using sign language facilitates an  inclusive working environment that helps you interact with  deaf co-workers and also makes your products and services  accessible and marketable to people with hearing  impairment','ON_HOLD',NULL,'2022-12-14 05:29:39','2023-03-07 05:35:24','course_cover_default.jpg'),(35,'Test Course One','multiple',0,'TZS',NULL,NULL,2,1,'This is a test Course','ON_HOLD',NULL,'2023-01-26 04:20:55','2023-03-07 05:35:58','course_cover_default.jpg'),(36,'Communication skills','multiple',0,'TZS',NULL,NULL,9,4,'Febdays testing this course','ON_HOLD',NULL,'2023-02-13 08:26:14','2023-03-07 05:34:24','course_cover_default.jpg'),(37,'Graphic designing','multiple',0,'TZS',NULL,NULL,10,5,'Graphic designing for digital marketing services','ON_HOLD',NULL,'2023-02-24 05:33:15','2023-03-07 05:34:05','course_cover_default.jpg'),(38,'ATB Test Course','multiple',0,'TZS',NULL,NULL,10,2,'Identifying innovative solutions in ICT','PUBLISHED',NULL,'2023-03-02 17:23:10','2023-03-07 05:33:44','course_cover_default.jpg'),(42,'ATB test2','multiple',0,'TZS',NULL,NULL,10,2,'Old configuration file_bamboo','PUBLISHED',NULL,'2023-03-10 11:36:48','2023-03-10 11:36:48','course_cover_default.jpg'),(43,'ATB test3','multiple',0,'TZS',NULL,NULL,10,2,'FMB130 Firmware Polygon_DOUT','PUBLISHED',NULL,'2023-03-10 11:37:13','2023-03-10 11:37:13','course_cover_default.jpg'),(44,'ATB Test4','multiple',0,'TZS',NULL,NULL,10,5,'switch Sensor on SS 2','PUBLISHED',NULL,'2023-03-10 11:37:43','2023-03-10 11:37:43','course_cover_default.jpg'),(45,'BEmONC','multiple',0,'TZS',NULL,NULL,2,1,'BEmONC contains the Maternal and Newborn courses focusing on improving maternal health','PUBLISHED',NULL,'2023-04-25 01:44:30','2023-04-27 04:06:56','course_cover_default.jpg'),(46,'Inventory Management - Quantification and Forecast, Ordering, Reconciliation and tracking','multiple',0,'TZS',NULL,NULL,4,1,'The relationship between inventory management and good business results, necessitates the need to apply best practices and methods in order to optimise the investment in inventory.','PUBLISHED',NULL,'2023-05-25 03:28:24','2023-05-25 03:28:24','course_cover_default.jpg'),(47,'Hospital Management-Testing','multiple',0,'TZS',NULL,NULL,3,1,'Information technology','PUBLISHED',NULL,'2023-05-31 07:42:06','2023-05-31 07:42:06','course_cover_default.jpg'),(50,'Infection Preventing And Control Testing','multiple',0,'TZS',NULL,NULL,4,1,'Content of our ‘Healthcare Support’ training category will ensure that health workers have the skills & knowledge to prevent disease transmission & help to reduce hospital acquired infection to patients. The workforce will also be equipped with skills to respond to emergencies as they arise.','PUBLISHED',NULL,'2023-06-05 06:17:29','2023-06-08 06:35:31','course_cover_default.jpg'),(51,'Abdillah test Course','multiple',0,'TZS',NULL,NULL,4,5,'Identifying innovative solutions in ICT','PUBLISHED',NULL,'2023-06-08 05:46:42','2023-06-08 06:23:25','course_cover_default.jpg'),(52,'Testing course','multiple',0,'TZS',NULL,NULL,4,1,'Testing - 25/06','PUBLISHED',NULL,'2023-06-22 09:06:48','2023-06-22 09:06:48','course_cover_default.jpg'),(53,'Low vision assessment','multiple',0,'TZS',NULL,NULL,11,6,'Low vision assessment','PUBLISHED',NULL,'2023-07-17 05:48:43','2023-07-17 05:48:43','course_cover_default.jpg');

--
-- Table structure for table `disabilities`
--

CREATE TABLE `disabilities` (
  `id` bigint(20) unsigned NOT NULL AUTO_INCREMENT,
  `name` varchar(191) COLLATE utf8mb4_unicode_ci NOT NULL,
  `created_at` timestamp NULL DEFAULT NULL,
  `updated_at` timestamp NULL DEFAULT NULL,
  PRIMARY KEY (`id`)
) ENGINE=InnoDB AUTO_INCREMENT=7 DEFAULT CHARSET=utf8mb4 COLLATE=utf8mb4_unicode_ci;

--
-- Dumping data for table `disabilities`
--

INSERT INTO `disabilities` VALUES (1,'Visual Impairment','2022-08-15 08:27:10','2022-08-15 08:27:10'),(2,'Speech Impairment','2022-08-15 08:27:10','2022-08-15 08:27:10'),(3,'Mental health condition','2022-08-15 08:27:10','2022-08-15 08:27:10'),(4,'Intellectual Disability ','2022-08-15 08:27:10','2022-08-15 08:27:10'),(5,'Physical Disability','2022-08-15 08:27:10','2022-08-15 08:27:10'),(6,'Deaf or hard of hearing','2022-08-15 08:27:10','2022-08-15 08:27:10');

--
-- Table structure for table `document_libraries`
--

CREATE TABLE `document_libraries` (
  `id` bigint(20) unsigned NOT NULL AUTO_INCREMENT,
  `uuid` varchar(191) COLLATE utf8mb4_unicode_ci DEFAULT NULL,
  `content_type` varchar(191) COLLATE utf8mb4_unicode_ci NOT NULL,
  `file_relevant_path` varchar(191) COLLATE utf8mb4_unicode_ci NOT NULL,
  `file_size` int(11) NOT NULL,
  `module_name` varchar(191) COLLATE utf8mb4_unicode_ci NOT NULL,
  `module_primary_key` varchar(191) COLLATE utf8mb4_unicode_ci NOT NULL,
  `open_field` varchar(191) COLLATE utf8mb4_unicode_ci DEFAULT NULL,
  `created_at` timestamp NULL DEFAULT NULL,
  `updated_at` timestamp NULL DEFAULT NULL,
  PRIMARY KEY (`id`)
) ENGINE=InnoDB DEFAULT CHARSET=utf8mb4 COLLATE=utf8mb4_unicode_ci;

--
-- Dumping data for table `document_libraries`
--


--
-- Table structure for table `events`
--

CREATE TABLE `events` (
  `id` bigint(20) unsigned NOT NULL AUTO_INCREMENT,
  `title` varchar(191) COLLATE utf8mb4_unicode_ci NOT NULL,
  `start` date NOT NULL,
  `end` date NOT NULL,
  `created_at` timestamp NULL DEFAULT NULL,
  `updated_at` timestamp NULL DEFAULT NULL,
  PRIMARY KEY (`id`)
) ENGINE=InnoDB DEFAULT CHARSET=utf8mb4 COLLATE=utf8mb4_unicode_ci;

--
-- Dumping data for table `events`
--


--
-- Table structure for table `failed_jobs`
--

CREATE TABLE `failed_jobs` (
  `id` bigint(20) unsigned NOT NULL AUTO_INCREMENT,
  `uuid` varchar(191) COLLATE utf8mb4_unicode_ci NOT NULL,
  `connection` text COLLATE utf8mb4_unicode_ci NOT NULL,
  `queue` text COLLATE utf8mb4_unicode_ci NOT NULL,
  `payload` longtext COLLATE utf8mb4_unicode_ci NOT NULL,
  `exception` longtext COLLATE utf8mb4_unicode_ci NOT NULL,
  `failed_at` timestamp NOT NULL DEFAULT CURRENT_TIMESTAMP,
  PRIMARY KEY (`id`),
  UNIQUE KEY `failed_jobs_uuid_unique` (`uuid`)
) ENGINE=InnoDB DEFAULT CHARSET=utf8mb4 COLLATE=utf8mb4_unicode_ci;

--
-- Dumping data for table `failed_jobs`
--


--
-- Table structure for table `footer_notes`
--

CREATE TABLE `footer_notes` (
  `id` int(11) NOT NULL AUTO_INCREMENT,
  `category` varchar(30) NOT NULL,
  `footer_note` text NOT NULL,
  `created_at` timestamp NOT NULL DEFAULT CURRENT_TIMESTAMP ON UPDATE CURRENT_TIMESTAMP,
  `updated_at` timestamp NOT NULL DEFAULT CURRENT_TIMESTAMP,
  PRIMARY KEY (`id`)
) ENGINE=InnoDB AUTO_INCREMENT=3 DEFAULT CHARSET=latin1;

--
-- Dumping data for table `footer_notes`
--

INSERT INTO `footer_notes` VALUES (1,'quote','<p><span style=\"font-size: 1rem;\">Bank Name: CRDB</span><br></p><p>Account Name: CCBRT ADVOCACY</p><p>Account Number: 0150516115912</p><p>Address: Msasani Tower, Dar Es Salaam.</p>','2022-12-07 09:25:55','2022-12-07 06:25:55'),(2,'quote','<div><b>CCBRT ACADEMY</b></div><div><br></div><div>P.O.Box 23310,</div><div><br></div><div>Dar Es Salaam, Tanzania</div><div><br></div><div>Bank Name: CRDB</div><div><br></div><div>Account Name: CCBRT ADVOCACY</div><div><br></div><div>Account Number: 0150516115912</div><div><br></div><div>Address: Msasani Tower, Dar Es Salaam</div>','2022-12-07 08:16:12','2022-12-07 08:16:12');

--
-- Table structure for table `key_numbers`
--

CREATE TABLE `key_numbers` (
  `id` bigint(20) unsigned NOT NULL AUTO_INCREMENT,
  `module` varchar(191) COLLATE utf8mb4_unicode_ci NOT NULL,
  `key_code` varchar(191) COLLATE utf8mb4_unicode_ci NOT NULL,
  `number` int(11) NOT NULL,
  `created_at` timestamp NULL DEFAULT NULL,
  `updated_at` timestamp NULL DEFAULT NULL,
  PRIMARY KEY (`id`)
) ENGINE=InnoDB AUTO_INCREMENT=74 DEFAULT CHARSET=utf8mb4 COLLATE=utf8mb4_unicode_ci;

--
-- Dumping data for table `key_numbers`
--

INSERT INTO `key_numbers` VALUES (1,'ORDER','BKNG-202212',1,'2022-12-06 09:22:34','2022-12-06 09:22:34'),(2,'ORDER','CCBRT/QT-202212',1,'2022-12-06 09:23:18','2022-12-06 09:23:18'),(3,'ORDER','BKNG-202212',2,'2022-12-07 06:13:06','2022-12-07 06:13:06'),(4,'ORDER','BKNG-202212',3,'2022-12-07 06:19:54','2022-12-07 06:19:54'),(5,'ORDER','CCBRT/QT-202212',2,'2022-12-07 06:20:19','2022-12-07 06:20:19'),(6,'ORDER','BKNG-202212',4,'2022-12-07 07:34:50','2022-12-07 07:34:50'),(7,'ORDER','BKNG-202212',5,'2022-12-07 08:22:13','2022-12-07 08:22:13'),(8,'ORDER','CCBRT/QT-202212',3,'2022-12-07 08:22:45','2022-12-07 08:22:45'),(9,'ORDER','BKNG-202212',6,'2022-12-07 09:02:43','2022-12-07 09:02:43'),(10,'ORDER','BKNG-202212',7,'2022-12-07 09:04:56','2022-12-07 09:04:56'),(11,'ORDER','BKNG-202212',8,'2022-12-07 09:08:17','2022-12-07 09:08:17'),(12,'ORDER','BKNG-202212',9,'2022-12-07 09:11:46','2022-12-07 09:11:46'),(13,'ORDER','CCBRT/QT-202212',4,'2022-12-07 09:14:18','2022-12-07 09:14:18'),(14,'ORDER','CCBRT/QT-202212',5,'2022-12-07 09:15:54','2022-12-07 09:15:54'),(15,'ORDER','BKNG-202212',10,'2022-12-14 08:54:04','2022-12-14 08:54:04'),(16,'ORDER','ORD-202301',1,'2023-01-26 07:40:38','2023-01-26 07:40:38'),(17,'ORDER','BKNG-202302',1,'2023-02-10 07:35:08','2023-02-10 07:35:08'),(18,'ORDER','BKNG-202302',2,'2023-02-13 12:16:00','2023-02-13 12:16:00'),(19,'ORDER','CCBRT/QT-202302',1,'2023-02-13 12:16:33','2023-02-13 12:16:33'),(20,'ORDER','BKNG-202302',3,'2023-02-13 12:19:54','2023-02-13 12:19:54'),(21,'ORDER','CCBRT/QT-202302',2,'2023-02-13 12:20:28','2023-02-13 12:20:28'),(22,'ORDER','BKNG-202302',4,'2023-02-14 11:12:18','2023-02-14 11:12:18'),(23,'ORDER','CCBRT/QT-202302',3,'2023-02-14 11:13:17','2023-02-14 11:13:17'),(24,'ORDER','CCBRT/QT-202302',4,'2023-02-14 12:31:39','2023-02-14 12:31:39'),(25,'ORDER','CCBRT/QT-202302',5,'2023-02-14 12:32:30','2023-02-14 12:32:30'),(26,'ORDER','CCBRT/QT-202302',6,'2023-02-14 12:38:31','2023-02-14 12:38:31'),(27,'ORDER','BKNG-202302',5,'2023-02-14 12:44:14','2023-02-14 12:44:14'),(28,'ORDER','CCBRT/QT-202302',7,'2023-02-14 12:44:23','2023-02-14 12:44:23'),(29,'ORDER','CCBRT/QT-202302',8,'2023-02-14 12:45:40','2023-02-14 12:45:40'),(30,'ORDER','CCBRT/QT-202302',9,'2023-02-14 18:43:31','2023-02-14 18:43:31'),(31,'ORDER','CCBRT/QT-202302',10,'2023-02-14 18:49:31','2023-02-14 18:49:31'),(32,'ORDER','CCBRT/QT-202302',11,'2023-02-14 18:56:16','2023-02-14 18:56:16'),(33,'ORDER','CCBRT/QT-202302',12,'2023-02-14 18:58:52','2023-02-14 18:58:52'),(34,'ORDER','CCBRT/QT-202302',13,'2023-02-15 06:21:16','2023-02-15 06:21:16'),(35,'ORDER','CCBRT/QT-202302',14,'2023-02-15 20:39:58','2023-02-15 20:39:58'),(36,'ORDER','CCBRT/QT-202302',15,'2023-02-15 20:43:37','2023-02-15 20:43:37'),(37,'ORDER','CCBRT/QT-202302',16,'2023-02-16 06:56:21','2023-02-16 06:56:21'),(38,'ORDER','CCBRT/QT-202302',17,'2023-02-16 07:03:17','2023-02-16 07:03:17'),(39,'ORDER','ORD-202302',1,'2023-02-16 07:15:44','2023-02-16 07:15:44'),(40,'ORDER','CCBRT/QT-202302',18,'2023-02-16 14:41:21','2023-02-16 14:41:21'),(41,'ORDER','ORD-202302',2,'2023-02-16 14:43:10','2023-02-16 14:43:10'),(42,'ORDER','BKNG-202302',6,'2023-02-16 16:00:23','2023-02-16 16:00:23'),(43,'ORDER','CCBRT/QT-202302',19,'2023-02-16 16:02:01','2023-02-16 16:02:01'),(44,'ORDER','BKNG-202302',7,'2023-02-17 10:37:22','2023-02-17 10:37:22'),(45,'ORDER','CCBRT/QT-202302',20,'2023-02-17 10:41:55','2023-02-17 10:41:55'),(46,'ORDER','ORD-202303',1,'2023-03-22 03:23:56','2023-03-22 03:23:56'),(47,'ORDER','ORD-202303',2,'2023-03-22 03:29:12','2023-03-22 03:29:12'),(48,'ORDER','BKNG-202303',1,'2023-03-22 03:32:34','2023-03-22 03:32:34'),(49,'ORDER','CCBRT/QT-202303',1,'2023-03-22 03:34:05','2023-03-22 03:34:05'),(50,'ORDER','BKNG-202303',2,'2023-03-22 03:50:35','2023-03-22 03:50:35'),(51,'ORDER','CCBRT/QT-202303',2,'2023-03-22 03:51:37','2023-03-22 03:51:37'),(52,'ORDER','BKNG-202305',1,'2023-05-11 08:29:56','2023-05-11 08:29:56'),(53,'ORDER','CCBRT/QT-202305',1,'2023-05-11 08:47:11','2023-05-11 08:47:11'),(54,'ORDER','BKNG-202305',2,'2023-05-11 09:01:13','2023-05-11 09:01:13'),(55,'ORDER','CCBRT/QT-202305',2,'2023-05-11 09:07:04','2023-05-11 09:07:04'),(56,'ORDER','ORD-202305',1,'2023-05-11 09:44:57','2023-05-11 09:44:57'),(57,'ORDER','ORD-202305',2,'2023-05-17 12:46:44','2023-05-17 12:46:44'),(58,'ORDER','BKNG-202306',1,'2023-06-13 06:29:14','2023-06-13 06:29:14'),(59,'ORDER','CCBRT/QT-202306',1,'2023-06-13 06:31:57','2023-06-13 06:31:57'),(60,'ORDER','BKNG-202306',2,'2023-06-13 07:10:09','2023-06-13 07:10:09'),(61,'ORDER','CCBRT/QT-202306',2,'2023-06-13 07:11:51','2023-06-13 07:11:51'),(62,'ORDER','ORD-202306',1,'2023-06-22 09:14:57','2023-06-22 09:14:57'),(63,'ORDER','ORD-202306',2,'2023-06-22 09:57:32','2023-06-22 09:57:32'),(64,'ORDER','ORD-202306',3,'2023-06-22 10:19:06','2023-06-22 10:19:06'),(65,'ORDER','BKNG-202307',1,'2023-07-03 09:34:54','2023-07-03 09:34:54'),(66,'ORDER','CCBRT/QT-202307',1,'2023-07-03 10:01:42','2023-07-03 10:01:42'),(67,'ORDER','ORD-202307',1,'2023-07-10 07:23:27','2023-07-10 07:23:27'),(68,'ORDER','ORD-202307',2,'2023-07-10 07:30:07','2023-07-10 07:30:07'),(69,'ORDER','BKNG-202307',2,'2023-07-26 11:15:58','2023-07-26 11:15:58'),(70,'ORDER','CCBRT/QT-202307',2,'2023-07-26 11:30:22','2023-07-26 11:30:22'),(71,'ORDER','ORD-202307',3,'2023-07-27 10:43:34','2023-07-27 10:43:34'),(72,'ORDER','ORD-202307',4,'2023-07-27 11:09:29','2023-07-27 11:09:29'),(73,'ORDER','ORD-202308',1,'2023-08-02 11:18:27','2023-08-02 11:18:27');

--
-- Table structure for table `learning_aids`
--

CREATE TABLE `learning_aids` (
  `id` int(11) NOT NULL AUTO_INCREMENT,
  `course_id` int(11) NOT NULL,
  `course_module_id` int(11) NOT NULL,
  `description` text,
  `learning_material` varchar(150) DEFAULT NULL,
  `created_at` timestamp NULL DEFAULT NULL,
  `updated_at` timestamp NULL DEFAULT NULL,
  PRIMARY KEY (`id`)
) ENGINE=InnoDB AUTO_INCREMENT=9 DEFAULT CHARSET=latin1;

--
-- Dumping data for table `learning_aids`
--

INSERT INTO `learning_aids` VALUES (1,9,21,'Desc','Product ticketing.pdf','2023-01-21 14:25:15','2023-01-21 14:25:15'),(4,10,22,'Desc1234 fefefefefe fefefe bra bra brabra bra','BATCH MANAGEMENT.pdf','2023-01-22 08:40:21','2023-01-22 10:20:25'),(5,34,49,'fewfwefw','Faraja Items 701-800 Alphabet M-N-O.pdf','2023-01-23 12:12:06','2023-01-23 12:12:06'),(6,37,49,NULL,'CERTIFICATES  FOR DISABILITY INCLUSION AT WORKPLACES (2).docx','2023-02-24 05:56:56','2023-02-24 05:56:56'),(7,8,12,'Theatre housekeeping','Usafishaji na utasishaji kwenye eneo la chumba cha upasuaji.pptx','2023-07-17 05:40:41','2023-07-17 05:40:41'),(8,53,83,'Low vision presentation','ExpenseRequisitionForm (17).pdf','2023-07-17 06:42:51','2023-07-17 06:42:51');

--
-- Table structure for table `migrations`
--

CREATE TABLE `migrations` (
  `id` int(10) unsigned NOT NULL AUTO_INCREMENT,
  `migration` varchar(191) COLLATE utf8mb4_unicode_ci NOT NULL,
  `batch` int(11) NOT NULL,
  PRIMARY KEY (`id`)
) ENGINE=InnoDB AUTO_INCREMENT=103 DEFAULT CHARSET=utf8mb4 COLLATE=utf8mb4_unicode_ci;

--
-- Dumping data for table `migrations`
--

INSERT INTO `migrations` VALUES (1,'2014_10_12_000000_create_users_table',1),(2,'2014_10_12_100000_create_password_resets_table',1),(3,'2019_08_19_000000_create_failed_jobs_table',1),(4,'2019_12_14_000001_create_personal_access_tokens_table',1),(5,'2021_09_12_070859_create_course_categories_table',1),(6,'2021_09_12_071123_create_course_accreditation_table',1),(7,'2021_09_12_071123_create_course_providers_table',1),(8,'2021_09_12_074632_create_price_taxes_table',1),(9,'2021_09_12_074833_create_course_presenters_table',1),(10,'2021_09_12_080120_create_venues_table',1),(11,'2021_09_12_150045_create_venue_rooms_table',1),(12,'2021_09_13_060512_create_courses_table',1),(13,'2021_09_13_071407_create_course_sessions_table',1),(14,'2021_09_13_152112_create_session_presenters_table',1),(15,'2021_09_23_124234_add_course_cover_to_courses',1),(16,'2021_09_27_165703_add_room_capacity_to_venue_rooms',1),(17,'2021_09_27_180853_add_publish_status_to_course_categories',1),(18,'2021_09_28_053952_add_publish_status_to_courses',1),(19,'2021_09_29_114306_create_course_modules_table',1),(20,'2021_09_30_031750_add_course_module_id_to_course_sessions_table',1),(21,'2021_10_26_054020_create_candidates_table',1),(22,'2021_10_26_090920_create_certificate_templates_table',1),(23,'2021_10_26_094820_create_notification_templates_table',1),(24,'2021_10_27_050841_create_course_registration_table',1),(25,'2021_10_28_194241_create_registration_table',1),(26,'2021_12_09_184841_create_resource_table',1),(27,'2021_12_10_232612_create_session_resources_table',1),(28,'2021_12_12_211203_add_price_to_course_module',1),(29,'2021_12_13_184341_create_order_table',1),(30,'2021_12_13_184741_create_order_item_table',1),(31,'2021_12_13_191203_add_session_to_registration',1),(32,'2021_12_14_123241_create_system_setting_table',1),(33,'2021_12_14_171141_create_key_number_table',1),(34,'2021_12_15_141841_send_invoice_notification_seed',1),(35,'2021_12_15_141841_tibapay_system_setting_seed',1),(36,'2021_12_15_235441_add_control_number_order_table',1),(37,'2021_12_16_132441_add_pay_status_order_table',1),(38,'2021_12_16_133441_successful_payment_notification_seed',1),(39,'2021_12_16_144041_tibapay_update_paid_system_setting_seed',1),(40,'2021_12_16_151741_create_registration_stage_table',1),(41,'2021_12_16_185441_add_complete_profile_key_candidate_table',1),(42,'2021_12_16_193641_successful_enrollment_notification_seed',1),(43,'2021_12_20_195803_add_attendance_to_registration',1),(44,'2021_12_26_172841_create_document_library_table',1),(45,'2021_12_26_190341_document_library_update_system_setting_seed',1),(46,'2022_05_09_141211_create_permission_tables',1),(47,'2022_05_13_103733_add_price_currency_to_courses',1),(48,'2022_05_17_122041_add_permission_title_to_permission',1),(49,'2022_05_19_125252_login_credentials_seed',1),(50,'2022_05_23_101905_create_events_table',1),(51,'2022_05_24_150827_add_course_id_to_resource',1),(52,'2022_05_24_151108_add_course_module_id_to_resource',1),(53,'2022_05_24_195415_add_file_name_to_resource',1),(54,'2022_05_26_142243_add_certificate_file_to_certificate_templates',1),(55,'2022_05_31_074531_add_is_banned_to_users_table',1),(56,'2022_06_01_112626_certificate_template_seed',1),(57,'2022_06_04_214809_create_payment_proofs_table',1),(58,'2022_06_06_121640_add_certified_to_registration',1),(59,'2022_06_08_195545_add_column_to_registrations_table',1),(60,'2022_06_10_062135_add_flag_column_to_certificate_templates',1),(61,'2022_06_23_064750_create_attendances_table',1),(62,'2022_06_23_064846_create_candidate_attendances_table',1),(63,'2022_06_25_080709_add_columns_to_course_modules_table',1),(64,'2022_06_25_082953_create_course_credits_table',1),(65,'2022_06_25_132748_add_candidate_id_to_payment_proofs',1),(66,'2022_06_25_212821_create_certificate_signatures_table',1),(67,'2022_06_27_000624_add_session_no_to_course_sessions_table',1),(68,'2022_06_29_100818_create_scholarships_table',1),(69,'2022_06_29_100901_create_scholarship_criterias_table',1),(70,'2022_06_30_191826_add_columns_to_scholarship_criterials_table',1),(71,'2022_07_01_083704_update_organisation_column_to_scholarship_criterias_table',1),(72,'2022_07_04_195129_add_column_wait_status_to_regitrations_table',1),(73,'2022_07_05_120015_add_publish_column_to_scholarships_table',1),(74,'2022_07_05_191907_create_terms_conditions_table',1),(75,'2022_07_14_071923_create_countries_table',1),(76,'2022_07_15_060152_update_organisation_column_to_candidates_table',1),(77,'2022_07_18_080151_create_order_candidates_table',1),(78,'2022_07_19_193455_notification_template_seed',1),(79,'2022_07_19_224711_waiting_notification_template_seed',1),(80,'2022_07_20_154129_add_order_id_to_payment_proofs_table',1),(81,'2022_07_21_120614_create_disabilities_table',1),(82,'2022_07_21_120642_add_disabilities_seed',1),(83,'2022_07_21_142739_add_columns_to_order_items_table',1),(84,'2022_07_21_151915_add_email_columns_to_registrations_table',1),(85,'2022_07_23_201958_add_scholarship_id_to_orders_table',1),(86,'2022_07_26_113519_send_link_template_seed',1),(87,'2022_07_29_200555_add_acreditor_column_to_scholarship_criterias',1),(88,'2022_07_30_211645_add_signatures_to_certificate_templates',1),(89,'2022_08_06_072838_create_acreditor_criterias_table',1),(90,'2022_08_07_192350_add_columns_to_session_resources_table',1),(91,'2022_08_11_072930_create_publish_statuses_table',1),(92,'2022_08_11_200003_add_columns_to_orders_table',1),(93,'2022_08_11_201119_add_waiting_status_column_to_orders_table',1),(94,'2022_08_13_102355_change_status_column_at_candidate_attendances_table',1),(95,'2022_08_17_072330_change_waiting_status_column_at_registrations_table',2),(96,'2022_08_17_103055_change_limit_usage_column_at_scholarships_table',3),(97,'2022_08_19_120619_create_rental_services_table',4),(98,'2022_08_21_103737_add_price_column_to_venue_rooms_table',4),(99,'2022_08_21_105553_add_booking_status_column_to_orders_table',4),(100,'2022_08_24_021901_drop_unique_from_users_table',5),(101,'2022_08_25_095626_add_price_currency_to_orders_table',6),(102,'2022_08_25_095649_add_price_currency_to_scholarships_table',6);

--
-- Table structure for table `model_has_permissions`
--

CREATE TABLE `model_has_permissions` (
  `permission_id` bigint(20) unsigned NOT NULL,
  `model_type` varchar(191) COLLATE utf8mb4_unicode_ci NOT NULL,
  `model_id` bigint(20) unsigned NOT NULL,
  PRIMARY KEY (`permission_id`,`model_id`,`model_type`),
  KEY `model_has_permissions_model_id_model_type_index` (`model_id`,`model_type`),
  CONSTRAINT `model_has_permissions_permission_id_foreign` FOREIGN KEY (`permission_id`) REFERENCES `permissions` (`id`) ON DELETE CASCADE
) ENGINE=InnoDB DEFAULT CHARSET=utf8mb4 COLLATE=utf8mb4_unicode_ci;

--
-- Dumping data for table `model_has_permissions`
--

INSERT INTO `model_has_permissions` VALUES (53,'App\\Models\\User',26),(53,'App\\Models\\User',27),(53,'App\\Models\\User',28),(53,'App\\Models\\User',29),(53,'App\\Models\\User',30),(53,'App\\Models\\User',31),(53,'App\\Models\\User',32),(53,'App\\Models\\User',33),(53,'App\\Models\\User',34),(53,'App\\Models\\User',35),(53,'App\\Models\\User',36),(53,'App\\Models\\User',37),(53,'App\\Models\\User',38),(53,'App\\Models\\User',39);

--
-- Table structure for table `model_has_roles`
--

CREATE TABLE `model_has_roles` (
  `role_id` bigint(20) unsigned NOT NULL,
  `model_type` varchar(191) COLLATE utf8mb4_unicode_ci NOT NULL,
  `model_id` bigint(20) unsigned NOT NULL,
  PRIMARY KEY (`role_id`,`model_id`,`model_type`),
  KEY `model_has_roles_model_id_model_type_index` (`model_id`,`model_type`),
  CONSTRAINT `model_has_roles_role_id_foreign` FOREIGN KEY (`role_id`) REFERENCES `roles` (`id`) ON DELETE CASCADE
) ENGINE=InnoDB DEFAULT CHARSET=utf8mb4 COLLATE=utf8mb4_unicode_ci;

--
-- Dumping data for table `model_has_roles`
--

INSERT INTO `model_has_roles` VALUES (1,'App\\Models\\User',3),(1,'App\\Models\\User',4),(1,'App\\Models\\User',25),(2,'App\\Models\\User',26),(2,'App\\Models\\User',27),(2,'App\\Models\\User',28),(2,'App\\Models\\User',29),(2,'App\\Models\\User',30),(2,'App\\Models\\User',31),(2,'App\\Models\\User',32),(2,'App\\Models\\User',33),(2,'App\\Models\\User',34),(2,'App\\Models\\User',35),(2,'App\\Models\\User',36),(2,'App\\Models\\User',39);

--
-- Table structure for table `module_credits`
--

CREATE TABLE `module_credits` (
  `id` bigint(20) unsigned NOT NULL AUTO_INCREMENT,
  `creditor_id` bigint(20) unsigned DEFAULT NULL,
  `course_id` bigint(20) unsigned DEFAULT NULL,
  `module_id` bigint(20) unsigned DEFAULT NULL,
  `credits` varchar(191) COLLATE utf8mb4_unicode_ci DEFAULT NULL,
  `created_at` timestamp NULL DEFAULT NULL,
  `updated_at` timestamp NULL DEFAULT NULL,
  `course_creditor_id` bigint(20) unsigned DEFAULT NULL,
  PRIMARY KEY (`id`),
  KEY `module_credits_creditor_id_foreign` (`creditor_id`),
  KEY `module_credits_course_creditor_id_foreign` (`course_creditor_id`)
) ENGINE=InnoDB AUTO_INCREMENT=75 DEFAULT CHARSET=utf8mb4 COLLATE=utf8mb4_unicode_ci;

--
-- Dumping data for table `module_credits`
--

INSERT INTO `module_credits` VALUES (1,1,7,1,'10','2022-12-05 13:39:06','2022-12-05 13:39:06',1),(2,2,6,2,'5','2022-12-05 13:48:34','2022-12-05 13:48:34',2),(3,3,5,3,'5','2022-12-05 13:54:18','2022-12-05 13:54:18',3),(4,2,4,4,'15','2022-12-05 13:58:24','2022-12-05 13:58:24',4),(5,1,4,4,'10','2022-12-05 13:58:24','2022-12-05 13:58:24',5),(6,4,3,5,'7','2022-12-05 14:04:18','2022-12-05 14:04:18',6),(7,1,2,6,'15','2022-12-05 14:08:49','2022-12-05 14:08:49',7),(8,1,7,8,'0','2022-12-07 05:28:33','2022-12-07 05:28:33',1),(9,1,34,46,'10','2023-01-11 06:51:49','2023-01-11 06:52:26',8),(10,2,34,46,'20','2023-01-11 06:52:01','2023-01-11 06:52:26',9),(11,1,35,47,'5','2023-01-26 04:23:12','2023-01-26 04:23:12',10),(12,2,35,47,'5','2023-01-26 04:23:12','2023-01-26 04:23:12',11),(13,1,29,41,NULL,'2023-02-08 05:11:51','2023-02-08 05:11:51',12),(14,3,29,41,NULL,'2023-02-08 05:20:20','2023-02-08 05:20:20',13),(17,7,36,48,NULL,'2023-02-13 08:36:06','2023-02-13 08:36:06',16),(18,12,37,49,NULL,'2023-02-24 05:48:09','2023-02-24 05:48:09',17),(19,1,38,50,NULL,'2023-03-02 17:34:29','2023-03-02 17:34:29',18),(20,3,38,50,NULL,'2023-03-02 17:34:40','2023-03-02 17:34:40',19),(21,4,38,50,NULL,'2023-03-02 17:34:52','2023-03-02 17:34:52',20),(22,1,45,57,NULL,'2023-04-25 02:35:47','2023-04-25 02:35:47',21),(23,1,45,58,NULL,'2023-04-25 02:35:47','2023-04-25 02:35:47',21),(24,1,45,59,NULL,'2023-04-25 02:35:47','2023-04-25 02:35:47',21),(25,1,45,60,NULL,'2023-04-25 02:35:47','2023-04-25 02:35:47',21),(26,1,45,61,NULL,'2023-04-25 02:35:47','2023-04-25 02:35:47',21),(27,1,45,62,NULL,'2023-04-25 02:35:47','2023-04-25 02:35:47',21),(28,3,45,57,NULL,'2023-04-25 02:35:58','2023-04-25 02:35:58',22),(29,3,45,58,NULL,'2023-04-25 02:35:58','2023-04-25 02:35:58',22),(30,3,45,59,NULL,'2023-04-25 02:35:58','2023-04-25 02:35:58',22),(31,3,45,60,NULL,'2023-04-25 02:35:58','2023-04-25 02:35:58',22),(32,3,45,61,NULL,'2023-04-25 02:35:58','2023-04-25 02:35:58',22),(33,3,45,62,NULL,'2023-04-25 02:35:58','2023-04-25 02:35:58',22),(34,1,45,63,'2','2023-04-25 02:37:53','2023-04-25 02:37:53',21),(35,3,45,63,'3','2023-04-25 02:37:53','2023-04-25 02:37:53',22),(36,1,45,64,'2','2023-04-25 02:41:24','2023-04-25 02:41:24',21),(37,3,45,64,'3','2023-04-25 02:41:24','2023-04-25 02:41:24',22),(38,1,45,65,'2','2023-04-25 02:45:09','2023-04-25 02:45:09',21),(39,3,45,65,'4','2023-04-25 02:45:09','2023-04-25 02:45:09',22),(40,1,45,66,'2','2023-04-26 03:33:41','2023-04-26 03:33:41',21),(41,3,45,66,NULL,'2023-04-26 03:33:41','2023-04-26 03:33:41',22),(42,1,45,67,'2','2023-04-26 03:40:37','2023-04-26 03:40:37',21),(43,3,45,67,NULL,'2023-04-26 03:40:37','2023-04-26 03:40:37',22),(44,1,45,68,'2','2023-04-26 03:50:44','2023-04-26 03:50:44',21),(45,3,45,68,NULL,'2023-04-26 03:50:44','2023-04-26 03:50:44',22),(46,1,45,69,'5','2023-04-26 05:01:01','2023-04-26 05:01:01',21),(47,3,45,69,NULL,'2023-04-26 05:01:01','2023-04-26 05:01:01',22),(48,1,45,70,'3','2023-04-26 05:11:01','2023-04-26 05:11:01',21),(49,3,45,70,NULL,'2023-04-26 05:11:01','2023-04-26 05:11:01',22),(50,1,45,71,NULL,'2023-04-26 06:11:48','2023-04-26 06:11:48',21),(51,3,45,71,NULL,'2023-04-26 06:11:48','2023-04-26 06:11:48',22),(52,1,45,72,NULL,'2023-04-27 04:12:21','2023-04-27 04:12:21',21),(53,3,45,72,NULL,'2023-04-27 04:12:21','2023-04-27 04:12:21',22),(54,1,45,73,NULL,'2023-04-27 08:43:03','2023-04-27 08:43:03',21),(55,3,45,73,NULL,'2023-04-27 08:43:03','2023-04-27 08:43:03',22),(56,1,45,74,NULL,'2023-04-27 09:40:46','2023-04-27 09:40:46',21),(57,3,45,74,NULL,'2023-04-27 09:40:46','2023-04-27 09:40:46',22),(58,1,45,75,NULL,'2023-04-27 09:40:54','2023-04-27 09:40:54',21),(59,3,45,75,NULL,'2023-04-27 09:40:54','2023-04-27 09:40:54',22),(60,1,45,76,NULL,'2023-04-27 09:51:08','2023-04-27 09:51:08',21),(61,3,45,76,NULL,'2023-04-27 09:51:08','2023-04-27 09:51:08',22),(62,1,15,27,NULL,'2023-05-11 06:32:50','2023-05-11 06:32:50',23),(66,1,50,79,'4','2023-06-08 05:54:13','2023-07-04 02:40:51',27),(68,1,27,39,NULL,'2023-06-22 07:23:31','2023-06-22 07:23:31',29),(69,3,47,78,NULL,'2023-06-22 07:29:37','2023-06-22 07:29:37',30),(70,2,52,81,'6','2023-07-05 15:03:07','2023-07-05 15:03:07',31),(71,4,52,81,'8','2023-07-05 15:03:07','2023-07-05 15:03:07',32),(72,2,52,82,'4','2023-07-10 04:17:26','2023-07-10 04:17:26',31),(73,4,52,82,'7','2023-07-10 04:17:26','2023-07-10 04:17:26',32),(74,15,53,83,'4','2023-07-17 05:55:17','2023-07-17 06:28:57',33);

--
-- Table structure for table `notification_templates`
--

CREATE TABLE `notification_templates` (
  `id` bigint(20) unsigned NOT NULL AUTO_INCREMENT,
  `name` varchar(191) COLLATE utf8mb4_unicode_ci NOT NULL,
  `description` varchar(191) COLLATE utf8mb4_unicode_ci NOT NULL,
  `send_via_email` smallint(6) NOT NULL DEFAULT '0',
  `send_via_sms` smallint(6) NOT NULL DEFAULT '0',
  `template` text COLLATE utf8mb4_unicode_ci,
  `created_at` timestamp NULL DEFAULT NULL,
  `updated_at` timestamp NULL DEFAULT NULL,
  PRIMARY KEY (`id`)
) ENGINE=InnoDB AUTO_INCREMENT=16 DEFAULT CHARSET=utf8mb4 COLLATE=utf8mb4_unicode_ci;

--
-- Dumping data for table `notification_templates`
--

INSERT INTO `notification_templates` VALUES (1,'send.invoice','Send Invoice',1,0,NULL,NULL,NULL),(2,'send.invoice.on.generation','Send Invoice On Generation',1,0,'You have succsessfully created an order\r\nClick the link below to edit, remove or add attendees in order.\r\n<br/>\r\nAlso you can generate control number or cancel order before making payment\r\n<br/>\r\n\r\n<a href=\"{{url($link)}}\" class=\"btn btn-info btn-sm mx-2\">Make Payment</a>',NULL,'2022-08-29 04:05:59'),(3,'successful.payment','Successful Payment',1,0,'Hi {{ $order->contact_first_name }} {{ $order->contact_last_name }},\n<br/>\n<br/>Your payment was received successfully.\n@if($order->payer_type == \"2\")\n    <br/>You will receive enrollment instructions.\n@else\n    <br/>All attendees will receive enrollment instructions.\n@endif\n<br/>\n<br/>Thank you.\n','2022-08-15 08:27:09','2022-08-15 08:27:09'),(4,'successful.enrollment','Successful Enrollment',1,0,'Dear {{ $registration->first_name }} {{ $registration->last_name }},\r\n<br/>\r\n<br/>Your have successfully enrolled in {{ $registration->course_title }} training.\r\n<br/>\r\n<br/>Thank you.','2022-08-15 08:27:09','2022-08-29 04:02:06'),(5,'course.enrollment.instructions','Course Enrollment Instructions',1,0,'Hi {{ $registration->first_name }} {{ $registration->last_name }},\n<br/>\n<br/>Your have successfully been registered for {{ $registration->course_title }}.\n<br/>Please complete your profile to complete the enrollment process.\n<br/><a href=\"{{ asset(\'/web/complete-profile/\' . $registration->complete_profile_key.\'/\'.$registration->id) }}\">Click here to complete your profile</a>\n<br/>\n<br/>Thank you.\n','2022-08-15 08:27:09','2022-08-15 08:27:09'),(6,'login.credentials','Login Credentials',1,0,'<h1>Dear, {{ $name }}</h1>\r\n<p>Welcome To TMS. Please find your login details below</p>\r\n<p><b>Username: </b> {{$username}}</p>\r\n<p><b>Password: </b> {{$password}}</p>\r\n<p>Click the link below to access your self-service portal</p>\r\n<a href=\"{{url($link)}}\" class=\"btn btn-info btn-sm mx-2\">Login Here</a>\r\n<p>Thank you </p>','2022-08-15 08:27:09','2022-09-05 14:54:37'),(7,'certificate.template','Certificate Template',1,0,'<img src=\"logo.png\" alt=\"\">\n<br/>\n<h6>Certificate of Participation</h6>\n<br/>Hamisi Chuma\n<br/>\n<br/>Thank you.\n','2022-08-15 08:27:09','2022-08-15 08:27:09'),(8,'remove.candidate.from.order','Remove candidate from order',1,0,'Hi {{ $registration->first_name }} {{ $registration->last_name }},\n<br/>\n<br/>Your have successfully been enrolled for {{ $registration->course_title }}.\n<br/>\n<br/>Thank you.\n','2022-08-15 08:27:10','2022-08-15 08:27:10'),(9,'cancel.order','Order was canceled',1,0,'Hi {{ $order->contact_first_name }} {{ $order->contact_last_name }},\n<br/>\n<br/>Your payment was received successfully.\n@if($order->payer_type == \"2\")\n    <br/>You will receive enrollment instructions.\n@else\n    <br/>All attendees will receive enrollment instructions.\n@endif\n<br/>\n<br/>Thank you.\n','2022-08-15 08:27:10','2022-08-15 08:27:10'),(10,'successful.sholarship','Successfully scholarship',1,0,'Congratulations\r\nThe CCBRT Academy has granted you a scholarship','2022-08-15 08:27:10','2022-08-29 04:00:38'),(11,'waiting.template','Waiting List',1,0,'Waiting\r\n\r\n\r\n','2022-08-15 08:27:10','2022-08-15 08:27:10'),(12,'accept.waiting','Accepting List',1,0,'Accepted','2022-08-15 08:27:10','2022-08-15 08:27:10'),(13,'reject.waiting','Rejected List',1,0,'Hi {{ $registration->first_name }} {{ $registration->last_name }},\n<br/>\n<br/>Your have successfully been enrolled for {{ $registration->course_title }}.\n<br/>\n<br/>Thank you.\n','2022-08-15 08:27:10','2022-08-15 08:27:10'),(14,'add.candidate.to.order','Rejected List',1,0,'Hi {{ $registration->first_name }} {{ $registration->last_name }},\n<br/>\n<br/>Your have successfully been enrolled for {{ $registration->course_title }}.\n<br/>\n<br/>Thank you.\n','2022-08-15 08:27:10','2022-08-15 08:27:10'),(15,'send.payment.link','Send Payment Link',1,0,'Refer Order Number {{$uid}} <br/>\r\nUse the link below to edit, remove or add attendees,\r\n<br/>\r\ncreate control number or cancel order before making payment\r\n<br/>\r\n\r\n<a href=\"{{url($link)}}\" class=\"btn btn-info btn-sm mx-2\">Make Payment</a>','2022-08-15 08:27:10','2022-08-16 04:13:17');

--
-- Table structure for table `order_candidates`
--

CREATE TABLE `order_candidates` (
  `id` bigint(20) unsigned NOT NULL AUTO_INCREMENT,
  `candidate_id` bigint(20) unsigned DEFAULT NULL,
  `order_id` bigint(20) unsigned DEFAULT NULL,
  `order_uid` varchar(191) COLLATE utf8mb4_unicode_ci DEFAULT NULL,
  `status` varchar(191) COLLATE utf8mb4_unicode_ci DEFAULT NULL,
  `created_at` timestamp NULL DEFAULT NULL,
  `updated_at` timestamp NULL DEFAULT NULL,
  PRIMARY KEY (`id`),
  KEY `order_candidates_candidate_id_foreign` (`candidate_id`),
  KEY `order_candidates_order_id_foreign` (`order_id`),
  CONSTRAINT `order_candidates_candidate_id_foreign` FOREIGN KEY (`candidate_id`) REFERENCES `candidates` (`id`) ON DELETE SET NULL,
  CONSTRAINT `order_candidates_order_id_foreign` FOREIGN KEY (`order_id`) REFERENCES `orders` (`id`) ON DELETE SET NULL
) ENGINE=InnoDB AUTO_INCREMENT=22 DEFAULT CHARSET=utf8mb4 COLLATE=utf8mb4_unicode_ci;

--
-- Dumping data for table `order_candidates`
--

INSERT INTO `order_candidates` VALUES (1,1,1,'ORD-2023010001',NULL,'2023-01-26 07:40:39','2023-01-26 07:40:39'),(2,NULL,1,'ORD-2023010001',NULL,'2023-01-26 07:40:41','2023-01-26 07:40:41'),(3,3,2,'ORD-2023020001',NULL,'2023-02-16 07:15:44','2023-02-16 07:15:44'),(4,NULL,3,'ORD-2023020002',NULL,'2023-02-16 14:43:10','2023-02-16 14:43:10'),(5,5,3,'ORD-2023020002',NULL,'2023-02-16 14:43:17','2023-02-16 14:43:17'),(6,NULL,4,'ORD-2023030001',NULL,'2023-03-22 03:23:56','2023-03-22 03:23:56'),(7,NULL,4,'ORD-2023030001',NULL,'2023-03-22 03:23:58','2023-03-22 03:23:58'),(8,8,5,'ORD-2023030002',NULL,'2023-03-22 03:29:12','2023-03-22 03:29:12'),(9,9,5,'ORD-2023030002',NULL,'2023-03-22 03:29:15','2023-03-22 03:29:15'),(10,10,6,'ORD-2023050001',NULL,'2023-05-11 09:44:57','2023-05-11 09:44:57'),(11,11,7,'ORD-2023050002',NULL,'2023-05-17 12:46:44','2023-05-17 12:46:44'),(12,12,8,'ORD-2023060001',NULL,'2023-06-22 09:14:57','2023-06-22 09:14:57'),(13,13,9,'ORD-2023060002',NULL,'2023-06-22 09:57:32','2023-06-22 09:57:32'),(14,14,9,'ORD-2023060002',NULL,'2023-06-22 09:57:34','2023-06-22 09:57:34'),(15,15,10,'ORD-2023060003',NULL,'2023-06-22 10:19:06','2023-06-22 10:19:06'),(16,18,11,'ORD-2023070001',NULL,'2023-07-10 07:23:27','2023-07-10 07:23:27'),(17,19,12,'ORD-2023070002',NULL,'2023-07-10 07:30:07','2023-07-10 07:30:07'),(18,20,12,'ORD-2023070002',NULL,'2023-07-10 07:30:11','2023-07-10 07:30:11'),(19,21,13,'ORD-2023070003',NULL,'2023-07-27 10:43:34','2023-07-27 10:43:34'),(20,22,14,'ORD-2023070004',NULL,'2023-07-27 11:09:29','2023-07-27 11:09:29'),(21,23,15,'ORD-2023080001',NULL,'2023-08-02 11:18:27','2023-08-02 11:18:27');

--
-- Table structure for table `order_items`
--

CREATE TABLE `order_items` (
  `id` bigint(20) unsigned NOT NULL AUTO_INCREMENT,
  `order_id` bigint(20) unsigned NOT NULL,
  `description` varchar(191) COLLATE utf8mb4_unicode_ci NOT NULL,
  `quantity` int(11) NOT NULL DEFAULT '1',
  `price` double NOT NULL DEFAULT '0',
  `sub_total` double NOT NULL DEFAULT '0',
  `created_at` timestamp NULL DEFAULT NULL,
  `updated_at` timestamp NULL DEFAULT NULL,
  `course_id` bigint(20) unsigned DEFAULT NULL,
  `module_id` varchar(191) COLLATE utf8mb4_unicode_ci DEFAULT NULL,
  `session_id` varchar(191) COLLATE utf8mb4_unicode_ci DEFAULT NULL,
  PRIMARY KEY (`id`),
  KEY `order_items_order_id_foreign` (`order_id`),
  KEY `order_items_course_id_foreign` (`course_id`),
  CONSTRAINT `order_items_course_id_foreign` FOREIGN KEY (`course_id`) REFERENCES `courses` (`id`) ON DELETE SET NULL,
  CONSTRAINT `order_items_order_id_foreign` FOREIGN KEY (`order_id`) REFERENCES `orders` (`id`) ON DELETE CASCADE
) ENGINE=InnoDB AUTO_INCREMENT=16 DEFAULT CHARSET=utf8mb4 COLLATE=utf8mb4_unicode_ci;

--
-- Dumping data for table `order_items`
--

INSERT INTO `order_items` VALUES (1,1,'Test Course One : Test Module One : Session #1 [2023-01-26 10:30:00]',2,100000,200000,'2023-01-26 07:40:38','2023-01-26 07:40:38',35,'47','3'),(2,2,'Communication skills : Leadership and management : Session 1 [2023-02-16 10:45:00]',1,140000,140000,'2023-02-16 07:15:44','2023-02-16 07:15:44',36,'48','8'),(3,3,'Communication skills : Leadership and management : Session #2 [2023-02-16 17:50:00]',2,140000,280000,'2023-02-16 14:43:10','2023-02-16 14:43:10',36,'48','9'),(4,4,'Infection Prevention - Series Part 01 : Waste Management : Session #1 [2023-03-31 13:00:00]',2,47000,94000,'2023-03-22 03:23:56','2023-03-22 03:23:56',8,'13','29'),(5,5,'Infection Prevention - Series Part 01 : Personal Protective Equipment (PPE) : Session #1 [2023-03-30 11:00:00]',2,47000,94000,'2023-03-22 03:29:12','2023-03-22 03:29:12',8,'10','26'),(6,6,'Lean Management : Lean Management  - Level I : Introduction to Lean Management  - #4 [2023-12-06 08:30:00]',1,140000,140000,'2023-05-11 09:44:57','2023-05-11 09:44:57',10,'22','17'),(7,7,'Essential Newborn Care : Essential Newborn Care : Essential new-born care session II [2023-07-01 08:00:00]',1,140000,140000,'2023-05-17 12:46:44','2023-05-17 12:46:44',28,'40','43'),(8,8,'Breastfeeding Counselling : Breastfeeding counselling : Breastfeeding counselling Session II [2023-07-23 08:00:00]',1,140000,140000,'2023-06-22 09:14:57','2023-06-22 09:14:57',27,'39','44'),(9,9,'Breastfeeding Counselling : Breastfeeding counselling : Breastfeeding counselling Session II [2023-07-23 08:00:00]',2,140000,280000,'2023-06-22 09:57:32','2023-06-22 09:57:32',27,'39','44'),(10,10,'Breastfeeding Counselling : Breastfeeding counselling : Breastfeeding counselling Session II [2023-07-23 08:00:00]',1,140000,140000,'2023-06-22 10:19:06','2023-06-22 10:19:06',27,'39','44'),(11,11,'Testing course : Test Module Two : Session #1 [2023-07-10 10:30:00]',1,100000,100000,'2023-07-10 07:23:27','2023-07-10 07:23:27',52,'82','99'),(12,12,'Testing course : Test Module Two : Session #1 [2023-07-10 10:30:00]',2,100000,200000,'2023-07-10 07:30:07','2023-07-10 07:30:07',52,'82','99'),(13,13,'Perineal Repair Surgical Training : Perineal Repair Surgical Training : Perineal Repair Surgical training Session II [2023-09-21 08:00:00]',1,226000,226000,'2023-07-27 10:43:34','2023-07-27 10:43:34',31,'43','38'),(14,14,'Lean Management : Lean Management  - Level I : Introduction to Lean Management  - # 3 [2023-09-06 08:30:00]',1,140000,140000,'2023-07-27 11:09:29','2023-07-27 11:09:29',10,'22','16'),(15,15,'Testing course : Test Module One : Session #1 [2023-08-03 11:00:00]',1,60000,60000,'2023-08-02 11:18:27','2023-08-02 11:18:27',52,'81','98');

--
-- Table structure for table `orders`
--

CREATE TABLE `orders` (
  `id` bigint(20) unsigned NOT NULL AUTO_INCREMENT,
  `uid` varchar(191) COLLATE utf8mb4_unicode_ci NOT NULL,
  `order_date` date NOT NULL,
  `booking_status` varchar(191) COLLATE utf8mb4_unicode_ci DEFAULT NULL,
  `payer_type` varchar(2) COLLATE utf8mb4_unicode_ci NOT NULL,
  `organisation_name` varchar(191) COLLATE utf8mb4_unicode_ci DEFAULT NULL,
  `payer_box_address` varchar(191) COLLATE utf8mb4_unicode_ci NOT NULL,
  `payer_city_address` varchar(191) COLLATE utf8mb4_unicode_ci NOT NULL,
  `payer_country_address` varchar(191) COLLATE utf8mb4_unicode_ci NOT NULL,
  `contact_first_name` varchar(191) COLLATE utf8mb4_unicode_ci NOT NULL,
  `contact_last_name` varchar(191) COLLATE utf8mb4_unicode_ci NOT NULL,
  `contact_phone` varchar(191) COLLATE utf8mb4_unicode_ci NOT NULL,
  `contact_email` varchar(191) COLLATE utf8mb4_unicode_ci NOT NULL,
  `paid_amount` double NOT NULL DEFAULT '0',
  `due_amount` double NOT NULL DEFAULT '0',
  `amount` double NOT NULL DEFAULT '0',
  `price_currency` varchar(191) COLLATE utf8mb4_unicode_ci DEFAULT NULL,
  `invoice_status` varchar(2) COLLATE utf8mb4_unicode_ci NOT NULL DEFAULT '1',
  `pay_status` varchar(2) COLLATE utf8mb4_unicode_ci DEFAULT '1',
  `status` varchar(2) COLLATE utf8mb4_unicode_ci NOT NULL DEFAULT '1',
  `control_number` varchar(191) COLLATE utf8mb4_unicode_ci DEFAULT NULL,
  `created_at` timestamp NULL DEFAULT NULL,
  `updated_at` timestamp NULL DEFAULT NULL,
  `scholarship_id` bigint(20) unsigned DEFAULT NULL,
  `waiting_order_id` varchar(191) COLLATE utf8mb4_unicode_ci DEFAULT NULL,
  `non_waiting_order_id` varchar(191) COLLATE utf8mb4_unicode_ci DEFAULT NULL,
  `waiting_status` varchar(191) COLLATE utf8mb4_unicode_ci DEFAULT NULL,
  PRIMARY KEY (`id`),
  KEY `orders_scholarship_id_foreign` (`scholarship_id`),
  CONSTRAINT `orders_scholarship_id_foreign` FOREIGN KEY (`scholarship_id`) REFERENCES `scholarships` (`id`) ON DELETE SET NULL
) ENGINE=InnoDB AUTO_INCREMENT=16 DEFAULT CHARSET=utf8mb4 COLLATE=utf8mb4_unicode_ci;

--
-- Dumping data for table `orders`
--

INSERT INTO `orders` VALUES (1,'ORD-2023010001','2023-01-26',NULL,'2',NULL,'5725','Dar es Salaam','Tanzania, United Republic of','Derick','Kabyemela','0738069145','kabydee@gmail.com',200000,0,200000,'TZS','2','2','2','20221736985580114741201','2023-01-26 07:40:38','2023-01-26 04:41:24',NULL,NULL,NULL,NULL),(2,'ORD-2023020001','2023-02-16',NULL,'1','CCBRT','4000','Dar Es Salaam','Tanzania, United Republic of','Festus','Mwilenga','0656121885','festusflowin@gmail.com',140000,0,140000,'TZS','2','1','1',NULL,'2023-02-16 07:15:44','2023-02-16 14:43:17',NULL,NULL,NULL,NULL),(3,'ORD-2023020002','2023-02-16',NULL,'2',NULL,'5000','Dar es Salaam','Tanzania, United Republic of','Derick','Kabyemela','0692463122','kabydee@gmail.com',0,280000,280000,'TZS','2','1','1',NULL,'2023-02-16 14:43:10','2023-02-16 14:43:14',NULL,NULL,NULL,NULL),(4,'ORD-2023030001','2023-03-22',NULL,'1','Ifakara Health Institute','7000','Dar es Salaam','Tanzania, United Republic of','Derick','Kabyemela','0718527660','kabydee@gmail.com',94000,0,94000,'TZS','2','2','2','2022123097288307935027','2023-03-22 03:23:56','2023-03-22 05:21:22',NULL,NULL,NULL,NULL),(5,'ORD-2023030002','2023-03-22',NULL,'1',NULL,'4000','Dodoma','Tanzania, United Republic of','Johnson','Msigwa','0692463122','kabydee@gmail.com',0,94000,94000,'TZS','2','1','1',NULL,'2023-03-22 03:29:12','2023-03-22 03:29:15',NULL,NULL,NULL,NULL),(6,'ORD-2023050001','2023-05-11',NULL,'1','SparK','P.O. Box 32231','Dar es salaam','Tanzania, United Republic of','Gina','Ginah','0728133206','regina.monyemangene@ccbrt.org',140000,0,140000,'TZS','2','2','2','20221157799760853539054','2023-05-11 09:44:57','2023-05-11 06:56:16',NULL,NULL,NULL,NULL),(7,'ORD-2023050002','2023-05-17',NULL,'1','CRDB','23310','Dar es salaam','Tanzania, United Republic of','Febdays','Minja','0622059625','febdaysminja@gmail.com',0,140000,140000,'TZS','2','1','1','202211194398851311939656','2023-05-17 12:46:44','2023-05-17 10:00:09',NULL,NULL,NULL,NULL),(8,'ORD-2023060001','2023-06-22',NULL,'2',NULL,'9040','Dar es Salaam','Tanzania, United Republic of','Edwin','Kashangaki','+255718069395','edwin.kashangaki@ccbrt.org',140000,0,140000,'TZS','2','1','1',NULL,'2023-06-22 09:14:57','2023-06-22 06:27:45',NULL,NULL,NULL,NULL),(9,'ORD-2023060002','2023-06-22',NULL,'2',NULL,'3245','Dar es Salaam','Tanzania, United Republic of','Febdays','Minja','+255784345453','febdays.minja@ccbrt.org',280000,0,280000,'TZS','2','2','2','2022543259393481230531','2023-06-22 09:57:32','2023-06-22 07:02:58',NULL,NULL,NULL,NULL),(10,'ORD-2023060003','2023-06-22',NULL,'1',NULL,'634675','Dar es Salaam','Tanzania, United Republic of','Regina','Sanga','+255871887813','regina.sanga@ccbrt.org',0,140000,140000,'TZS','2','1','1',NULL,'2023-06-22 10:19:06','2023-06-22 10:19:09',NULL,NULL,NULL,NULL),(11,'ORD-2023070001','2023-07-10',NULL,'2',NULL,'7000','0692463122','Tanzania, United Republic of','Kaijage','Kabyemela','0692463122','kabydee@gmail.com',100000,0,100000,'TZS','2','2','2','2022103307082041548653','2023-07-10 07:23:27','2023-07-10 04:24:16',NULL,NULL,NULL,NULL),(12,'ORD-2023070002','2023-07-10',NULL,'2',NULL,'5000','Dar es Salaam','Tanzania, United Republic of','Kaija','Kaby','0738069145','kabydee@gmail.com',200000,0,200000,'TZS','2','2','2','202215583038884309324','2023-07-10 07:30:07','2023-07-10 04:30:59',NULL,NULL,NULL,NULL),(13,'ORD-2023070003','2023-07-27',NULL,'2',NULL,'9181','Dar es Salaam','Tanzania, United Republic of','Edwin','Muganyizi','0718069395','eddiehenrico06@gmail.com',226000,0,226000,'TZS','2','1','1',NULL,'2023-07-27 10:43:34','2023-07-27 07:46:49',NULL,NULL,NULL,NULL),(14,'ORD-2023070004','2023-07-27',NULL,'2',NULL,'3245','Dar es Salaam','Albania','Edwin','Kashangaki','+255871887812','eddiehenrico06@gmail.com',0,140000,140000,'TZS','2','1','1',NULL,'2023-07-27 11:09:29','2023-07-27 11:09:32',NULL,NULL,NULL,NULL),(15,'ORD-2023080001','2023-08-02',NULL,'1','TrueBits Technologies PLC','7000','Dar es Salaam','Tanzania, United Republic of','Derick','Kaijage','0692463122','kabyk95@gmail.com',0,60000,60000,'TZS','2','1','1',NULL,'2023-08-02 11:18:27','2023-08-02 11:18:30',NULL,NULL,NULL,NULL);

--
-- Table structure for table `password_resets`
--

CREATE TABLE `password_resets` (
  `email` varchar(191) COLLATE utf8mb4_unicode_ci NOT NULL,
  `token` varchar(191) COLLATE utf8mb4_unicode_ci NOT NULL,
  `created_at` timestamp NULL DEFAULT NULL,
  KEY `password_resets_email_index` (`email`)
) ENGINE=InnoDB DEFAULT CHARSET=utf8mb4 COLLATE=utf8mb4_unicode_ci;

--
-- Dumping data for table `password_resets`
--


--
-- Table structure for table `payment_proofs`
--

CREATE TABLE `payment_proofs` (
  `id` bigint(20) unsigned NOT NULL AUTO_INCREMENT,
  `payment_proof` varchar(191) COLLATE utf8mb4_unicode_ci NOT NULL,
  `created_at` timestamp NULL DEFAULT NULL,
  `updated_at` timestamp NULL DEFAULT NULL,
  `candidate_id` varchar(191) COLLATE utf8mb4_unicode_ci DEFAULT NULL,
  `order_id` varchar(191) COLLATE utf8mb4_unicode_ci DEFAULT NULL,
  PRIMARY KEY (`id`)
) ENGINE=InnoDB AUTO_INCREMENT=6 DEFAULT CHARSET=utf8mb4 COLLATE=utf8mb4_unicode_ci;

--
-- Dumping data for table `payment_proofs`
--

INSERT INTO `payment_proofs` VALUES (1,'CCBRT_QT-2023020002.pdf','2023-02-16 11:44:01','2023-02-16 11:44:01',NULL,'ORD-2023020002'),(2,'Country_Code_List.pdf','2023-06-22 06:20:19','2023-06-22 06:20:19',NULL,'ORD-2023060001'),(3,'ccbrt-logo-Transparent.png','2023-06-22 07:04:30','2023-06-22 07:04:30',NULL,'ORD-2023060002'),(4,'Dialysis_CCBRT.pdf','2023-07-27 07:44:55','2023-07-27 07:44:55',NULL,'ORD-2023070003'),(5,'Dialysis_CCBRT (1).pdf','2023-07-27 08:21:33','2023-07-27 08:21:33',NULL,'ORD-2023070003');

--
-- Table structure for table `permissions`
--

CREATE TABLE `permissions` (
  `id` bigint(20) unsigned NOT NULL AUTO_INCREMENT,
  `name` varchar(191) COLLATE utf8mb4_unicode_ci NOT NULL,
  `guard_name` varchar(191) COLLATE utf8mb4_unicode_ci NOT NULL,
  `created_at` timestamp NULL DEFAULT NULL,
  `updated_at` timestamp NULL DEFAULT NULL,
  `permission_title` varchar(191) COLLATE utf8mb4_unicode_ci DEFAULT NULL,
  PRIMARY KEY (`id`),
  UNIQUE KEY `permissions_name_guard_name_unique` (`name`,`guard_name`)
) ENGINE=InnoDB AUTO_INCREMENT=61 DEFAULT CHARSET=utf8mb4 COLLATE=utf8mb4_unicode_ci;

--
-- Dumping data for table `permissions`
--

INSERT INTO `permissions` VALUES (1,'view_users','web',NULL,NULL,'Users'),(2,'add_users','web',NULL,NULL,'Users'),(3,'edit_users','web',NULL,NULL,'Users'),(4,'delete_users','web',NULL,NULL,'Users'),(5,'view_roles','web',NULL,NULL,'Roles'),(6,'add_roles','web',NULL,NULL,'Roles'),(7,'edit_roles','web',NULL,NULL,'Roles'),(8,'delete_roles','web',NULL,NULL,'Roles'),(9,'view_category','web',NULL,NULL,'Category'),(10,'add_category','web',NULL,NULL,'Category'),(11,'edit_category','web',NULL,NULL,'Category'),(12,'delete_category','web',NULL,NULL,'Category'),(13,'view_provider','web',NULL,NULL,'Provider'),(14,'add_provider','web',NULL,NULL,'Provider'),(15,'edit_provider','web',NULL,NULL,'Provider'),(16,'delete_provider','web',NULL,NULL,'Provider'),(17,'view_accreditation','web',NULL,NULL,'Accreditation'),(18,'add_accreditation','web',NULL,NULL,'Accreditation'),(19,'edit_accreditation','web',NULL,NULL,'Accreditation'),(20,'delete_accreditation','web',NULL,NULL,'Accreditation'),(21,'view_venue','web',NULL,NULL,'Venue'),(22,'add_venue','web',NULL,NULL,'Venue'),(23,'edit_venue','web',NULL,NULL,'Venue'),(24,'delete_venue','web',NULL,NULL,'Venue'),(25,'view_price_tax','web',NULL,NULL,'Price Tax'),(26,'add_price_tax','web',NULL,NULL,'Price Tax'),(27,'edit_price_tax','web',NULL,NULL,'Price Tax'),(28,'delete_price_tax','web',NULL,NULL,'Price Tax'),(29,'view_presenter','web',NULL,NULL,'Presenter'),(30,'add_presenter','web',NULL,NULL,'Presenter'),(31,'edit_presenter','web',NULL,NULL,'Presenter'),(32,'delete_presenter','web',NULL,NULL,'Presenter'),(33,'view_resource','web',NULL,NULL,'Resource'),(34,'add_resource','web',NULL,NULL,'Resource'),(35,'edit_resource','web',NULL,NULL,'Resource'),(36,'delete_resource','web',NULL,NULL,'Resource'),(37,'view_course','web',NULL,NULL,'Course'),(38,'add_course','web',NULL,NULL,'Course'),(39,'edit_course','web',NULL,NULL,'Course'),(40,'delete_course','web',NULL,NULL,'Course'),(41,'view_candidate','web',NULL,NULL,'Candidate'),(42,'add_candidate','web',NULL,NULL,'Candidate'),(43,'edit_candidate','web',NULL,NULL,'Candidate'),(44,'delete_candidate','web',NULL,NULL,'Candidate'),(45,'view_order','web',NULL,NULL,'Order'),(46,'add_order','web',NULL,NULL,'Order'),(47,'edit_order','web',NULL,NULL,'Order'),(48,'delete_order','web',NULL,NULL,'Order'),(49,'view_template','web',NULL,NULL,'Template'),(50,'add_template','web',NULL,NULL,'Template'),(51,'edit_template','web',NULL,NULL,'Template'),(52,'delete_template','web',NULL,NULL,'Template'),(53,'candidate_portal','web',NULL,NULL,'Candidate Portal'),(54,'create_report','web',NULL,NULL,'Report'),(55,'view_course_setup','web',NULL,NULL,'Course Setup'),(56,'view_dashboard','web',NULL,NULL,'View Dashboard'),(57,'view_attendance','web',NULL,NULL,'View Attendance'),(58,'system_settings','web',NULL,NULL,'System Setting'),(59,'Admin','web','2022-08-15 08:27:10','2022-08-15 08:27:10',NULL),(60,'view_scholarship','web','2022-08-15 09:17:29','2022-08-15 09:17:29','Scholarship');

--
-- Table structure for table `personal_access_tokens`
--

CREATE TABLE `personal_access_tokens` (
  `id` bigint(20) unsigned NOT NULL AUTO_INCREMENT,
  `tokenable_type` varchar(191) COLLATE utf8mb4_unicode_ci NOT NULL,
  `tokenable_id` bigint(20) unsigned NOT NULL,
  `name` varchar(191) COLLATE utf8mb4_unicode_ci NOT NULL,
  `token` varchar(64) COLLATE utf8mb4_unicode_ci NOT NULL,
  `abilities` text COLLATE utf8mb4_unicode_ci,
  `last_used_at` timestamp NULL DEFAULT NULL,
  `created_at` timestamp NULL DEFAULT NULL,
  `updated_at` timestamp NULL DEFAULT NULL,
  PRIMARY KEY (`id`),
  UNIQUE KEY `personal_access_tokens_token_unique` (`token`),
  KEY `personal_access_tokens_tokenable_type_tokenable_id_index` (`tokenable_type`,`tokenable_id`)
) ENGINE=InnoDB DEFAULT CHARSET=utf8mb4 COLLATE=utf8mb4_unicode_ci;

--
-- Dumping data for table `personal_access_tokens`
--


--
-- Table structure for table `price_taxes`
--

CREATE TABLE `price_taxes` (
  `id` bigint(20) unsigned NOT NULL AUTO_INCREMENT,
  `name` varchar(191) COLLATE utf8mb4_unicode_ci NOT NULL,
  `description` varchar(191) COLLATE utf8mb4_unicode_ci NOT NULL,
  `value` double NOT NULL,
  `created_at` timestamp NULL DEFAULT NULL,
  `updated_at` timestamp NULL DEFAULT NULL,
  PRIMARY KEY (`id`)
) ENGINE=InnoDB DEFAULT CHARSET=utf8mb4 COLLATE=utf8mb4_unicode_ci;

--
-- Dumping data for table `price_taxes`
--


--
-- Table structure for table `publish_statuses`
--

CREATE TABLE `publish_statuses` (
  `id` bigint(20) unsigned NOT NULL AUTO_INCREMENT,
  `name` varchar(191) COLLATE utf8mb4_unicode_ci NOT NULL,
  `created_at` timestamp NULL DEFAULT NULL,
  `updated_at` timestamp NULL DEFAULT NULL,
  PRIMARY KEY (`id`)
) ENGINE=InnoDB AUTO_INCREMENT=4 DEFAULT CHARSET=utf8mb4 COLLATE=utf8mb4_unicode_ci;

--
-- Dumping data for table `publish_statuses`
--

INSERT INTO `publish_statuses` VALUES (1,'PUBLISHED',NULL,NULL),(2,'DRAFT',NULL,NULL),(3,'ON_HOLD',NULL,NULL);

--
-- Table structure for table `quotation_charges`
--

CREATE TABLE `quotation_charges` (
  `id` bigint(20) unsigned NOT NULL AUTO_INCREMENT,
  `quote_id` bigint(20) unsigned DEFAULT NULL,
  `service_name` varchar(191) COLLATE utf8mb4_unicode_ci DEFAULT NULL,
  `service_type` int(11) DEFAULT NULL,
  `qnty` int(11) DEFAULT NULL,
  `days` int(11) DEFAULT NULL,
  `subtotal` int(11) DEFAULT NULL,
  `total_amount` int(11) DEFAULT NULL,
  `created_at` timestamp NULL DEFAULT NULL,
  `updated_at` timestamp NULL DEFAULT NULL,
  PRIMARY KEY (`id`),
  KEY `quotation_charges_quote_id_foreign` (`quote_id`),
  CONSTRAINT `quotation_charges_quote_id_foreign` FOREIGN KEY (`quote_id`) REFERENCES `rental_quotations` (`id`) ON DELETE SET NULL
) ENGINE=InnoDB AUTO_INCREMENT=60 DEFAULT CHARSET=utf8mb4 COLLATE=utf8mb4_unicode_ci;

--
-- Dumping data for table `quotation_charges`
--

INSERT INTO `quotation_charges` VALUES (1,1,'Twiga',0,NULL,NULL,180000,180000,'2022-12-06 09:23:18','2022-12-06 09:23:18'),(2,2,'Pundamilia',0,NULL,NULL,80000,160000,'2022-12-07 06:20:19','2022-12-07 06:20:19'),(3,3,'Kiboko',0,NULL,NULL,350000,350000,'2022-12-07 08:22:45','2022-12-07 08:22:45'),(4,4,'Kanga',0,NULL,NULL,208000,208000,'2022-12-07 09:14:18','2022-12-07 09:14:18'),(5,5,'Kanga',0,NULL,NULL,208000,208000,'2022-12-07 09:15:54','2022-12-07 09:15:54'),(6,6,'Kiboko',0,10,4,350000,1400000,'2023-02-13 12:16:33','2023-02-13 12:16:33'),(7,7,'Kiboko',0,50,1,350000,350000,'2023-02-13 12:20:28','2023-02-13 12:20:28'),(8,8,'Drinks',2,15,1,2000,30000,'2023-02-14 11:13:17','2023-02-14 11:13:17'),(9,8,'Photography',1,1,1,90000,90000,'2023-02-14 11:13:17','2023-02-14 11:13:17'),(10,8,'Kiboko',0,15,1,350000,350000,'2023-02-14 11:13:17','2023-02-14 11:13:17'),(11,9,'Drinks',1,3,2,6000,6000,'2023-02-14 12:31:39','2023-02-14 12:31:39'),(12,9,'Photograph',2,10,1,1000,10000,'2023-02-14 12:31:39','2023-02-14 12:31:39'),(13,9,'Computer Lab -Kipepeo',0,10,1,208000,208000,'2023-02-14 12:31:39','2023-02-14 12:31:39'),(14,10,'Drinks',1,3,2,6000,6000,'2023-02-14 12:32:30','2023-02-14 12:32:30'),(15,10,'Photograph',2,10,1,1000,10000,'2023-02-14 12:32:30','2023-02-14 12:32:30'),(16,10,'Computer Lab -Kipepeo',0,10,1,208000,208000,'2023-02-14 12:32:30','2023-02-14 12:32:30'),(17,11,'Drinks',1,10,2,60000,60000,'2023-02-14 12:38:31','2023-02-14 12:38:31'),(18,11,'Photograph',2,10,1,5000,50000,'2023-02-14 12:38:31','2023-02-14 12:38:31'),(19,11,'Computer Lab -Kipepeo',0,10,1,208000,208000,'2023-02-14 12:38:31','2023-02-14 12:38:31'),(20,12,'Drinks',1,10,2,60000,60000,'2023-02-14 12:44:23','2023-02-14 12:44:23'),(21,12,'Photograph',2,10,1,5000,50000,'2023-02-14 12:44:23','2023-02-14 12:44:23'),(22,12,'Computer Lab -Kipepeo',0,10,1,208000,208000,'2023-02-14 12:44:23','2023-02-14 12:44:23'),(23,13,'Drinks',2,25,4,2000,200000,'2023-02-14 12:45:40','2023-02-14 12:45:40'),(24,13,'Photography',1,2,4,1200000,1200000,'2023-02-14 12:45:40','2023-02-14 12:45:40'),(25,13,'Swala',0,25,4,150000,600000,'2023-02-14 12:45:40','2023-02-14 12:45:40'),(26,14,'Kiboko',0,3,2,350000,700000,'2023-02-14 18:43:31','2023-02-14 18:43:31'),(27,15,'Swala',0,25,4,150000,600000,'2023-02-14 18:49:31','2023-02-14 18:49:31'),(28,16,'Swala',0,25,4,150000,600000,'2023-02-14 18:56:16','2023-02-14 18:56:16'),(29,17,'Swala',0,25,4,150000,600000,'2023-02-14 18:58:52','2023-02-14 18:58:52'),(30,18,'Swala',0,25,4,150000,600000,'2023-02-15 06:21:16','2023-02-15 06:21:16'),(31,19,'Swala',0,25,4,150000,600000,'2023-02-15 20:39:58','2023-02-15 20:39:58'),(32,20,'Swala',0,25,4,150000,600000,'2023-02-15 20:43:37','2023-02-15 20:43:37'),(33,21,'Swala',0,25,4,150000,600000,'2023-02-16 06:56:21','2023-02-16 06:56:21'),(34,22,'Swala',0,25,4,150000,600000,'2023-02-16 07:03:17','2023-02-16 07:03:17'),(35,23,'Swala',0,25,4,150000,600000,'2023-02-16 14:41:21','2023-02-16 14:41:21'),(36,24,'Photographer',2,3,2,500,3000,'2023-02-16 16:02:01','2023-02-16 16:02:01'),(37,24,'Videographer',1,1,2,200000,200000,'2023-02-16 16:02:01','2023-02-16 16:02:01'),(38,24,'Popo',0,3,2,53000,106000,'2023-02-16 16:02:01','2023-02-16 16:02:01'),(39,25,'Food',1,10,13,390000,390000,'2023-02-17 10:41:55','2023-02-17 10:41:55'),(40,25,'Drinks',2,5,17,5000,425000,'2023-02-17 10:41:55','2023-02-17 10:41:55'),(41,25,'Twiga',0,5,17,180000,3060000,'2023-02-17 10:41:55','2023-02-17 10:41:55'),(42,26,'Drinks',2,45,3,2000,270000,'2023-03-22 03:34:05','2023-03-22 03:34:05'),(43,26,'Food',2,45,3,5500,742500,'2023-03-22 03:34:05','2023-03-22 03:34:05'),(44,26,'Photography',1,1,2,300000,300000,'2023-03-22 03:34:05','2023-03-22 03:34:05'),(45,26,'Kiboko',0,45,3,350000,1050000,'2023-03-22 03:34:05','2023-03-22 03:34:05'),(46,27,'Food&Drinks',1,1,1,500000,500000,'2023-03-22 03:51:37','2023-03-22 03:51:37'),(47,27,'Pundamilia',0,10,1,80000,80000,'2023-03-22 03:51:37','2023-03-22 03:51:37'),(48,28,'Rental & meals',2,100,2,35000,7000000,'2023-05-11 08:47:11','2023-05-11 08:47:11'),(49,28,'Swala',0,100,2,0,NULL,'2023-05-11 08:47:11','2023-05-11 08:47:11'),(50,29,'Rental & meals',2,15,4,35000,2100000,'2023-05-11 09:07:04','2023-05-11 09:07:04'),(51,29,'Twiga',0,15,4,0,NULL,'2023-05-11 09:07:04','2023-05-11 09:07:04'),(52,30,'Foods and Drinks',1,1,1,500000,500000,'2023-06-13 06:31:57','2023-06-13 06:31:57'),(53,30,'Photography',2,15,1,1000,15000,'2023-06-13 06:31:57','2023-06-13 06:31:57'),(54,30,'Computer Lab -Kipepeo',0,15,1,208000,208000,'2023-06-13 06:31:57','2023-06-13 06:31:57'),(55,31,'Kiboko',0,15,1,350000,350000,'2023-06-13 07:11:51','2023-06-13 07:11:51'),(56,32,'Photography',1,15,1,75000,75000,'2023-07-03 10:01:42','2023-07-03 10:01:42'),(57,32,'Food',2,15,3,15000,675000,'2023-07-03 10:01:42','2023-07-03 10:01:42'),(58,32,'Kiboko',0,15,3,350000,1050000,'2023-07-03 10:01:43','2023-07-03 10:01:43'),(59,33,'Computer Lab -Kipepeo',0,15,4,208000,832000,'2023-07-26 11:30:22','2023-07-26 11:30:22');

--
-- Table structure for table `quote_payment_proofs`
--

CREATE TABLE `quote_payment_proofs` (
  `id` bigint(20) unsigned NOT NULL AUTO_INCREMENT,
  `quote_id` bigint(20) unsigned DEFAULT NULL,
  `payment_proof` varchar(191) COLLATE utf8mb4_unicode_ci DEFAULT NULL,
  `created_at` timestamp NULL DEFAULT NULL,
  `updated_at` timestamp NULL DEFAULT NULL,
  PRIMARY KEY (`id`),
  KEY `quote_payment_proofs_quote_id_foreign` (`quote_id`)
) ENGINE=InnoDB AUTO_INCREMENT=3 DEFAULT CHARSET=utf8mb4 COLLATE=utf8mb4_unicode_ci;

--
-- Dumping data for table `quote_payment_proofs`
--

INSERT INTO `quote_payment_proofs` VALUES (1,5,'ABD INVOICE190822.pdf','2022-12-07 06:35:26','2022-12-07 06:35:26'),(2,24,'Supply and Fix of Aluminium Windows-Lands Building.pdf','2023-02-16 13:09:43','2023-02-16 13:09:43');

--
-- Table structure for table `registration_stages`
--

CREATE TABLE `registration_stages` (
  `id` bigint(20) unsigned NOT NULL AUTO_INCREMENT,
  `registration_id` bigint(20) unsigned NOT NULL,
  `status` varchar(2) COLLATE utf8mb4_unicode_ci NOT NULL,
  `notify` varchar(2) COLLATE utf8mb4_unicode_ci DEFAULT '1',
  `notification_status` varchar(2) COLLATE utf8mb4_unicode_ci DEFAULT '1',
  `created_at` timestamp NULL DEFAULT NULL,
  `updated_at` timestamp NULL DEFAULT NULL,
  PRIMARY KEY (`id`),
  KEY `registration_stages_registration_id_foreign` (`registration_id`),
  CONSTRAINT `registration_stages_registration_id_foreign` FOREIGN KEY (`registration_id`) REFERENCES `registrations` (`id`) ON DELETE CASCADE
) ENGINE=InnoDB AUTO_INCREMENT=21 DEFAULT CHARSET=utf8mb4 COLLATE=utf8mb4_unicode_ci;

--
-- Dumping data for table `registration_stages`
--

INSERT INTO `registration_stages` VALUES (1,1,'4','1','2','2023-01-26 04:43:02','2023-01-26 04:43:04'),(2,2,'4','1','2','2023-01-26 04:43:02','2023-01-26 04:43:03'),(3,3,'4','1','2','2023-02-16 04:17:03','2023-02-16 04:19:52'),(4,3,'4','1','2','2023-02-16 04:19:49','2023-02-16 04:19:51'),(5,6,'4','1','2','2023-03-22 05:21:21','2023-03-22 05:21:24'),(6,7,'4','1','2','2023-03-22 05:21:21','2023-03-22 05:21:23'),(7,10,'4','1','2','2023-05-11 06:56:15','2023-05-11 06:56:18'),(8,11,'4','1','2','2023-05-17 09:58:32','2023-05-17 09:58:34'),(9,12,'4','1','2','2023-06-22 06:25:49','2023-06-22 06:25:50'),(10,13,'4','1','2','2023-06-22 07:02:57','2023-06-22 07:03:02'),(11,14,'4','1','2','2023-06-22 07:02:57','2023-06-22 07:03:00'),(12,15,'4','1','2','2023-06-22 07:20:59','2023-06-22 07:21:01'),(13,13,'4','1','2','2023-06-22 08:47:48','2023-06-22 08:47:53'),(14,14,'4','1','2','2023-06-22 08:47:48','2023-06-22 08:47:52'),(15,12,'4','1','2','2023-06-22 08:47:48','2023-06-22 08:47:51'),(16,11,'4','1','2','2023-06-22 08:47:48','2023-06-22 08:47:50'),(17,10,'4','1','2','2023-06-22 08:47:48','2023-06-22 08:47:49'),(18,8,'4','1','2','2023-06-22 09:20:20','2023-06-22 09:20:22'),(19,9,'4','1','2','2023-06-22 09:20:20','2023-06-22 09:20:21'),(20,19,'4','1','2','2023-07-27 07:46:18','2023-07-27 07:46:20');

--
-- Table structure for table `registrations`
--

CREATE TABLE `registrations` (
  `id` bigint(20) unsigned NOT NULL AUTO_INCREMENT,
  `candidate_id` bigint(20) unsigned DEFAULT NULL,
  `email` varchar(191) COLLATE utf8mb4_unicode_ci DEFAULT NULL,
  `course_id` bigint(20) unsigned DEFAULT NULL,
  `course_module_id` bigint(20) unsigned DEFAULT NULL,
  `course_session_id` bigint(20) unsigned DEFAULT NULL,
  `order_id` bigint(20) unsigned DEFAULT NULL,
  `current_status` varchar(2) COLLATE utf8mb4_unicode_ci DEFAULT NULL,
  `send_course_details` smallint(6) DEFAULT '0',
  `send_order` smallint(6) DEFAULT '0',
  `attendance_status` varchar(2) COLLATE utf8mb4_unicode_ci DEFAULT '1',
  `attended_at` datetime DEFAULT NULL,
  `grade_status` varchar(2) COLLATE utf8mb4_unicode_ci DEFAULT '1',
  `certified` int(11) NOT NULL DEFAULT '0',
  `certified_at` datetime DEFAULT NULL,
  `created_at` timestamp NULL DEFAULT NULL,
  `updated_at` timestamp NULL DEFAULT NULL,
  `wait_status` varchar(191) COLLATE utf8mb4_unicode_ci DEFAULT NULL,
  PRIMARY KEY (`id`),
  KEY `registrations_candidate_id_foreign` (`candidate_id`),
  KEY `registrations_course_id_foreign` (`course_id`),
  KEY `registrations_course_module_id_foreign` (`course_module_id`),
  KEY `registrations_course_session_id_foreign` (`course_session_id`),
  KEY `registrations_order_id_foreign` (`order_id`),
  CONSTRAINT `registrations_candidate_id_foreign` FOREIGN KEY (`candidate_id`) REFERENCES `candidates` (`id`) ON DELETE SET NULL,
  CONSTRAINT `registrations_course_id_foreign` FOREIGN KEY (`course_id`) REFERENCES `courses` (`id`) ON DELETE SET NULL,
  CONSTRAINT `registrations_course_module_id_foreign` FOREIGN KEY (`course_module_id`) REFERENCES `course_modules` (`id`) ON DELETE SET NULL,
  CONSTRAINT `registrations_course_session_id_foreign` FOREIGN KEY (`course_session_id`) REFERENCES `course_sessions` (`id`) ON DELETE SET NULL,
  CONSTRAINT `registrations_order_id_foreign` FOREIGN KEY (`order_id`) REFERENCES `orders` (`id`) ON DELETE SET NULL
) ENGINE=InnoDB AUTO_INCREMENT=22 DEFAULT CHARSET=utf8mb4 COLLATE=utf8mb4_unicode_ci;

--
-- Dumping data for table `registrations`
--

INSERT INTO `registrations` VALUES (1,1,'kabyk95@gmail.com',35,47,3,1,NULL,0,1,'2','2023-01-26 07:44:01','1',0,NULL,'2023-01-26 07:40:39','2023-01-26 04:44:01','ENROLLED'),(2,NULL,'kabycom2021@gmail.com',35,47,3,1,NULL,0,1,'2','2023-01-26 07:44:13','1',0,NULL,'2023-01-26 07:40:41','2023-01-26 04:44:13','ENROLLED'),(3,3,'festusflowin@gmail.com',36,48,8,2,NULL,0,1,'1',NULL,'1',0,NULL,'2023-02-16 07:15:44','2023-02-16 04:17:03','ENROLLED'),(4,NULL,'flowinfestus@gmail.com',36,48,9,3,NULL,0,1,'1',NULL,'1',0,NULL,'2023-02-16 14:43:10','2023-02-16 14:43:10','0'),(5,5,'kabydee@gmail.com',36,48,9,3,NULL,0,1,'1',NULL,'1',0,NULL,'2023-02-16 14:43:17','2023-02-16 14:43:17','0'),(6,NULL,'kabycom2021@gmail.com',8,13,29,4,NULL,0,1,'1',NULL,'1',0,NULL,'2023-03-22 03:23:56','2023-03-22 05:21:21','ENROLLED'),(7,NULL,'dorianblack255@gmail.com',8,13,29,4,NULL,0,1,'1',NULL,'1',0,NULL,'2023-03-22 03:23:58','2023-03-22 05:21:21','ENROLLED'),(8,8,'kabycom2021@gmail.com',8,10,26,5,NULL,0,1,'1',NULL,'1',0,NULL,'2023-03-22 03:29:12','2023-06-22 09:20:20','ENROLLED'),(9,9,'dorianblack255@gmail.com',8,10,26,5,NULL,0,1,'1',NULL,'1',0,NULL,'2023-03-22 03:29:15','2023-06-22 09:20:20','ENROLLED'),(10,10,'regina.monyemangene@ccbrt.org',10,22,17,6,NULL,0,1,'1',NULL,'1',0,NULL,'2023-05-11 09:44:57','2023-05-11 06:56:15','ENROLLED'),(11,11,'febdaysminja@gmail.com',28,40,43,7,NULL,0,1,'1',NULL,'1',0,NULL,'2023-05-17 12:46:44','2023-05-17 09:58:32','ENROLLED'),(12,12,'edwin.kashangaki@ccbrt.org',27,39,44,8,NULL,0,1,'2','2023-07-24 10:16:26','1',0,NULL,'2023-06-22 09:14:57','2023-07-24 07:16:26','ENROLLED'),(13,13,'febdays.minja@ccbrt.org',27,39,44,9,NULL,0,1,'1',NULL,'1',0,NULL,'2023-06-22 09:57:32','2023-06-22 07:02:57','ENROLLED'),(14,14,'melis.ann@gmail.com',27,39,44,9,NULL,0,1,'1',NULL,'1',0,NULL,'2023-06-22 09:57:34','2023-06-22 07:02:57','ENROLLED'),(15,15,'michael.masanja@ccbrt.org',27,39,6,10,NULL,0,1,'2','2023-07-24 10:30:20','1',0,NULL,'2023-06-22 10:19:06','2023-07-24 07:30:20','ENROLLED'),(16,18,'kabydee@gmail.com',52,82,99,11,NULL,0,1,'1',NULL,'1',0,NULL,'2023-07-10 07:23:27','2023-07-10 04:24:14','WAITING'),(17,19,'djsilencer2022@gmail.com',52,82,99,12,NULL,0,1,'1',NULL,'1',0,NULL,'2023-07-10 07:30:07','2023-07-10 04:30:56','WAITING'),(18,20,'kabyk95@gmail.com',52,82,99,12,NULL,0,1,'1',NULL,'1',0,NULL,'2023-07-10 07:30:11','2023-07-10 04:30:57','WAITING'),(19,21,'eddiehenrico06@gmail.com',31,43,38,13,NULL,0,1,'1',NULL,'1',0,NULL,'2023-07-27 10:43:34','2023-07-27 07:46:18','ENROLLED'),(20,22,'eddiehenrico06@gmail.com',10,22,16,14,NULL,0,1,'1',NULL,'1',0,NULL,'2023-07-27 11:09:29','2023-07-27 11:09:29','0'),(21,23,'kabyk95@gmail.com',52,81,98,15,NULL,0,1,'1',NULL,'1',0,NULL,'2023-08-02 11:18:27','2023-08-02 11:18:27','0');

--
-- Table structure for table `rental_bookings`
--

CREATE TABLE `rental_bookings` (
  `id` bigint(20) unsigned NOT NULL AUTO_INCREMENT,
  `bid` varchar(255) COLLATE utf8mb4_unicode_ci NOT NULL,
  `venue_room_id` int(255) NOT NULL,
  `event_name` varchar(191) COLLATE utf8mb4_unicode_ci NOT NULL,
  `start_date` date NOT NULL,
  `end_date` date DEFAULT NULL,
  `number_of_attendee` int(11) DEFAULT NULL,
  `number_of_days` int(11) DEFAULT NULL,
  `include_weekend` varchar(2) COLLATE utf8mb4_unicode_ci NOT NULL DEFAULT '1',
  `remark` text COLLATE utf8mb4_unicode_ci,
  `payer_type` varchar(2) COLLATE utf8mb4_unicode_ci NOT NULL,
  `organisation_name` varchar(191) COLLATE utf8mb4_unicode_ci DEFAULT NULL,
  `payer_box_address` varchar(191) COLLATE utf8mb4_unicode_ci NOT NULL,
  `payer_city_address` varchar(191) COLLATE utf8mb4_unicode_ci NOT NULL,
  `payer_country_address` varchar(191) COLLATE utf8mb4_unicode_ci NOT NULL,
  `contact_first_name` varchar(191) COLLATE utf8mb4_unicode_ci NOT NULL,
  `contact_last_name` varchar(191) COLLATE utf8mb4_unicode_ci NOT NULL,
  `contact_phone` varchar(191) COLLATE utf8mb4_unicode_ci NOT NULL,
  `contact_email` varchar(191) COLLATE utf8mb4_unicode_ci NOT NULL,
  `status` varchar(255) COLLATE utf8mb4_unicode_ci DEFAULT NULL,
  `created_at` timestamp NULL DEFAULT NULL,
  `updated_at` timestamp NULL DEFAULT NULL,
  PRIMARY KEY (`id`)
) ENGINE=InnoDB AUTO_INCREMENT=26 DEFAULT CHARSET=utf8mb4 COLLATE=utf8mb4_unicode_ci;

--
-- Dumping data for table `rental_bookings`
--

INSERT INTO `rental_bookings` VALUES (1,'BKNG-2022120001',1,'Senior Developer Interview','2022-12-30','2022-12-30',15,1,'on','Drinks','1','Labmoja Technologies','5725','Dar es Salaam','Tanzania, United Republic of','Derick','Kabyemela','0784559922','kabydee@gmail.com','QUOTED','2022-12-06 09:22:34','2022-12-06 09:23:18'),(2,'BKNG-2022120002',5,'Test Event','2022-12-11','2022-12-12',2,1,'on','AC','2',NULL,'11111','Dar Es Salaam','Tanzania, United Republic of','Festus','Mwilenga','0656121885','festusflowin@gmail.com','DECLINED','2022-12-07 06:13:06','2022-12-07 03:15:32'),(3,'BKNG-2022120003',6,'Event Sample','2022-12-13','2022-12-14',2,2,'on','AC','2',NULL,'11111','DSM','Tanzania, United Republic of','Brothers','Brothers','0656121885','flowinfestus@gmail.com','DECLINED','2022-12-07 06:19:54','2022-12-07 03:58:58'),(4,'BKNG-2022120004',4,'Chai Bora Marketing Pitch','2022-12-09','2022-12-09',10,1,'on','Food','2',NULL,'4000','Dar es Salaam','Tanzania, United Republic of','Savius','Edward','0754700700','kabyk95@gmail.com','DECLINED','2022-12-07 07:34:50','2022-12-07 04:35:04'),(5,'BKNG-2022120005',4,'Breech Delivery Training for IHI','2022-12-17','2022-12-17',50,1,'on','Drinks, Food','2',NULL,'5000','Dar es Salaam','Tanzania, United Republic of','Derick','Kaijage','0784590123','deekaby@gmail.com','QUOTED','2022-12-07 08:22:13','2022-12-07 08:22:45'),(6,'BKNG-2022120006',3,'IHI Training','2022-12-10','2022-12-10',10,1,'on','Drinks','1','CCBRT','4000','Dar es Salaam','Tanzania, United Republic of','Peter','Petro','0784900900','academy@ccbrt.org.tz','QUOTED','2022-12-07 09:02:43','2022-12-07 09:14:18'),(7,'BKNG-2022120007',3,'Breech Delivery Training','2022-12-16','2022-12-16',5,1,'on','Drinks','1','Ifakara Health Institute','3000','Arusha','Tanzania, United Republic of','Jackson','Jack','0754900900','academy@ccbrt.org.tz','DECLINED','2022-12-07 09:04:56','2022-12-07 06:05:54'),(8,'BKNG-2022120008',3,'Fistula Training','2022-12-18','2022-12-18',10,1,'on','Drinks','1','CCBRT','2400','Dar es Salaam','Tanzania, United Republic of','Hafsa','Hassan','0784500500','academy@ccbrt.org','DECLINED','2022-12-07 09:08:17','2022-12-07 06:08:31'),(9,'BKNG-2022120009',3,'Infant Delivery Training','2022-12-23','2022-12-23',10,1,'on','Drinks','2',NULL,'5000','Dar es Salaam','Tanzania, United Republic of','Erick','Erickson','0754900900','academy@ccbrt.org','QUOTED','2022-12-07 09:11:46','2022-12-07 09:15:54'),(10,'BKNG-2022120010',4,'Event New','2023-01-01','2023-01-03',3,2,'on','AC','2',NULL,'333','DSM','Tanzania, United Republic of','Davis','Mwaisemba','0687663767','festusflowin@gmail.com','QUOTED','2022-12-14 08:54:04','2023-02-14 18:43:31'),(11,'BKNG-2023020001',2,'Testing Interview','2023-02-13','2023-02-13',10,1,'on','Drinks, Food','1','KabyNet Solutions','5000','Dodoma','Tanzania, United Republic of','Derick','Kabyemela','0718527660','derick.kabyemela@truebitstech.com','QUOTED','2023-02-10 07:35:09','2023-02-14 12:31:39'),(12,'BKNG-2023020002',4,'CCBRT Academy Launch','2023-02-25','2023-02-28',10,4,'on','I need a vendor for food and drinks, and also I need a photographer and videographer.','2',NULL,'5725','Arusha','Tanzania, United Republic of','Derick','Kabyemela','0692463122','derick.kabyemela@truebitstech.com','QUOTED','2023-02-13 12:16:00','2023-02-13 12:16:33'),(13,'BKNG-2023020003',4,'National Health Insurance Plan Unveiling','2023-02-21','2023-02-21',50,1,'on','Food and Drinks','2',NULL,'5000','Kagera','Tanzania, United Republic of','Erick','Kabyemela','0738069145','kabycom2021@gmail.com','QUOTED','2023-02-13 12:19:54','2023-02-13 12:20:28'),(14,'BKNG-2023020004',4,'TMS Testing Event','2023-02-15','2023-02-15',15,1,'on','Drinks, Food','1','KabyNet Solutions','5725','Dar es Salaam','Tanzania, United Republic of','Derick','Kabyemela','0754860098','kabydee@gmail.com','QUOTED','2023-02-14 11:12:18','2023-02-14 11:13:17'),(15,'BKNG-2023020005',7,'Test Event 2','2023-03-01','2023-03-04',25,4,'on','Drinks, Photography','1','Kabynet Solutions','6000','Dodoma','Tanzania, United Republic of','Erick','Juma','0786900100','flowinfestus@gmail.com','QUOTED','2023-02-14 12:44:14','2023-02-16 14:41:21'),(16,'BKNG-2023020006',5,'Marketing Pitch','2023-02-18','2023-02-19',3,2,'on','Drinks','1','CCBRT Academy','3200','Dar es Salaam','Tanzania, United Republic of','Derick','Kaijage','0692463122','kabyk95@gmail.com','QUOTED','2023-02-16 16:00:23','2023-02-16 16:02:01'),(17,'BKNG-2023020007',1,'Lean Management Phase II','2023-05-01','2023-05-17',5,17,'on','Television and WIfi','1','Green gan','3245','Dar es Salaam','Tanzania, United Republic of','Edwin','Henry','0718069555','edwin.kashangaki@ccbrt.org','QUOTED','2023-02-17 10:37:22','2023-02-17 10:41:55'),(18,'BKNG-2023030001',4,'TMS-CCBRT Meeting Test One','2023-03-25','2023-03-27',45,3,'on','Drinks, Food and Photographer','1','Ifakara Health Institute','5000','Katavi','Tanzania, United Republic of','Derick','Kabyemela','0692463122','kabydee@gmail.com','QUOTED','2023-03-22 03:32:34','2023-03-22 03:34:05'),(19,'BKNG-2023030002',6,'CCBRT-CRDB Integration Meeting Test Two','2023-03-26','2023-03-26',10,1,'on','Drinks, Food','1','CCBRT','9800','Songea','Tanzania, United Republic of','Erick','Kijazi','0986400125','kabydee@gmail.com','QUOTED','2023-03-22 03:50:35','2023-03-22 03:51:37'),(20,'BKNG-2023050001',7,'Womens day','2023-05-15','2023-05-16',100,2,'on','Two projectors','2',NULL,'P.O. Box 32231','Dar es salaam','Tanzania, United Republic of','Gina','Gina','0678132004','regina@ccbrt.org','QUOTED','2023-05-11 08:29:56','2023-05-11 08:47:11'),(21,'BKNG-2023050002',1,'Spark','2023-05-22','2023-05-25',15,4,'on','Meals inclusive','1','Sparkt','P.O. Box 32232','Dar es salaam','Tanzania, United Republic of','Josephat','Josephat','0782133850','regina.monyemangene@ccbrt.org','QUOTED','2023-05-11 09:01:13','2023-05-11 09:07:04'),(22,'BKNG-2023060001',2,'Fistula Training','2023-06-15','2023-06-15',15,1,'on','Projectors, Foods and Drinks','1','KabyNet Solutions','5725','Dar es Salaam','Tanzania, United Republic of','Derick','Kabyemela','0718527660','kabydee@gmail.com','QUOTED','2023-06-13 06:29:14','2023-06-13 06:31:57'),(23,'BKNG-2023060002',4,'Interview for Health Inspector Position','2023-06-15','2023-06-15',15,1,'on','Foods and Drinks','2',NULL,'31954','Dar es Salaam','Tanzania, United Republic of','Derick','Kabyemela','0738069145','kabydee@gmail.com','QUOTED','2023-06-13 07:10:09','2023-06-13 07:11:51'),(24,'BKNG-2023070001',4,'TMS Live Testing','2023-07-05','2023-07-07',15,3,'on','Photography, Videos, Drinks','2',NULL,'5725','Dar es Salaam','Tanzania, United Republic of','Derick','Kabyemela','0754805757','kabydee@gmail.com','QUOTED','2023-07-03 09:34:54','2023-07-03 10:01:43'),(25,'BKNG-2023070002',2,'Academy Candidate Screening','2023-08-01','2023-08-04',15,4,'on','Water Dispenser','1','Ranzek','3245','DSM','Tanzania, United Republic of','Ralmana','Bin Akbir','0754124431','febdays.minja@ccbrt.org','QUOTED','2023-07-26 11:15:58','2023-07-26 11:30:22');

--
-- Table structure for table `rental_quotations`
--

CREATE TABLE `rental_quotations` (
  `id` bigint(20) unsigned NOT NULL AUTO_INCREMENT,
  `bkng_id` bigint(20) unsigned DEFAULT NULL,
  `qtid` varchar(191) COLLATE utf8mb4_unicode_ci DEFAULT NULL,
  `quote_date` date DEFAULT NULL,
  `quote_validity` int(11) DEFAULT NULL,
  `control_number` varchar(191) COLLATE utf8mb4_unicode_ci DEFAULT NULL,
  `tax` varchar(191) COLLATE utf8mb4_unicode_ci DEFAULT NULL,
  `subtotal` int(11) DEFAULT NULL,
  `total_amount` int(11) DEFAULT NULL,
  `amount_paid` int(11) DEFAULT NULL,
  `due_amount` int(255) NOT NULL,
  `status` varchar(191) COLLATE utf8mb4_unicode_ci DEFAULT NULL,
  `created_at` timestamp NULL DEFAULT NULL,
  `updated_at` timestamp NULL DEFAULT NULL,
  PRIMARY KEY (`id`),
  UNIQUE KEY `rental_quotations_qtid_unique` (`qtid`),
  KEY `rental_quotations_bkng_id_foreign` (`bkng_id`),
  CONSTRAINT `rental_quotations_bkng_id_foreign` FOREIGN KEY (`bkng_id`) REFERENCES `rental_bookings` (`id`) ON DELETE SET NULL
) ENGINE=InnoDB AUTO_INCREMENT=34 DEFAULT CHARSET=utf8mb4 COLLATE=utf8mb4_unicode_ci;

--
-- Dumping data for table `rental_quotations`
--

INSERT INTO `rental_quotations` VALUES (1,1,'CCBRT/QT-2022120001','2022-12-06',1,NULL,NULL,180000,180000,NULL,180000,'RESERVED','2022-12-06 09:23:18','2022-12-06 09:23:18'),(2,3,'CCBRT/QT-2022120002','2022-12-07',3,NULL,NULL,160000,160000,NULL,160000,'RESERVED','2022-12-07 06:20:19','2022-12-07 06:20:19'),(3,5,'CCBRT/QT-2022120003','2022-12-07',1,NULL,NULL,350000,350000,NULL,350000,'NOT RESERVED','2022-12-07 08:22:45','2022-12-07 05:22:52'),(4,6,'CCBRT/QT-2022120004','2022-12-07',1,NULL,NULL,208000,208000,NULL,208000,'NOT RESERVED','2022-12-07 09:14:18','2022-12-07 06:14:28'),(5,9,'CCBRT/QT-2022120005','2022-12-07',1,'2022175797037463480119',NULL,208000,208000,208000,0,'RESERVED','2022-12-07 09:15:54','2022-12-07 06:33:04'),(6,12,'CCBRT/QT-2023020001','2023-02-13',2,NULL,NULL,1400000,1400000,NULL,1400000,'NOT RESERVED','2023-02-13 12:16:33','2023-02-13 09:16:40'),(7,13,'CCBRT/QT-2023020002','2023-02-13',2,NULL,NULL,350000,350000,NULL,350000,'NOT RESERVED','2023-02-13 12:20:28','2023-02-13 09:20:34'),(8,14,'CCBRT/QT-2023020003','2023-02-14',2,NULL,NULL,470000,470000,NULL,470000,'RESERVED','2023-02-14 11:13:17','2023-02-14 11:13:17'),(9,11,'CCBRT/QT-2023020004','2023-02-14',2,NULL,NULL,224000,224000,NULL,224000,'RESERVED','2023-02-14 12:31:39','2023-02-14 12:31:39'),(10,11,'CCBRT/QT-2023020005','2023-02-14',2,NULL,NULL,224000,224000,NULL,224000,'RESERVED','2023-02-14 12:32:30','2023-02-14 12:32:30'),(11,11,'CCBRT/QT-2023020006','2023-02-14',2,NULL,NULL,318000,318000,NULL,318000,'RESERVED','2023-02-14 12:38:31','2023-02-14 12:38:31'),(12,11,'CCBRT/QT-2023020007','2023-02-14',2,NULL,NULL,318000,318000,NULL,318000,'RESERVED','2023-02-14 12:44:23','2023-02-14 12:44:23'),(13,15,'CCBRT/QT-2023020008','2023-02-14',1,NULL,NULL,2000000,2000000,NULL,2000000,'RESERVED','2023-02-14 12:45:40','2023-02-14 12:45:40'),(14,10,'CCBRT/QT-2023020009','2023-02-14',2,NULL,NULL,700000,700000,NULL,700000,'RESERVED','2023-02-14 18:43:31','2023-02-14 18:43:31'),(15,15,'CCBRT/QT-2023020010','2023-02-14',2,NULL,NULL,600000,600000,NULL,600000,'RESERVED','2023-02-14 18:49:31','2023-02-14 18:49:31'),(16,15,'CCBRT/QT-2023020011','2023-02-14',2,NULL,NULL,600000,600000,NULL,600000,'RESERVED','2023-02-14 18:56:16','2023-02-14 18:56:16'),(17,15,'CCBRT/QT-2023020012','2023-02-14',2,NULL,NULL,600000,600000,NULL,600000,'RESERVED','2023-02-14 18:58:52','2023-02-14 18:58:52'),(18,15,'CCBRT/QT-2023020013','2023-02-15',2,NULL,NULL,600000,600000,NULL,600000,'RESERVED','2023-02-15 06:21:16','2023-02-15 06:21:16'),(19,15,'CCBRT/QT-2023020014','2023-02-15',2,NULL,NULL,600000,600000,NULL,600000,'RESERVED','2023-02-15 20:39:58','2023-02-15 20:39:58'),(20,15,'CCBRT/QT-2023020015','2023-02-15',2,NULL,NULL,600000,600000,NULL,600000,'RESERVED','2023-02-15 20:43:37','2023-02-15 20:43:37'),(21,15,'CCBRT/QT-2023020016','2023-02-16',2,NULL,NULL,600000,600000,NULL,600000,'RESERVED','2023-02-16 06:56:21','2023-02-16 06:56:21'),(22,15,'CCBRT/QT-2023020017','2023-02-16',2,NULL,NULL,600000,600000,NULL,600000,'RESERVED','2023-02-16 07:03:17','2023-02-16 07:03:17'),(23,15,'CCBRT/QT-2023020018','2023-02-16',2,NULL,NULL,600000,600000,NULL,600000,'NOT RESERVED','2023-02-16 14:41:21','2023-02-16 11:41:27'),(24,16,'CCBRT/QT-2023020019','2023-02-16',2,'20222721296681475195343',NULL,309000,309000,309000,0,'RESERVED','2023-02-16 16:02:01','2023-02-16 13:07:06'),(25,17,'CCBRT/QT-2023020020','2023-02-17',20,NULL,NULL,3875000,3875000,NULL,3875000,'NOT RESERVED','2023-02-17 10:41:55','2023-02-17 07:42:06'),(26,18,'CCBRT/QT-2023030001','2023-03-22',2,NULL,NULL,2362500,2362500,NULL,2362500,'NOT RESERVED','2023-03-22 03:34:05','2023-03-22 00:34:13'),(27,19,'CCBRT/QT-2023030002','2023-03-22',2,'20221760688121316973173',NULL,580000,580000,580000,0,'RESERVED','2023-03-22 03:51:37','2023-03-22 05:25:44'),(28,20,'CCBRT/QT-2023050001','2023-05-11',2,NULL,NULL,7000000,7000000,NULL,7000000,'RESERVED','2023-05-11 08:47:11','2023-05-11 05:50:39'),(29,21,'CCBRT/QT-2023050002','2023-05-11',2,NULL,NULL,2100000,2100000,NULL,2100000,'RESERVED','2023-05-11 09:07:04','2023-05-11 06:18:05'),(30,22,'CCBRT/QT-2023060001','2023-06-13',1,NULL,NULL,723000,723000,NULL,723000,'RESERVED','2023-06-13 06:31:57','2023-06-13 06:31:57'),(31,23,'CCBRT/QT-2023060002','2023-06-13',1,NULL,NULL,350000,350000,NULL,350000,'RESERVED','2023-06-13 07:11:51','2023-06-13 07:11:51'),(32,24,'CCBRT/QT-2023070001','2023-07-03',1,NULL,NULL,1800000,1800000,NULL,1800000,'NOT RESERVED','2023-07-03 10:01:42','2023-07-03 07:01:53'),(33,25,'CCBRT/QT-2023070002','2023-07-26',15,NULL,NULL,832000,832000,NULL,832000,'RESERVED','2023-07-26 11:30:22','2023-07-26 11:30:22');

--
-- Table structure for table `rental_services`
--

CREATE TABLE `rental_services` (
  `id` bigint(20) unsigned NOT NULL AUTO_INCREMENT,
  `order_id` bigint(20) unsigned DEFAULT NULL,
  `venue_id` bigint(20) unsigned DEFAULT NULL,
  `number_of_days` int(11) DEFAULT NULL,
  `start_date_time` timestamp NULL DEFAULT NULL,
  `end_date_time` timestamp NULL DEFAULT NULL,
  `created_at` timestamp NULL DEFAULT NULL,
  `updated_at` timestamp NULL DEFAULT NULL,
  PRIMARY KEY (`id`),
  KEY `rental_services_order_id_foreign` (`order_id`),
  KEY `rental_services_venue_id_foreign` (`venue_id`),
  CONSTRAINT `rental_services_order_id_foreign` FOREIGN KEY (`order_id`) REFERENCES `orders` (`id`) ON DELETE SET NULL,
  CONSTRAINT `rental_services_venue_id_foreign` FOREIGN KEY (`venue_id`) REFERENCES `venue_rooms` (`id`) ON DELETE SET NULL
) ENGINE=InnoDB DEFAULT CHARSET=utf8mb4 COLLATE=utf8mb4_unicode_ci;

--
-- Dumping data for table `rental_services`
--


--
-- Table structure for table `rental_terms_and_conditions`
--

CREATE TABLE `rental_terms_and_conditions` (
  `id` int(11) NOT NULL AUTO_INCREMENT,
  `category` varchar(10) DEFAULT NULL,
  `terms_and_conditions` text,
  `created_at` timestamp NOT NULL DEFAULT CURRENT_TIMESTAMP,
  `updated_at` timestamp NOT NULL DEFAULT CURRENT_TIMESTAMP,
  PRIMARY KEY (`id`)
) ENGINE=InnoDB AUTO_INCREMENT=2 DEFAULT CHARSET=latin1;

--
-- Dumping data for table `rental_terms_and_conditions`
--

INSERT INTO `rental_terms_and_conditions` VALUES (1,'rental','<p style=\"text-align: center; \"><img src=\"data:image/png;base64,[encoded data, 32168 characters]\" style=\"width: 303px;\" data-filename=\"image.png\"></p><p class=\"MsoNormal\" align=\"center\" style=\"text-align:center\"><b>RENTAL TERMS &amp; CONDITIONS<o:p></o:p></b></p><p class=\"MsoNormal\">&nbsp;All our rental items\r\nand services are provided according to the following rental terms and\r\nconditions, to which all customers are required to agree:</p><p class=\"MsoNormal\"><b style=\"font-size: 1rem; text-indent: -0.25in;\">1. Reservation and usage of facility</b></p><p class=\"MsoNormal\">Reservation of the facility shall be on first come first\r\nserve basis. Usage of the facility shall be for the purpose agreed upon\r\nreservation and cannot be used for other purposes. Subleasing shall not be\r\nallowed without prior consent of the administration of the facility.</p><p class=\"MsoNormal\"><b style=\"text-indent: -0.25in; font-size: 1rem;\">2. Booking and payment</b></p><p class=\"MsoNormal\">Rental of facilities and dates is a contractual commitment.\r\nA rental deposit of 50% is required 3 days prior to the event. The remaining\r\n50% balance is due after the event.<o:p></o:p></p><p class=\"MsoListParagraph\" style=\"text-indent:-.25in;mso-list:l0 level1 lfo1\"><b>&nbsp; &nbsp; 3. Cancellation<o:p></o:p></b></p><p class=\"MsoNormal\">Upon cancellation of reservation 7 days before the event due\r\nto fortuitous causes, the 50% down payment shall be refundable. If the\r\ncancellation was due to other reasons, with the reservation 5 days prior to the\r\nscheduled reservation, 20% shall be deducted from the refundable amount. In any\r\ncase, there shall be no refunds to reservations cancelled 3 days prior to the\r\nscheduled reservation date.<o:p></o:p></p><p class=\"MsoListParagraph\" style=\"text-indent:-.25in;mso-list:l0 level1 lfo1\"><b>&nbsp; &nbsp; 4. Reservation Hours<o:p></o:p></b></p><p class=\"MsoNormal\">Setup, vendor drop-offs and usage of the facility must take\r\nplace within the working hours from 08:00am to 16:00pm, Monday to Friday. Extension\r\nof regular working hours will cost 10,000 per hour. Reservations during the\r\nweekend from 08:00am to 16:00pm shall cost an extra amount of 60,000 per day to\r\ncover the coordination &amp; administration fee. Customer agrees to return the\r\nrented goods and room during Rental Company’s regular working hours, upon\r\ntermination of the rental period.&nbsp; &nbsp; &nbsp; &nbsp; &nbsp; &nbsp; &nbsp; &nbsp; &nbsp; &nbsp; &nbsp; &nbsp; &nbsp; &nbsp; &nbsp; &nbsp; &nbsp; &nbsp; &nbsp; &nbsp; &nbsp; &nbsp; &nbsp; &nbsp; &nbsp; &nbsp; &nbsp; &nbsp; &nbsp; &nbsp; &nbsp; &nbsp; &nbsp; &nbsp; &nbsp; &nbsp; &nbsp; &nbsp; &nbsp; &nbsp; &nbsp; &nbsp; &nbsp; &nbsp; &nbsp; &nbsp; &nbsp; &nbsp; &nbsp; &nbsp; &nbsp; &nbsp; &nbsp; &nbsp; &nbsp; &nbsp; &nbsp; &nbsp; &nbsp; &nbsp; &nbsp; &nbsp; &nbsp; &nbsp; &nbsp; &nbsp; &nbsp; &nbsp; &nbsp; &nbsp; &nbsp; &nbsp; &nbsp; &nbsp; &nbsp; &nbsp; &nbsp; &nbsp; &nbsp; &nbsp; &nbsp; &nbsp; &nbsp; &nbsp; &nbsp; &nbsp; &nbsp; &nbsp; &nbsp; &nbsp; &nbsp; &nbsp; &nbsp; &nbsp; &nbsp;</p><p class=\"MsoNormal\"><b style=\"font-size: 1rem; text-indent: -0.25in;\">5. Handling equipment in the rental facility</b></p><p class=\"MsoNormal\">Customer acknowledges that he or she, or their\r\nrepresentative, had an opportunity to personally inspect the room(s) and\r\nequipment and finds it suitable for his or her needs and in good condition. No\r\ndecorations, temporary fixtures, or any materials or application that may cause\r\nirreversible damage may be affixed to the walls of the facility.<o:p></o:p></p><p>\r\n\r\n\r\n\r\n\r\n\r\n\r\n\r\n\r\n\r\n\r\n\r\n\r\n\r\n\r\n\r\n\r\n\r\n\r\n\r\n\r\n\r\n\r\n\r\n</p><p class=\"MsoNormal\">Customer agrees to assume the risk of, and hold Rental\r\nCompany harmless for, property damage and personal injuries caused by the\r\nequipment/room, the result of adverse weather conditions, or the result of\r\nnegligence on the part of the Customer and agrees to pay for any damage or loss\r\nof the goods, as an insurer, regardless of cause, except reasonable wear and\r\ntear.<o:p></o:p></p><p style=\"text-align: center; \">                                                \r\n                                            </p>','2022-12-07 08:09:14','2022-12-07 05:11:35');

--
-- Table structure for table `reservations`
--

CREATE TABLE `reservations` (
  `id` bigint(20) unsigned NOT NULL AUTO_INCREMENT,
  `venue_room_id` int(244) NOT NULL,
  `quote_id` bigint(20) unsigned DEFAULT NULL,
  `session_id` bigint(20) unsigned DEFAULT NULL,
  `status` varchar(191) COLLATE utf8mb4_unicode_ci DEFAULT NULL,
  `reservation_type` varchar(191) COLLATE utf8mb4_unicode_ci DEFAULT NULL,
  `event_type` varchar(191) COLLATE utf8mb4_unicode_ci DEFAULT NULL,
  `start_date` date DEFAULT NULL,
  `end_date` date DEFAULT NULL,
  `created_at` timestamp NULL DEFAULT NULL,
  `updated_at` timestamp NULL DEFAULT NULL,
  PRIMARY KEY (`id`),
  KEY `reservations_quote_id_foreign` (`quote_id`),
  KEY `reservations_session_id_foreign` (`session_id`),
  CONSTRAINT `reservations_quote_id_foreign` FOREIGN KEY (`quote_id`) REFERENCES `rental_quotations` (`id`) ON DELETE SET NULL,
  CONSTRAINT `reservations_session_id_foreign` FOREIGN KEY (`session_id`) REFERENCES `course_sessions` (`id`) ON DELETE SET NULL
) ENGINE=InnoDB AUTO_INCREMENT=124 DEFAULT CHARSET=utf8mb4 COLLATE=utf8mb4_unicode_ci;

--
-- Dumping data for table `reservations`
--

INSERT INTO `reservations` VALUES (1,1,1,NULL,'PENDING PAYMENT','EXTERNAL','EVENT','2022-12-30','2022-12-30','2022-12-06 09:23:18','2022-12-06 09:23:18'),(2,3,NULL,NULL,'UPCOMING','INTERNAL','SESSION','2022-12-30','2022-12-30','2022-12-06 12:06:09','2022-12-06 12:06:09'),(3,6,2,NULL,'PENDING PAYMENT','EXTERNAL','EVENT','2022-12-13','2022-12-14','2022-12-07 06:20:19','2022-12-07 06:20:19'),(4,4,3,NULL,'PENDING PAYMENT','EXTERNAL','EVENT','2022-12-17','2022-12-17','2022-12-07 08:22:45','2022-12-07 08:22:45'),(5,3,4,NULL,'PENDING PAYMENT','EXTERNAL','EVENT','2022-12-10','2022-12-10','2022-12-07 09:14:18','2022-12-07 09:14:18'),(6,3,5,NULL,'UPCOMING','EXTERNAL','EVENT','2022-12-23','2022-12-23','2022-12-07 09:15:54','2022-12-07 06:33:04'),(7,1,NULL,1,'UPCOMING','INTERNAL','SESSION','2023-01-30','2023-01-30','2023-01-11 06:27:34','2023-01-11 06:27:34'),(8,1,NULL,2,'UPCOMING','INTERNAL','SESSION','2023-01-31','2023-01-31','2023-01-11 06:28:24','2023-01-11 06:28:24'),(9,1,NULL,3,'UPCOMING','INTERNAL','SESSION','2023-01-26','2023-01-26','2023-01-26 04:24:02','2023-01-26 04:24:02'),(10,7,NULL,4,'UPCOMING','INTERNAL','SESSION','2023-02-15','2023-02-17','2023-02-08 05:21:50','2023-02-08 05:21:50'),(11,4,NULL,6,'UPCOMING','INTERNAL','SESSION','2023-02-20','2023-02-20','2023-02-08 05:36:42','2023-02-08 05:36:42'),(12,1,NULL,NULL,'UPCOMING','INTERNAL','SESSION','2023-02-13','2023-02-13','2023-02-13 08:34:31','2023-02-13 08:34:31'),(13,4,6,NULL,'PENDING PAYMENT','EXTERNAL','EVENT','2023-02-25','2023-02-28','2023-02-13 12:16:33','2023-02-13 12:16:33'),(14,4,7,NULL,'PENDING PAYMENT','EXTERNAL','EVENT','2023-02-21','2023-02-21','2023-02-13 12:20:28','2023-02-13 12:20:28'),(15,4,8,NULL,'PENDING PAYMENT','EXTERNAL','EVENT','2023-02-15','2023-02-15','2023-02-14 11:13:17','2023-02-14 11:13:17'),(16,2,9,NULL,'UPCOMING','EXTERNAL','EVENT','2023-02-22','2023-02-22','2023-02-14 12:31:39','2023-02-17 03:36:08'),(17,2,10,NULL,'PENDING PAYMENT','EXTERNAL','EVENT','2023-02-13','2023-02-13','2023-02-14 12:32:30','2023-02-14 12:32:30'),(18,2,11,NULL,'PENDING PAYMENT','EXTERNAL','EVENT','2023-02-13','2023-02-13','2023-02-14 12:38:31','2023-02-14 12:38:31'),(19,2,12,NULL,'PENDING PAYMENT','EXTERNAL','EVENT','2023-02-13','2023-02-13','2023-02-14 12:44:23','2023-02-14 12:44:23'),(20,7,13,NULL,'PENDING PAYMENT','EXTERNAL','EVENT','2023-03-01','2023-03-04','2023-02-14 12:45:40','2023-02-14 12:45:40'),(21,4,14,NULL,'PENDING PAYMENT','EXTERNAL','EVENT','2023-01-01','2023-01-03','2023-02-14 18:43:31','2023-02-14 18:43:31'),(22,7,15,NULL,'PENDING PAYMENT','EXTERNAL','EVENT','2023-03-01','2023-03-04','2023-02-14 18:49:31','2023-02-14 18:49:31'),(23,7,16,NULL,'PENDING PAYMENT','EXTERNAL','EVENT','2023-03-01','2023-03-04','2023-02-14 18:56:16','2023-02-14 18:56:16'),(24,7,17,NULL,'PENDING PAYMENT','EXTERNAL','EVENT','2023-03-01','2023-03-04','2023-02-14 18:58:52','2023-02-14 18:58:52'),(25,7,18,NULL,'PENDING PAYMENT','EXTERNAL','EVENT','2023-03-01','2023-03-04','2023-02-15 06:21:16','2023-02-15 06:21:16'),(26,7,19,NULL,'PENDING PAYMENT','EXTERNAL','EVENT','2023-03-01','2023-03-04','2023-02-15 20:39:58','2023-02-15 20:39:58'),(27,7,20,NULL,'PENDING PAYMENT','EXTERNAL','EVENT','2023-03-01','2023-03-04','2023-02-15 20:43:37','2023-02-15 20:43:37'),(28,7,21,NULL,'PENDING PAYMENT','EXTERNAL','EVENT','2023-03-01','2023-03-04','2023-02-16 06:56:21','2023-02-16 06:56:21'),(29,7,22,NULL,'PENDING PAYMENT','EXTERNAL','EVENT','2023-03-01','2023-03-04','2023-02-16 07:03:17','2023-02-16 07:03:17'),(30,3,NULL,8,'UPCOMING','INTERNAL','SESSION','2023-02-16','2023-02-16','2023-02-16 04:12:30','2023-02-16 04:12:30'),(31,6,NULL,9,'UPCOMING','INTERNAL','SESSION','2023-02-16','2023-02-16','2023-02-16 11:38:18','2023-02-16 11:38:18'),(32,7,23,NULL,'PENDING PAYMENT','EXTERNAL','EVENT','2023-03-01','2023-03-04','2023-02-16 14:41:21','2023-02-16 14:41:21'),(33,5,24,NULL,'UPCOMING','EXTERNAL','EVENT','2023-02-18','2023-02-19','2023-02-16 16:02:01','2023-02-16 13:07:06'),(34,5,NULL,10,'UPCOMING','INTERNAL','SESSION','2023-06-30','2023-07-06','2023-02-17 06:29:32','2023-02-17 06:29:32'),(35,1,25,NULL,'PENDING PAYMENT','EXTERNAL','EVENT','2023-05-01','2023-05-17','2023-02-17 10:41:55','2023-02-17 10:41:55'),(36,1,NULL,13,'UPCOMING','INTERNAL','SESSION','2023-03-06','2023-03-07','2023-03-02 17:31:14','2023-03-02 17:31:14'),(37,1,NULL,15,'UPCOMING','INTERNAL','SESSION','2023-06-27','2023-06-27','2023-03-07 05:49:02','2023-03-07 05:49:02'),(38,1,NULL,16,'UPCOMING','INTERNAL','SESSION','2023-09-06','2023-09-06','2023-03-07 05:58:14','2023-03-07 05:58:14'),(39,1,NULL,17,'UPCOMING','INTERNAL','SESSION','2023-12-06','2023-12-06','2023-03-07 06:00:12','2023-03-07 06:00:12'),(40,1,NULL,18,'UPCOMING','INTERNAL','SESSION','2023-06-28','2023-06-28','2023-03-07 06:15:58','2023-03-07 06:15:58'),(41,1,NULL,19,'UPCOMING','INTERNAL','SESSION','2023-09-07','2023-09-07','2023-03-07 06:27:14','2023-03-07 06:27:14'),(42,1,NULL,20,'UPCOMING','INTERNAL','SESSION','2023-03-17','2023-03-18','2023-03-10 11:55:07','2023-03-10 11:55:07'),(43,1,NULL,24,'UPCOMING','INTERNAL','SESSION','2023-06-07','2023-06-08','2023-03-18 05:53:45','2023-03-18 05:53:45'),(44,1,NULL,25,'UPCOMING','INTERNAL','SESSION','2023-03-30','2023-03-30','2023-03-19 14:44:34','2023-03-19 14:44:34'),(45,2,NULL,26,'UPCOMING','INTERNAL','SESSION','2023-03-30','2023-03-30','2023-03-19 14:45:15','2023-03-19 14:45:15'),(46,3,NULL,27,'UPCOMING','INTERNAL','SESSION','2023-03-30','2023-03-30','2023-03-19 14:45:56','2023-03-19 14:45:56'),(47,4,NULL,28,'UPCOMING','INTERNAL','SESSION','2023-03-30','2023-03-30','2023-03-19 14:46:38','2023-03-19 14:46:38'),(48,1,NULL,29,'UPCOMING','INTERNAL','SESSION','2023-03-31','2023-04-01','2023-03-19 14:48:03','2023-03-19 14:48:03'),(49,5,NULL,30,'UPCOMING','INTERNAL','SESSION','2023-03-31','2023-04-01','2023-03-19 14:48:50','2023-03-19 14:48:50'),(50,6,NULL,31,'UPCOMING','INTERNAL','SESSION','2023-03-31','2023-04-01','2023-03-19 14:50:01','2023-03-19 14:50:01'),(51,7,NULL,32,'UPCOMING','INTERNAL','SESSION','2023-04-02','2023-04-02','2023-03-19 14:50:49','2023-03-19 14:50:49'),(52,6,NULL,33,'UPCOMING','INTERNAL','SESSION','2023-04-02','2023-04-02','2023-03-19 14:51:38','2023-03-19 14:51:38'),(53,2,NULL,34,'UPCOMING','INTERNAL','SESSION','2023-04-03','2023-04-03','2023-03-19 14:52:40','2023-03-19 14:52:40'),(54,8,NULL,35,'UPCOMING','INTERNAL','SESSION','2023-04-03','2023-04-04','2023-03-19 14:53:31','2023-03-19 14:53:31'),(55,6,NULL,36,'UPCOMING','INTERNAL','SESSION','2023-04-06','2023-04-06','2023-03-19 14:54:24','2023-03-19 14:54:24'),(56,1,NULL,37,'UPCOMING','INTERNAL','SESSION','2023-03-08','2023-03-08','2023-03-20 05:10:59','2023-03-20 05:10:59'),(57,1,NULL,NULL,'UPCOMING','INTERNAL','SESSION','2023-09-21','2023-09-22','2023-03-20 05:13:30','2023-03-20 05:13:30'),(58,1,NULL,40,'UPCOMING','INTERNAL','SESSION','2023-05-17','2023-05-17','2023-03-20 05:35:47','2023-03-20 05:35:47'),(59,1,NULL,41,'UPCOMING','INTERNAL','SESSION','2023-07-08','2023-07-08','2023-03-20 05:38:57','2023-03-20 05:38:57'),(60,1,NULL,43,'UPCOMING','INTERNAL','SESSION','2023-03-23','2023-03-23','2023-03-20 06:18:51','2023-03-20 06:18:51'),(61,1,NULL,44,'UPCOMING','INTERNAL','SESSION','2023-07-23','2023-07-23','2023-03-20 06:42:33','2023-03-20 06:42:33'),(62,4,26,NULL,'PENDING PAYMENT','EXTERNAL','EVENT','2023-03-25','2023-03-27','2023-03-22 03:34:05','2023-03-22 03:34:05'),(63,6,27,NULL,'UPCOMING','EXTERNAL','EVENT','2023-03-26','2023-03-26','2023-03-22 03:51:37','2023-03-22 05:25:44'),(64,4,NULL,45,'UPCOMING','INTERNAL','SESSION','2023-10-03','2023-10-03','2023-03-30 09:22:23','2023-03-30 09:22:23'),(65,1,NULL,NULL,'UPCOMING','INTERNAL','SESSION','2023-09-01','2023-09-01','2023-03-30 09:38:39','2023-03-30 09:38:39'),(66,1,NULL,47,'UPCOMING','INTERNAL','SESSION','2023-12-07','2023-12-07','2023-03-30 10:00:02','2023-03-30 10:00:02'),(67,4,NULL,48,'UPCOMING','INTERNAL','SESSION','2023-06-19','2023-06-19','2023-04-03 08:26:16','2023-04-03 08:26:16'),(68,4,NULL,49,'UPCOMING','INTERNAL','SESSION','2023-05-17','2023-05-17','2023-04-03 08:39:52','2023-04-03 08:39:52'),(69,4,NULL,50,'UPCOMING','INTERNAL','SESSION','2023-09-12','2023-09-12','2023-04-03 08:42:32','2023-04-03 08:42:32'),(70,4,NULL,51,'UPCOMING','INTERNAL','SESSION','2023-06-01','2023-06-01','2023-04-24 07:14:11','2023-04-24 07:14:11'),(71,2,NULL,52,'UPCOMING','INTERNAL','SESSION','2023-04-27','2023-04-27','2023-04-25 01:50:54','2023-04-25 01:50:54'),(72,2,NULL,53,'UPCOMING','INTERNAL','SESSION','2023-04-27','2023-04-27','2023-04-25 01:51:55','2023-04-25 01:51:55'),(73,2,NULL,54,'UPCOMING','INTERNAL','SESSION','2023-04-27','2023-04-27','2023-04-25 01:56:58','2023-04-25 01:56:58'),(74,2,NULL,55,'UPCOMING','INTERNAL','SESSION','2023-04-27','2023-04-27','2023-04-25 01:59:57','2023-04-25 01:59:57'),(75,3,NULL,56,'UPCOMING','INTERNAL','SESSION','2023-04-27','2023-04-27','2023-04-25 02:21:29','2023-04-25 02:21:29'),(76,1,NULL,57,'UPCOMING','INTERNAL','SESSION','2023-04-28','2023-04-28','2023-04-25 02:25:04','2023-04-25 02:25:04'),(77,1,NULL,58,'UPCOMING','INTERNAL','SESSION','2023-04-28','2023-04-28','2023-04-25 02:25:54','2023-04-25 02:25:54'),(78,1,NULL,59,'UPCOMING','INTERNAL','SESSION','2023-04-28','2023-04-28','2023-04-25 02:29:27','2023-04-25 02:29:27'),(79,1,NULL,60,'UPCOMING','INTERNAL','SESSION','2023-04-28','2023-04-28','2023-04-25 02:30:15','2023-04-25 02:30:15'),(80,1,NULL,61,'UPCOMING','INTERNAL','SESSION','2023-04-28','2023-04-28','2023-04-25 02:33:17','2023-04-25 02:33:17'),(81,1,NULL,62,'UPCOMING','INTERNAL','SESSION','2023-04-29','2023-04-29','2023-04-25 02:34:27','2023-04-25 02:34:27'),(82,2,NULL,63,'UPCOMING','INTERNAL','SESSION','2023-04-28','2023-04-28','2023-04-25 02:38:56','2023-04-25 02:38:56'),(83,5,NULL,64,'UPCOMING','INTERNAL','SESSION','2023-05-01','2023-05-01','2023-04-25 02:42:59','2023-04-25 02:42:59'),(84,6,NULL,65,'UPCOMING','INTERNAL','SESSION','2023-05-01','2023-05-01','2023-04-25 02:46:25','2023-04-25 02:46:25'),(85,3,NULL,67,'UPCOMING','INTERNAL','SESSION','2023-06-21','2023-06-21','2023-04-26 03:37:09','2023-04-26 03:37:09'),(86,3,NULL,68,'UPCOMING','INTERNAL','SESSION','2023-08-23','2023-08-23','2023-04-26 03:38:23','2023-04-26 03:38:23'),(87,3,NULL,69,'UPCOMING','INTERNAL','SESSION','2023-06-21','2023-06-21','2023-04-26 03:41:55','2023-04-26 03:41:55'),(88,3,NULL,70,'UPCOMING','INTERNAL','SESSION','2023-08-23','2023-08-23','2023-04-26 03:44:36','2023-04-26 03:44:36'),(89,3,NULL,71,'UPCOMING','INTERNAL','SESSION','2023-06-21','2023-06-21','2023-04-26 03:53:34','2023-04-26 03:53:34'),(90,3,NULL,72,'UPCOMING','INTERNAL','SESSION','2023-08-23','2023-08-23','2023-04-26 03:54:27','2023-04-26 03:54:27'),(91,3,NULL,73,'UPCOMING','INTERNAL','SESSION','2023-07-05','2023-07-05','2023-04-26 05:02:33','2023-04-26 05:02:33'),(92,3,NULL,74,'UPCOMING','INTERNAL','SESSION','2023-09-13','2023-09-13','2023-04-26 05:03:37','2023-04-26 05:03:37'),(93,3,NULL,75,'UPCOMING','INTERNAL','SESSION','2023-06-14','2023-06-14','2023-04-26 05:15:24','2023-04-26 05:15:24'),(94,3,NULL,76,'UPCOMING','INTERNAL','SESSION','2023-08-16','2023-08-16','2023-04-26 05:16:26','2023-04-26 05:16:26'),(95,3,NULL,77,'UPCOMING','INTERNAL','SESSION','2023-08-30','2023-08-30','2023-04-26 05:17:58','2023-04-26 05:17:58'),(96,3,NULL,78,'UPCOMING','INTERNAL','SESSION','2023-09-06','2023-09-06','2023-04-26 05:19:44','2023-04-26 05:19:44'),(97,3,NULL,79,'UPCOMING','INTERNAL','SESSION','2023-07-12','2023-07-12','2023-04-26 06:12:57','2023-04-26 06:12:57'),(98,3,NULL,80,'UPCOMING','INTERNAL','SESSION','2023-10-11','2023-10-11','2023-04-26 06:14:10','2023-04-26 06:14:10'),(99,1,NULL,81,'UPCOMING','INTERNAL','SESSION','2023-07-12','2023-07-12','2023-04-27 04:13:55','2023-04-27 04:13:55'),(100,1,NULL,82,'UPCOMING','INTERNAL','SESSION','2023-10-11','2023-10-11','2023-04-27 04:40:43','2023-04-27 04:40:43'),(101,1,NULL,84,'UPCOMING','INTERNAL','SESSION','2023-09-20','2023-09-20','2023-04-27 09:08:08','2023-04-27 09:08:08'),(102,4,NULL,85,'UPCOMING','INTERNAL','SESSION','2023-09-02','2023-09-03','2023-04-27 09:46:37','2023-04-27 09:46:37'),(103,1,NULL,86,'UPCOMING','INTERNAL','SESSION','2023-07-19','2023-07-19','2023-04-27 09:53:36','2023-04-27 09:53:36'),(104,1,NULL,87,'UPCOMING','INTERNAL','SESSION','2023-10-18','2023-10-18','2023-04-27 09:56:54','2023-04-27 09:56:54'),(105,4,NULL,88,'UPCOMING','INTERNAL','SESSION','2023-06-12','2023-06-12','2023-05-11 02:35:12','2023-05-11 02:35:12'),(106,4,NULL,89,'UPCOMING','INTERNAL','SESSION','2023-08-10','2023-08-10','2023-05-11 02:41:00','2023-05-11 02:41:00'),(107,7,28,NULL,'PENDING PAYMENT','EXTERNAL','EVENT','2023-05-15','2023-05-16','2023-05-11 08:47:11','2023-05-11 08:47:11'),(108,7,28,NULL,'UPCOMING','EXTERNAL','EVENT','2023-05-15','2023-05-16','2023-05-11 05:50:39','2023-05-11 05:50:39'),(109,1,29,NULL,'PENDING PAYMENT','EXTERNAL','EVENT','2023-05-22','2023-05-25','2023-05-11 09:07:04','2023-05-11 09:07:04'),(110,1,29,NULL,'UPCOMING','EXTERNAL','EVENT','2023-05-22','2023-05-25','2023-05-11 06:18:05','2023-05-11 06:18:05'),(111,3,NULL,90,'UPCOMING','INTERNAL','SESSION','2023-06-30','2023-07-03','2023-05-11 06:32:26','2023-05-11 06:32:26'),(112,1,NULL,92,'UPCOMING','INTERNAL','SESSION','2023-05-25','2023-05-25','2023-05-25 03:53:04','2023-05-25 03:53:04'),(113,1,NULL,93,'UPCOMING','INTERNAL','SESSION','2023-06-07','2023-06-07','2023-05-31 07:47:09','2023-05-31 07:47:09'),(114,3,NULL,94,'UPCOMING','INTERNAL','SESSION','2023-06-23','2023-06-23','2023-06-05 06:26:21','2023-06-05 06:26:21'),(115,1,NULL,NULL,'UPCOMING','INTERNAL','SESSION','2023-06-19','2023-06-19','2023-06-08 05:51:30','2023-06-08 05:51:30'),(116,2,30,NULL,'PENDING PAYMENT','EXTERNAL','EVENT','2023-06-15','2023-06-15','2023-06-13 06:31:57','2023-06-13 06:31:57'),(117,4,31,NULL,'PENDING PAYMENT','EXTERNAL','EVENT','2023-06-15','2023-06-15','2023-06-13 07:11:51','2023-06-13 07:11:51'),(118,4,32,NULL,'PENDING PAYMENT','EXTERNAL','EVENT','2023-07-05','2023-07-07','2023-07-03 10:01:43','2023-07-03 10:01:43'),(119,4,NULL,98,'UPCOMING','INTERNAL','SESSION','2023-07-13','2023-07-15','2023-07-05 15:07:32','2023-07-05 15:07:32'),(120,8,NULL,99,'UPCOMING','INTERNAL','SESSION','2023-07-10','2023-07-10','2023-07-10 04:18:18','2023-07-10 04:18:18'),(121,15,NULL,100,'UPCOMING','INTERNAL','SESSION','2023-07-17','2023-07-18','2023-07-17 06:08:32','2023-07-17 06:36:42'),(122,2,33,NULL,'PENDING PAYMENT','EXTERNAL','EVENT','2023-08-01','2023-08-04','2023-07-26 11:30:22','2023-07-26 11:30:22'),(123,3,NULL,101,'UPCOMING','INTERNAL','SESSION','2023-08-04','2023-08-05','2023-08-02 08:35:20','2023-08-02 08:35:20');

--
-- Table structure for table `resources`
--

CREATE TABLE `resources` (
  `id` bigint(20) unsigned NOT NULL AUTO_INCREMENT,
  `name` varchar(191) COLLATE utf8mb4_unicode_ci NOT NULL,
  `course_id` varchar(191) COLLATE utf8mb4_unicode_ci DEFAULT NULL,
  `course_module_id` varchar(191) COLLATE utf8mb4_unicode_ci DEFAULT NULL,
  `description` varchar(191) COLLATE utf8mb4_unicode_ci DEFAULT NULL,
  `file_name` varchar(191) COLLATE utf8mb4_unicode_ci DEFAULT NULL,
  `status` varchar(2) COLLATE utf8mb4_unicode_ci NOT NULL,
  `quantity` int(11) NOT NULL DEFAULT '0',
  `created_at` timestamp NULL DEFAULT NULL,
  `updated_at` timestamp NULL DEFAULT NULL,
  PRIMARY KEY (`id`)
) ENGINE=InnoDB AUTO_INCREMENT=6 DEFAULT CHARSET=utf8mb4 COLLATE=utf8mb4_unicode_ci;

--
-- Dumping data for table `resources`
--

INSERT INTO `resources` VALUES (1,'Little Anne',NULL,NULL,'Febdays testing this course',NULL,'1',5,'2023-02-13 08:21:25','2023-02-13 08:21:25'),(2,'Flash',NULL,NULL,'Information technology',NULL,'1',2,'2023-02-24 05:27:12','2023-02-24 05:27:12'),(3,'Mama birthie',NULL,NULL,'OBGYN Tool',NULL,'1',10,'2023-07-17 05:38:18','2023-07-17 05:38:18'),(4,'Neonatalie',NULL,NULL,'Neonatalie',NULL,'1',10,'2023-07-24 05:24:39','2023-07-24 05:24:39'),(5,'EPSON Projector',NULL,NULL,'Projector',NULL,'2',2,'2023-07-25 06:04:37','2023-07-25 06:16:15');

--
-- Table structure for table `role_has_permissions`
--

CREATE TABLE `role_has_permissions` (
  `permission_id` bigint(20) unsigned NOT NULL,
  `role_id` bigint(20) unsigned NOT NULL,
  PRIMARY KEY (`permission_id`,`role_id`),
  KEY `role_has_permissions_role_id_foreign` (`role_id`),
  CONSTRAINT `role_has_permissions_permission_id_foreign` FOREIGN KEY (`permission_id`) REFERENCES `permissions` (`id`) ON DELETE CASCADE,
  CONSTRAINT `role_has_permissions_role_id_foreign` FOREIGN KEY (`role_id`) REFERENCES `roles` (`id`) ON DELETE CASCADE
) ENGINE=InnoDB DEFAULT CHARSET=utf8mb4 COLLATE=utf8mb4_unicode_ci;

--
-- Dumping data for table `role_has_permissions`
--

INSERT INTO `role_has_permissions` VALUES (1,1),(2,1),(3,1),(4,1),(5,1),(6,1),(7,1),(8,1),(9,1),(10,1),(11,1),(12,1),(13,1),(14,1),(15,1),(16,1),(17,1),(18,1),(19,1),(20,1),(21,1),(22,1),(23,1),(24,1),(25,1),(26,1),(27,1),(28,1),(29,1),(30,1),(31,1),(32,1),(33,1),(34,1),(35,1),(36,1),(37,1),(38,1),(39,1),(40,1),(41,1),(42,1),(43,1),(44,1),(45,1),(46,1),(47,1),(48,1),(49,1),(50,1),(51,1),(52,1),(54,1),(55,1),(56,1),(57,1),(58,1),(59,1),(60,1),(53,2),(9,3),(10,3),(11,3),(12,3),(13,3),(17,3),(18,3),(19,3),(20,3),(21,3),(22,3),(23,3),(24,3),(33,3),(34,3),(35,3),(36,3),(37,3),(38,3),(39,3),(40,3),(41,3),(55,3);

--
-- Table structure for table `roles`
--

CREATE TABLE `roles` (
  `id` bigint(20) unsigned NOT NULL AUTO_INCREMENT,
  `name` varchar(191) COLLATE utf8mb4_unicode_ci NOT NULL,
  `guard_name` varchar(191) COLLATE utf8mb4_unicode_ci NOT NULL,
  `created_at` timestamp NULL DEFAULT NULL,
  `updated_at` timestamp NULL DEFAULT NULL,
  PRIMARY KEY (`id`),
  UNIQUE KEY `roles_name_guard_name_unique` (`name`,`guard_name`)
) ENGINE=InnoDB AUTO_INCREMENT=4 DEFAULT CHARSET=utf8mb4 COLLATE=utf8mb4_unicode_ci;

--
-- Dumping data for table `roles`
--

INSERT INTO `roles` VALUES (1,'Admin','web','2022-08-15 08:27:10','2022-08-15 08:27:10'),(2,'Candidate Portal','web','2022-08-16 05:29:51','2022-08-16 05:29:51'),(3,'Instructor Portal','web','2022-09-03 07:29:54','2022-09-03 07:29:54');

--
-- Table structure for table `scholarship_criterias`
--

CREATE TABLE `scholarship_criterias` (
  `id` bigint(20) unsigned NOT NULL AUTO_INCREMENT,
  `scholarship_id` int(11) NOT NULL,
  `bird_type` varchar(191) COLLATE utf8mb4_unicode_ci DEFAULT NULL,
  `bird_value` int(11) DEFAULT NULL,
  `acreditor` varchar(191) COLLATE utf8mb4_unicode_ci DEFAULT NULL,
  `candidates_on_order` int(11) DEFAULT NULL,
  `payer_type` varchar(191) COLLATE utf8mb4_unicode_ci DEFAULT NULL,
  `candidates_on_session` int(11) DEFAULT NULL,
  `module_id` int(11) DEFAULT NULL,
  `module_session_id` int(11) DEFAULT NULL,
  `organisation` varchar(100) COLLATE utf8mb4_unicode_ci DEFAULT NULL,
  `gender` varchar(191) COLLATE utf8mb4_unicode_ci DEFAULT NULL,
  `type_of_disability` varchar(191) COLLATE utf8mb4_unicode_ci DEFAULT NULL,
  `created_at` timestamp NULL DEFAULT NULL,
  `updated_at` timestamp NULL DEFAULT NULL,
  PRIMARY KEY (`id`)
) ENGINE=InnoDB AUTO_INCREMENT=4 DEFAULT CHARSET=utf8mb4 COLLATE=utf8mb4_unicode_ci;

--
-- Dumping data for table `scholarship_criterias`
--

INSERT INTO `scholarship_criterias` VALUES (1,1,'early',NULL,NULL,NULL,'2',1,NULL,NULL,'CCBRT','F','Physical Disability','2023-07-17 07:44:54','2023-07-17 07:44:54'),(2,2,'early',NULL,NULL,NULL,'2',1,NULL,NULL,'CCBRT','F','Physical Disability','2023-07-17 07:47:09','2023-07-17 07:47:09'),(3,3,NULL,NULL,NULL,NULL,NULL,NULL,NULL,NULL,NULL,NULL,NULL,'2023-07-17 07:51:13','2023-07-17 07:51:13');

--
-- Table structure for table `scholarships`
--

CREATE TABLE `scholarships` (
  `id` bigint(20) unsigned NOT NULL AUTO_INCREMENT,
  `name` varchar(191) COLLATE utf8mb4_unicode_ci DEFAULT NULL,
  `description` varchar(191) COLLATE utf8mb4_unicode_ci DEFAULT NULL,
  `scholarship_type` varchar(191) COLLATE utf8mb4_unicode_ci DEFAULT NULL,
  `calc_type` varchar(191) COLLATE utf8mb4_unicode_ci DEFAULT NULL,
  `calc_value` int(11) DEFAULT NULL,
  `price_currency` varchar(191) COLLATE utf8mb4_unicode_ci DEFAULT NULL,
  `mode_of_applying` varchar(191) COLLATE utf8mb4_unicode_ci DEFAULT NULL,
  `limit_usage` varchar(191) COLLATE utf8mb4_unicode_ci DEFAULT '0',
  `priority` int(11) DEFAULT NULL,
  `combine` int(11) NOT NULL DEFAULT '0',
  `created_at` timestamp NULL DEFAULT NULL,
  `updated_at` timestamp NULL DEFAULT NULL,
  `publish_status` int(11) NOT NULL DEFAULT '0',
  PRIMARY KEY (`id`)
) ENGINE=InnoDB AUTO_INCREMENT=4 DEFAULT CHARSET=utf8mb4 COLLATE=utf8mb4_unicode_ci;

--
-- Dumping data for table `scholarships`
--

INSERT INTO `scholarships` VALUES (1,'LFTW','Low vision assessment scholarship','individual','fixed',30000,'TZS','auto',NULL,5,0,'2023-07-17 07:44:54','2023-07-17 07:44:54',1),(2,'Second chance','Low vision assessment scholarship','individual','fixed',30000,'TZS','manual',NULL,5,0,'2023-07-17 07:47:09','2023-07-17 07:47:09',1),(3,'FIGO',NULL,'group','fixed',60000,'TZS','manual',NULL,5,0,'2023-07-17 07:51:13','2023-07-17 07:51:13',1);

--
-- Table structure for table `session_presenters`
--

CREATE TABLE `session_presenters` (
  `id` bigint(20) unsigned NOT NULL AUTO_INCREMENT,
  `course_session_id` bigint(20) unsigned DEFAULT NULL,
  `course_presenter_id` bigint(20) unsigned DEFAULT NULL,
  `created_at` timestamp NULL DEFAULT NULL,
  `updated_at` timestamp NULL DEFAULT NULL,
  PRIMARY KEY (`id`),
  KEY `session_presenters_course_session_id_foreign` (`course_session_id`),
  KEY `session_presenters_course_presenter_id_foreign` (`course_presenter_id`),
  CONSTRAINT `session_presenters_course_presenter_id_foreign` FOREIGN KEY (`course_presenter_id`) REFERENCES `course_presenters` (`id`) ON DELETE CASCADE,
  CONSTRAINT `session_presenters_course_session_id_foreign` FOREIGN KEY (`course_session_id`) REFERENCES `course_sessions` (`id`) ON DELETE CASCADE
) ENGINE=InnoDB AUTO_INCREMENT=143 DEFAULT CHARSET=utf8mb4 COLLATE=utf8mb4_unicode_ci;

--
-- Dumping data for table `session_presenters`
--

INSERT INTO `session_presenters` VALUES (1,1,2,'2023-01-11 06:27:34','2023-01-11 06:27:34'),(2,2,4,'2023-01-11 06:28:24','2023-01-11 06:28:24'),(3,3,3,'2023-01-26 04:24:02','2023-01-26 04:24:02'),(7,8,3,'2023-02-16 04:12:30','2023-02-16 04:12:30'),(8,9,3,'2023-02-16 11:38:18','2023-02-16 11:38:18'),(22,20,2,'2023-03-10 11:55:07','2023-03-10 11:55:07'),(23,21,8,'2023-03-10 11:57:10','2023-03-10 11:57:10'),(24,22,2,'2023-03-10 12:00:17','2023-03-10 12:00:17'),(26,24,12,'2023-03-18 05:55:23','2023-03-18 05:55:23'),(27,25,1,'2023-03-19 14:44:35','2023-03-19 14:44:35'),(28,26,2,'2023-03-19 14:45:15','2023-03-19 14:45:15'),(29,27,3,'2023-03-19 14:45:56','2023-03-19 14:45:56'),(30,28,4,'2023-03-19 14:46:38','2023-03-19 14:46:38'),(31,29,6,'2023-03-19 14:48:03','2023-03-19 14:48:03'),(32,30,7,'2023-03-19 14:48:50','2023-03-19 14:48:50'),(33,31,8,'2023-03-19 14:50:01','2023-03-19 14:50:01'),(34,32,1,'2023-03-19 14:50:49','2023-03-19 14:50:49'),(35,33,2,'2023-03-19 14:51:38','2023-03-19 14:51:38'),(36,34,11,'2023-03-19 14:52:40','2023-03-19 14:52:40'),(37,35,4,'2023-03-19 14:53:31','2023-03-19 14:53:31'),(38,36,6,'2023-03-19 14:54:24','2023-03-19 14:54:24'),(41,37,12,'2023-03-20 05:13:50','2023-03-20 05:13:50'),(44,41,5,'2023-03-20 05:38:57','2023-03-20 05:38:57'),(45,40,5,'2023-03-20 05:39:29','2023-03-20 05:39:29'),(46,4,4,'2023-03-20 06:08:25','2023-03-20 06:08:25'),(48,43,13,'2023-03-20 06:19:32','2023-03-20 06:19:32'),(50,44,13,'2023-03-20 06:42:33','2023-03-20 06:42:33'),(53,10,15,'2023-03-30 09:23:00','2023-03-30 09:23:00'),(54,45,15,'2023-03-30 09:23:38','2023-03-30 09:23:38'),(58,16,11,'2023-03-30 09:43:02','2023-03-30 09:43:02'),(59,17,11,'2023-03-30 09:43:36','2023-03-30 09:43:36'),(63,15,11,'2023-03-30 09:50:38','2023-03-30 09:50:38'),(64,18,11,'2023-03-30 09:51:18','2023-03-30 09:51:18'),(65,19,11,'2023-03-30 09:55:30','2023-03-30 09:55:30'),(66,47,11,'2023-03-30 10:00:02','2023-03-30 10:00:02'),(67,48,15,'2023-04-03 08:26:16','2023-04-03 08:26:16'),(69,50,16,'2023-04-03 08:42:32','2023-04-03 08:42:32'),(70,49,16,'2023-04-03 08:45:00','2023-04-03 08:45:00'),(72,51,2,'2023-04-24 07:17:01','2023-04-24 07:17:01'),(73,52,12,'2023-04-25 01:50:54','2023-04-25 01:50:54'),(74,53,12,'2023-04-25 01:51:55','2023-04-25 01:51:55'),(75,54,6,'2023-04-25 01:56:58','2023-04-25 01:56:58'),(76,55,6,'2023-04-25 01:59:57','2023-04-25 01:59:57'),(77,56,1,'2023-04-25 02:21:29','2023-04-25 02:21:29'),(78,57,13,'2023-04-25 02:25:04','2023-04-25 02:25:04'),(79,58,13,'2023-04-25 02:25:54','2023-04-25 02:25:54'),(80,59,5,'2023-04-25 02:29:27','2023-04-25 02:29:27'),(81,60,1,'2023-04-25 02:30:15','2023-04-25 02:30:15'),(82,61,1,'2023-04-25 02:33:17','2023-04-25 02:33:17'),(84,63,4,'2023-04-25 02:38:56','2023-04-25 02:38:56'),(85,64,3,'2023-04-25 02:42:59','2023-04-25 02:42:59'),(86,65,15,'2023-04-25 02:46:25','2023-04-25 02:46:25'),(87,67,5,'2023-04-26 03:37:09','2023-04-26 03:37:09'),(88,68,5,'2023-04-26 03:38:23','2023-04-26 03:38:23'),(89,69,5,'2023-04-26 03:41:55','2023-04-26 03:41:55'),(90,70,5,'2023-04-26 03:44:36','2023-04-26 03:44:36'),(91,71,5,'2023-04-26 03:53:34','2023-04-26 03:53:34'),(92,72,5,'2023-04-26 03:54:27','2023-04-26 03:54:27'),(93,73,5,'2023-04-26 05:02:33','2023-04-26 05:02:33'),(94,74,5,'2023-04-26 05:03:37','2023-04-26 05:03:37'),(95,75,5,'2023-04-26 05:15:24','2023-04-26 05:15:24'),(96,76,5,'2023-04-26 05:16:26','2023-04-26 05:16:26'),(97,77,5,'2023-04-26 05:17:58','2023-04-26 05:17:58'),(98,78,5,'2023-04-26 05:19:44','2023-04-26 05:19:44'),(99,79,5,'2023-04-26 06:12:57','2023-04-26 06:12:57'),(100,80,5,'2023-04-26 06:14:10','2023-04-26 06:14:10'),(101,81,14,'2023-04-27 04:13:55','2023-04-27 04:13:55'),(102,82,14,'2023-04-27 04:40:43','2023-04-27 04:40:43'),(105,84,5,'2023-04-27 09:10:02','2023-04-27 09:10:02'),(106,83,5,'2023-04-27 09:10:51','2023-04-27 09:10:51'),(108,85,17,'2023-04-27 09:47:25','2023-04-27 09:47:25'),(109,86,12,'2023-04-27 09:53:36','2023-04-27 09:53:36'),(110,87,12,'2023-04-27 09:56:54','2023-04-27 09:56:54'),(112,88,18,'2023-05-11 02:39:18','2023-05-11 02:39:18'),(113,89,18,'2023-05-11 02:41:00','2023-05-11 02:41:00'),(114,90,3,'2023-05-11 06:32:26','2023-05-11 06:32:26'),(116,62,13,'2023-05-17 09:31:42','2023-05-17 09:31:42'),(117,92,6,'2023-05-25 03:53:04','2023-05-25 03:53:04'),(118,6,13,'2023-05-29 05:25:13','2023-05-29 05:25:13'),(125,91,6,'2023-06-01 09:15:59','2023-06-01 09:15:59'),(131,95,2,'2023-06-08 05:49:21','2023-06-08 05:49:21'),(133,93,3,'2023-06-08 06:03:55','2023-06-08 06:03:55'),(134,94,2,'2023-06-08 06:27:03','2023-06-08 06:27:03'),(136,99,11,'2023-07-10 04:18:18','2023-07-10 04:18:18'),(138,100,20,'2023-07-17 06:36:42','2023-07-17 06:36:42'),(140,98,3,'2023-08-02 08:29:57','2023-08-02 08:29:57'),(142,101,5,'2023-08-02 08:36:26','2023-08-02 08:36:26');

--
-- Table structure for table `session_resources`
--

CREATE TABLE `session_resources` (
  `id` bigint(20) unsigned NOT NULL AUTO_INCREMENT,
  `course_session_id` bigint(20) unsigned DEFAULT NULL,
  `resource_id` bigint(20) unsigned DEFAULT NULL,
  `quantity` int(11) DEFAULT NULL,
  `start_date_time` varchar(191) COLLATE utf8mb4_unicode_ci DEFAULT NULL,
  `end_date_time` varchar(191) COLLATE utf8mb4_unicode_ci DEFAULT NULL,
  `created_at` timestamp NULL DEFAULT NULL,
  `updated_at` timestamp NULL DEFAULT NULL,
  PRIMARY KEY (`id`),
  KEY `session_resources_course_session_id_foreign` (`course_session_id`),
  KEY `session_resources_resource_id_foreign` (`resource_id`),
  CONSTRAINT `session_resources_course_session_id_foreign` FOREIGN KEY (`course_session_id`) REFERENCES `course_sessions` (`id`) ON DELETE CASCADE,
  CONSTRAINT `session_resources_resource_id_foreign` FOREIGN KEY (`resource_id`) REFERENCES `resources` (`id`) ON DELETE CASCADE
) ENGINE=InnoDB AUTO_INCREMENT=4 DEFAULT CHARSET=utf8mb4 COLLATE=utf8mb4_unicode_ci;

--
-- Dumping data for table `session_resources`
--

INSERT INTO `session_resources` VALUES (1,11,2,1,'2023-02-24 12:00:00','2023-02-24 12:15:00','2023-02-24 05:50:22','2023-02-24 05:50:22'),(2,100,3,10,'2023-07-17 13:00:00','2023-07-18 13:10:00','2023-07-17 06:41:15','2023-07-17 06:41:15'),(3,6,5,1,'2023-03-27 08:00:00','2023-03-27 04:00:00','2023-07-25 06:13:59','2023-07-25 06:13:59');

--
-- Table structure for table `system_settings`
--

CREATE TABLE `system_settings` (
  `id` bigint(20) unsigned NOT NULL AUTO_INCREMENT,
  `property_name` varchar(191) COLLATE utf8mb4_unicode_ci NOT NULL,
  `property_value` varchar(191) COLLATE utf8mb4_unicode_ci NOT NULL,
  `description` varchar(191) COLLATE utf8mb4_unicode_ci NOT NULL,
  `created_at` timestamp NULL DEFAULT NULL,
  `updated_at` timestamp NULL DEFAULT NULL,
  PRIMARY KEY (`id`)
) ENGINE=InnoDB AUTO_INCREMENT=11 DEFAULT CHARSET=utf8mb4 COLLATE=utf8mb4_unicode_ci;

--
-- Dumping data for table `system_settings`
--

INSERT INTO `system_settings` VALUES (1,'system.string.tibapay.apiUrl','http://127.0.0.1:1230/api','Tibapay - API URL','2022-08-15 08:27:09','2022-08-15 08:27:09'),(2,'system.string.tibapay.urlAuthToken','http://127.0.0.1:1230/auth/token','Tibapay - URL AUTH TOKEN','2022-08-15 08:27:09','2022-08-15 08:27:09'),(3,'system.string.tibapay.endpointGenerateControlNumber','/payment/generateControlNumber','Tibapay - ENDPOINT GENERATE CONTROL NUMBER','2022-08-15 08:27:09','2022-08-15 08:27:09'),(4,'system.string.tibapay.endpointListPendingPaymentPaidControlNumber','/payment/listPendingPaymentPaidControlNumber','Tibapay - ENDPOINT LIST PENDING PAID CONTROL NUMBER','2022-08-15 08:27:09','2022-08-15 08:27:09'),(5,'system.string.tibapay.apiUsername','mawasiliano@truebitstech.com','Tibapay - API USERNAME','2022-08-15 08:27:09','2022-08-15 08:27:09'),(6,'system.password.tibapay.apiPassword','password@123','Tibapay - API PASSWORD','2022-08-15 08:27:09','2022-08-15 08:27:09'),(7,'system.password.tibapay.companyUid','0001','Tibapay - COMPANY UID','2022-08-15 08:27:09','2022-08-15 08:27:09'),(8,'system.string.tibapay.endpointUpdatePaid','/payment/updatePaid','Tibapay - ENDPOINT UPDATE PAID','2022-08-15 08:27:09','2022-08-15 08:27:09'),(9,'system.string.documentLibrary.rootPath','D:\\app\\data','Document Library - ROOT PATH','2022-08-15 08:27:09','2022-08-15 08:27:09'),(10,'system.integer.documentLibrary.uploadLimit','2','Document Library - FILE LIMIT SIZE (in MB)','2022-08-15 08:27:09','2022-08-15 08:27:09');

--
-- Table structure for table `terms_conditions`
--

CREATE TABLE `terms_conditions` (
  `id` bigint(20) unsigned NOT NULL AUTO_INCREMENT,
  `terms_conditions` longtext COLLATE utf8mb4_unicode_ci,
  `created_at` timestamp NULL DEFAULT NULL,
  `updated_at` timestamp NULL DEFAULT NULL,
  PRIMARY KEY (`id`)
) ENGINE=InnoDB AUTO_INCREMENT=2 DEFAULT CHARSET=utf8mb4 COLLATE=utf8mb4_unicode_ci;

--
-- Dumping data for table `terms_conditions`
--

INSERT INTO `terms_conditions` VALUES (1,'<p class=\"MsoNormal\" align=\"center\" style=\"text-align:center;tab-stops:96.75pt\"><b><span lang=\"EN-US\" style=\"font-size:14.0pt;\r\nline-height:107%\">Terms and Conditions for CCBRT Academy Trainings<o:p></o:p></span></b></p>\r\n\r\n<p class=\"MsoListParagraph\" style=\"text-align:justify;text-indent:-.25in;\r\nmso-list:l0 level1 lfo2;tab-stops:96.75pt\"><!--[if !supportLists]--><b><span lang=\"EN-US\">1.<span style=\"font-variant-numeric: normal; font-variant-east-asian: normal; font-weight: normal; font-stretch: normal; font-size: 7pt; line-height: normal; font-family: &quot;Times New Roman&quot;;\">&nbsp;&nbsp;&nbsp;&nbsp;&nbsp; </span></span></b><!--[endif]--><b><span lang=\"EN-US\">General Contract Terms<o:p></o:p></span></b></p>\r\n\r\n<p class=\"MsoNormal\" style=\"text-align:justify;tab-stops:96.75pt\"><span lang=\"EN-US\">These terms and conditions apply to all training programs delivered\r\nby the CCBRT Academy. <o:p></o:p></span></p>\r\n\r\n<p class=\"MsoListParagraphCxSpFirst\" style=\"margin-left:.75in;mso-add-space:auto;\r\ntext-align:justify;text-indent:-.25in;mso-list:l1 level2 lfo1;tab-stops:96.75pt\"><!--[if !supportLists]--><span lang=\"EN-US\">1.1<span style=\"font-variant-numeric: normal; font-variant-east-asian: normal; font-stretch: normal; font-size: 7pt; line-height: normal; font-family: &quot;Times New Roman&quot;;\">&nbsp;&nbsp;\r\n</span></span><!--[endif]--><span lang=\"EN-US\">These terms apply to all\r\nvisitors, users and others who access and engage in the training services\r\nprovided by the CCBRT Academy. <o:p></o:p></span></p>\r\n\r\n<p class=\"MsoListParagraphCxSpMiddle\" style=\"margin-left:.75in;mso-add-space:\r\nauto;text-align:justify;text-indent:-.25in;mso-list:l1 level2 lfo1;tab-stops:\r\n96.75pt\"><!--[if !supportLists]--><span lang=\"EN-US\">1.2<span style=\"font-variant-numeric: normal; font-variant-east-asian: normal; font-stretch: normal; font-size: 7pt; line-height: normal; font-family: &quot;Times New Roman&quot;;\">&nbsp;&nbsp; </span></span><!--[endif]--><span lang=\"EN-US\">Your access to and participation in the training services is\r\nconditioned to your acceptance of these Terms. &nbsp;<o:p></o:p></span></p>\r\n\r\n<p class=\"MsoListParagraphCxSpMiddle\" style=\"margin-left:.75in;mso-add-space:\r\nauto;text-align:justify;text-indent:-.25in;mso-list:l1 level2 lfo1;tab-stops:\r\n96.75pt\"><!--[if !supportLists]--><span lang=\"EN-US\">1.3<span style=\"font-variant-numeric: normal; font-variant-east-asian: normal; font-stretch: normal; font-size: 7pt; line-height: normal; font-family: &quot;Times New Roman&quot;;\">&nbsp;&nbsp; </span></span><!--[endif]--><span lang=\"EN-US\">By accessing and participating in the training services you are\r\nbound by these terms.&nbsp; If you disagree\r\nwith any part of the terms you may not access the training services. Please\r\nread these terms and conditions carefully before registering for any of the\r\nCCBRT Academy Training.</span><span style=\"font-size: 1rem;\">&nbsp;</span></p>\r\n\r\n<p class=\"MsoListParagraphCxSpMiddle\" style=\"text-align:justify;text-indent:-.25in;\r\nmso-list:l0 level1 lfo2;tab-stops:96.75pt\"><!--[if !supportLists]--><b><span lang=\"EN-US\">2.<span style=\"font-variant-numeric: normal; font-variant-east-asian: normal; font-weight: normal; font-stretch: normal; font-size: 7pt; line-height: normal; font-family: &quot;Times New Roman&quot;;\">&nbsp;&nbsp;&nbsp;&nbsp;&nbsp; </span></span></b><!--[endif]--><b><span lang=\"EN-US\">Pre-Training Terms and\r\nConditions<o:p></o:p></span></b></p>\r\n\r\n<p class=\"MsoListParagraphCxSpMiddle\" style=\"margin-left:1.0in;mso-add-space:\r\nauto;text-align:justify;text-indent:-.25in;mso-list:l0 level2 lfo2;tab-stops:\r\n96.75pt\"><!--[if !supportLists]--><span lang=\"EN-US\">a.<span style=\"font-variant-numeric: normal; font-variant-east-asian: normal; font-stretch: normal; font-size: 7pt; line-height: normal; font-family: &quot;Times New Roman&quot;;\">&nbsp;&nbsp;&nbsp;&nbsp;&nbsp; </span></span><!--[endif]--><span lang=\"EN-US\">Participants must register in advance to take part in CCBRT Academy\r\ntrainings. Registration consists of filling out the online form provided on the\r\nCCBRT Academy Website. Registration also includes selecting the training\r\nsession the participant intends to attend. The Training Course Catalog on the Website\r\nprovides a list of training services offered by the Academy.<o:p></o:p></span></p>\r\n\r\n<p class=\"MsoListParagraphCxSpMiddle\" style=\"margin-left:1.0in;mso-add-space:\r\nauto;text-align:justify;text-indent:-.25in;mso-list:l0 level2 lfo2;tab-stops:\r\n96.75pt\"><!--[if !supportLists]--><span lang=\"EN-US\">b.<span style=\"font-variant-numeric: normal; font-variant-east-asian: normal; font-stretch: normal; font-size: 7pt; line-height: normal; font-family: &quot;Times New Roman&quot;;\">&nbsp;&nbsp;&nbsp;&nbsp;&nbsp; </span></span><!--[endif]--><span lang=\"EN-US\">The CCBRT Academy will generate a billing invoice for the selected\r\nservices/training through its Website and submit it to the participant through\r\nemail and or through the option of downloading and printing.<o:p></o:p></span></p>\r\n\r\n<p class=\"MsoListParagraphCxSpMiddle\" style=\"margin-left:1.0in;mso-add-space:\r\nauto;text-align:justify;text-indent:-.25in;mso-list:l0 level2 lfo2;tab-stops:\r\n96.75pt\"><!--[if !supportLists]--><span lang=\"EN-US\">c.<span style=\"font-variant-numeric: normal; font-variant-east-asian: normal; font-stretch: normal; font-size: 7pt; line-height: normal; font-family: &quot;Times New Roman&quot;;\">&nbsp;&nbsp;&nbsp;&nbsp;&nbsp; </span></span><!--[endif]--><span lang=\"EN-US\">The participant will only be enrolled for training upon the\r\nsuccessful payment of the selected service/training.<o:p></o:p></span></p>\r\n\r\n<p class=\"MsoListParagraphCxSpMiddle\" style=\"margin-left:1.0in;mso-add-space:\r\nauto;text-align:justify;text-indent:-.25in;mso-list:l0 level2 lfo2;tab-stops:\r\n96.75pt\"><!--[if !supportLists]--><span lang=\"EN-US\">d.<span style=\"font-variant-numeric: normal; font-variant-east-asian: normal; font-stretch: normal; font-size: 7pt; line-height: normal; font-family: &quot;Times New Roman&quot;;\">&nbsp;&nbsp;&nbsp;&nbsp;&nbsp; </span></span><!--[endif]--><span lang=\"EN-US\">Cancellation of orders cannot be done one day before the training\r\nand registrants who do not attend on the day of the training will be considered\r\n\'no shows\' and will be charged the full course registration fee.<o:p></o:p></span></p>\r\n\r\n<p class=\"MsoListParagraphCxSpMiddle\" style=\"text-align:justify;text-indent:-.25in;\r\nmso-list:l0 level1 lfo2;tab-stops:96.75pt\"><!--[if !supportLists]--><b><span lang=\"EN-US\">3.<span style=\"font-variant-numeric: normal; font-variant-east-asian: normal; font-weight: normal; font-stretch: normal; font-size: 7pt; line-height: normal; font-family: &quot;Times New Roman&quot;;\">&nbsp;&nbsp;&nbsp;&nbsp;&nbsp; </span></span></b><!--[endif]--><b><span lang=\"EN-US\">Terms and Condition during\r\nTraining<o:p></o:p></span></b></p>\r\n\r\n<p class=\"MsoListParagraphCxSpMiddle\" style=\"margin-left:1.0in;mso-add-space:\r\nauto;text-align:justify;text-indent:-.25in;mso-list:l0 level2 lfo2;tab-stops:\r\n96.75pt\"><!--[if !supportLists]--><span lang=\"EN-US\">a.<span style=\"font-variant-numeric: normal; font-variant-east-asian: normal; font-stretch: normal; font-size: 7pt; line-height: normal; font-family: &quot;Times New Roman&quot;;\">&nbsp;&nbsp;&nbsp;&nbsp;&nbsp; </span></span><!--[endif]--><span lang=\"EN-US\">All participants should attend and participate in the training as\r\nstipulated <o:p></o:p></span></p>\r\n\r\n<p class=\"MsoListParagraphCxSpMiddle\" style=\"margin-left:1.0in;mso-add-space:\r\nauto;text-align:justify;text-indent:-.25in;mso-list:l0 level2 lfo2;tab-stops:\r\n96.75pt\"><!--[if !supportLists]--><span lang=\"EN-US\">b.<span style=\"font-variant-numeric: normal; font-variant-east-asian: normal; font-stretch: normal; font-size: 7pt; line-height: normal; font-family: &quot;Times New Roman&quot;;\">&nbsp;&nbsp;&nbsp;&nbsp;&nbsp; </span></span><!--[endif]--><span lang=\"EN-US\">All participants should confirm their particular sign the attendance\r\nregister<o:p></o:p></span></p>\r\n\r\n<p class=\"MsoListParagraphCxSpLast\" style=\"text-align:justify;text-indent:-.25in;\r\nmso-list:l0 level1 lfo2;tab-stops:96.75pt\"><!--[if !supportLists]--><b><span lang=\"EN-US\">4.<span style=\"font-variant-numeric: normal; font-variant-east-asian: normal; font-weight: normal; font-stretch: normal; font-size: 7pt; line-height: normal; font-family: &quot;Times New Roman&quot;;\">&nbsp;&nbsp;&nbsp;&nbsp;&nbsp; </span></span></b><!--[endif]--><b><span lang=\"EN-US\">Certification<o:p></o:p></span></b></p>\r\n\r\n<p class=\"MsoNormal\" style=\"margin-left:.5in;text-align:justify;tab-stops:96.75pt\"><span lang=\"EN-US\">Participant who meet all the criteria below will be eligible for a\r\ncertificate:<o:p></o:p></span></p>\r\n\r\n<p class=\"MsoListParagraphCxSpFirst\" style=\"margin-left:1.0in;mso-add-space:auto;\r\ntext-align:justify;text-indent:-.25in;mso-list:l0 level2 lfo2;tab-stops:96.75pt\"><!--[if !supportLists]--><span lang=\"EN-US\">a.<span style=\"font-variant-numeric: normal; font-variant-east-asian: normal; font-stretch: normal; font-size: 7pt; line-height: normal; font-family: &quot;Times New Roman&quot;;\">&nbsp;&nbsp;&nbsp;&nbsp;&nbsp;\r\n</span></span><!--[endif]--><span lang=\"EN-US\">Only participants who are\r\npresent for the full duration (stated hours &amp; date/s) of the training will\r\nqualify for the certificate<o:p></o:p></span></p>\r\n\r\n<p class=\"MsoListParagraphCxSpLast\" style=\"margin-left:1.0in;mso-add-space:auto;\r\ntext-align:justify;text-indent:-.25in;mso-list:l0 level2 lfo2;tab-stops:96.75pt\"><!--[if !supportLists]--><span lang=\"EN-US\">b.<span style=\"font-variant-numeric: normal; font-variant-east-asian: normal; font-stretch: normal; font-size: 7pt; line-height: normal; font-family: &quot;Times New Roman&quot;;\">&nbsp;&nbsp;&nbsp;&nbsp;&nbsp;\r\n</span></span><!--[endif]--><span lang=\"EN-US\">Only participants who sign the\r\nattendance register for all the planned days/ time/duration of the training.</span><span style=\"font-size: 1rem;\">&nbsp;</span></p>\r\n\r\n<p class=\"MsoListParagraphCxSpMiddle\" style=\"text-align:justify;text-indent:-.25in;\r\nmso-list:l0 level1 lfo2;tab-stops:96.75pt\"><!--[if !supportLists]--><b><span lang=\"EN-US\">5.<span style=\"font-variant-numeric: normal; font-variant-east-asian: normal; font-weight: normal; font-stretch: normal; font-size: 7pt; line-height: normal; font-family: &quot;Times New Roman&quot;;\">&nbsp;&nbsp;&nbsp;&nbsp;&nbsp; </span></span></b><!--[endif]--><b><span lang=\"EN-US\">Terms of payment<o:p></o:p></span></b></p>\r\n\r\n<p class=\"MsoListParagraphCxSpMiddle\" style=\"margin-left:1.0in;mso-add-space:\r\nauto;text-align:justify;text-indent:-.25in;mso-list:l0 level2 lfo2;tab-stops:\r\n96.75pt\"><!--[if !supportLists]--><span lang=\"EN-US\">a.<span style=\"font-variant-numeric: normal; font-variant-east-asian: normal; font-stretch: normal; font-size: 7pt; line-height: normal; font-family: &quot;Times New Roman&quot;;\">&nbsp;&nbsp;&nbsp;&nbsp;&nbsp; </span></span><!--[endif]--><span lang=\"EN-US\">Training fees can be paid using a control number generated on the\r\nAcademy website during registration and proof of payment uploaded on the same\r\nsystem 48 hours before the training commences. Payment can also be made using\r\nthe bank details provided on</span><span style=\"font-size: 1rem;\">&nbsp;</span></p>\r\n\r\n<p class=\"MsoListParagraphCxSpMiddle\" style=\"text-align:justify;text-indent:-.25in;\r\nmso-list:l0 level1 lfo2;tab-stops:96.75pt\"><!--[if !supportLists]--><b><span lang=\"EN-US\">6.<span style=\"font-variant-numeric: normal; font-variant-east-asian: normal; font-weight: normal; font-stretch: normal; font-size: 7pt; line-height: normal; font-family: &quot;Times New Roman&quot;;\">&nbsp; &nbsp;&nbsp;</span></span></b><!--[endif]--><b><span lang=\"EN-US\">Cancellation and compensation\r\n<o:p></o:p></span></b></p>\r\n\r\n<p class=\"MsoListParagraphCxSpMiddle\" style=\"margin-left:1.0in;mso-add-space:\r\nauto;text-align:justify;text-indent:-.25in;mso-list:l0 level2 lfo2;tab-stops:\r\n96.75pt\"><!--[if !supportLists]--><span lang=\"EN-US\">a.<span style=\"font-variant-numeric: normal; font-variant-east-asian: normal; font-stretch: normal; font-size: 7pt; line-height: normal; font-family: &quot;Times New Roman&quot;;\">&nbsp;&nbsp;&nbsp;&nbsp;&nbsp; </span></span><!--[endif]--><span lang=\"EN-US\">The Academy will provide cancellation notification not less than 24\r\nhours before the start of the training.<o:p></o:p></span></p>\r\n\r\n<p class=\"MsoListParagraphCxSpMiddle\" style=\"margin-left:1.0in;mso-add-space:\r\nauto;text-align:justify;text-indent:-.25in;mso-list:l0 level2 lfo2;tab-stops:\r\n96.75pt\"><!--[if !supportLists]--><span lang=\"EN-US\">b.<span style=\"font-variant-numeric: normal; font-variant-east-asian: normal; font-stretch: normal; font-size: 7pt; line-height: normal; font-family: &quot;Times New Roman&quot;;\">&nbsp;&nbsp;&nbsp;&nbsp;&nbsp; </span></span><!--[endif]--><span lang=\"EN-US\">Trainee/s that you wish to cancel a training registration should in\r\nwriting (by email or post) submit a cancellation notification not less than 28\r\ndays before the start date of a course, you will be entitled to a 50% refund. <o:p></o:p></span></p>\r\n\r\n<p class=\"MsoListParagraphCxSpMiddle\" style=\"margin-left:1.0in;mso-add-space:\r\nauto;text-align:justify;text-indent:-.25in;mso-list:l0 level2 lfo2;tab-stops:\r\n96.75pt\"><!--[if !supportLists]--><span lang=\"EN-US\">c.<span style=\"font-variant-numeric: normal; font-variant-east-asian: normal; font-stretch: normal; font-size: 7pt; line-height: normal; font-family: &quot;Times New Roman&quot;;\">&nbsp;&nbsp;&nbsp;&nbsp;&nbsp; </span></span><!--[endif]--><span lang=\"EN-US\">Trainees that make cancellations for any reason in less than 28 days\r\nbefore the start date of a course will receive no refund but may transfer the\r\nfee or substitute the training for another. &nbsp;<o:p></o:p></span></p>\r\n\r\n<p class=\"MsoListParagraphCxSpLast\" style=\"margin-left:1.0in;mso-add-space:auto;\r\ntext-align:justify;text-indent:-.25in;mso-list:l0 level2 lfo2;tab-stops:96.75pt\"><!--[if !supportLists]--><span lang=\"EN-US\">d.<span style=\"font-variant-numeric: normal; font-variant-east-asian: normal; font-stretch: normal; font-size: 7pt; line-height: normal; font-family: &quot;Times New Roman&quot;;\">&nbsp;&nbsp;&nbsp;&nbsp;&nbsp;\r\n</span></span><!--[endif]--><span lang=\"EN-US\">Trainees who fail to attend the\r\ncourse there are registered for without giving prior notice to the CCBRT\r\nAcademy, we are unable to refund the course fees or offer a transfer.</span><b style=\"font-size: 1rem;\"><span lang=\"EN-US\">&nbsp;</span></b></p>\r\n\r\n<p class=\"MsoListParagraphCxSpMiddle\" style=\"text-align:justify;text-indent:-.25in;\r\nmso-list:l0 level1 lfo2;tab-stops:96.75pt\"><!--[if !supportLists]--><b><span lang=\"EN-US\">7.<span style=\"font-variant-numeric: normal; font-variant-east-asian: normal; font-weight: normal; font-stretch: normal; font-size: 7pt; line-height: normal; font-family: &quot;Times New Roman&quot;;\">&nbsp;&nbsp;&nbsp;&nbsp;&nbsp; </span></span></b><!--[endif]--><b><span lang=\"EN-US\">Rights to training\r\ndocuments, software<o:p></o:p></span></b></p>\r\n\r\n<p class=\"MsoListParagraphCxSpMiddle\" style=\"text-align:justify;tab-stops:96.75pt\"><span lang=\"EN-US\">All Training Material and all intellectual property rights in all\r\nTraining Material (including the design, graphics and text of all printed\r\nmaterials) is owned by CCBRT Academy. All trainees who have access to the\r\nvarious training material, are granted a non-exclusive, non-transferable,\r\nrevocable license to use the Training Material. None of the CCBRT Academy\r\nTraining Material may be copied, reproduced, uploaded, posted, displayed or\r\nlinked to in any way, in whole or in part, without obtaining permission from\r\nthe organization.</span></p>\r\n\r\n<p class=\"MsoListParagraphCxSpMiddle\" style=\"text-align:justify;text-indent:-.25in;\r\nmso-list:l0 level1 lfo2;tab-stops:96.75pt\"><!--[if !supportLists]--><b><span lang=\"EN-US\">8.<span style=\"font-variant-numeric: normal; font-variant-east-asian: normal; font-weight: normal; font-stretch: normal; font-size: 7pt; line-height: normal; font-family: &quot;Times New Roman&quot;;\">&nbsp;&nbsp;&nbsp;&nbsp;&nbsp; </span></span></b><!--[endif]--><b><span lang=\"EN-US\">Trainee Obligation<o:p></o:p></span></b></p>\r\n\r\n<p class=\"MsoListParagraphCxSpLast\" style=\"margin-left:1.0in;mso-add-space:auto;\r\ntext-align:justify;text-indent:-.25in;mso-list:l0 level2 lfo2;tab-stops:96.75pt\"><!--[if !supportLists]--><span lang=\"EN-US\">a.<span style=\"font-variant-numeric: normal; font-variant-east-asian: normal; font-stretch: normal; font-size: 7pt; line-height: normal; font-family: &quot;Times New Roman&quot;;\">&nbsp;&nbsp;&nbsp;&nbsp;&nbsp;\r\n</span></span><!--[endif]--><span lang=\"EN-US\">You may not give access to your\r\nservice portal (log-in details) to a third party.<o:p></o:p></span></p>\r\n\r\n<span lang=\"EN-US\" style=\"font-size:11.0pt;line-height:107%;font-family:&quot;Calibri&quot;,sans-serif;\r\nmso-ascii-theme-font:minor-latin;mso-fareast-font-family:Calibri;mso-fareast-theme-font:\r\nminor-latin;mso-hansi-theme-font:minor-latin;mso-bidi-font-family:&quot;Times New Roman&quot;;\r\nmso-bidi-theme-font:minor-bidi;mso-ansi-language:EN-US;mso-fareast-language:\r\nEN-US;mso-bidi-language:AR-SA\">You are obliged to comply with all health and\r\nsafety rules and regulations and any other reasonable security requirements\r\nthat apply to the&nbsp;</span>','2022-08-31 12:56:07','2022-08-28 16:43:08');

--
-- Table structure for table `users`
--

CREATE TABLE `users` (
  `id` bigint(20) unsigned NOT NULL AUTO_INCREMENT,
  `name` varchar(191) COLLATE utf8mb4_unicode_ci NOT NULL,
  `email` varchar(191) COLLATE utf8mb4_unicode_ci NOT NULL,
  `phone` varchar(191) COLLATE utf8mb4_unicode_ci NOT NULL,
  `role` varchar(191) COLLATE utf8mb4_unicode_ci NOT NULL DEFAULT '0',
  `is_banned` int(11) NOT NULL DEFAULT '1',
  `email_verified_at` timestamp NULL DEFAULT NULL,
  `password` varchar(191) COLLATE utf8mb4_unicode_ci NOT NULL,
  `remember_token` varchar(100) COLLATE utf8mb4_unicode_ci DEFAULT NULL,
  `created_at` timestamp NULL DEFAULT NULL,
  `updated_at` timestamp NULL DEFAULT NULL,
  PRIMARY KEY (`id`),
  UNIQUE KEY `users_email_unique` (`email`)
) ENGINE=InnoDB AUTO_INCREMENT=40 DEFAULT CHARSET=utf8mb4 COLLATE=utf8mb4_unicode_ci;

--
-- Dumping data for table `users`
--

INSERT INTO `users` VALUES (3,'Jeremiah Ngemera','mawasiliano@truebitstech.com','0657878299','1',1,NULL,'$2y$10$2Js2eOllzDf3hpllyuVqqeJKOWluEB2kF5PFekFvZzMr4a87MJyES',NULL,NULL,NULL),(4,'Regina Monyemangene','admin@admin.com','921212233456','1',1,NULL,'$2y$10$D/Yly.tQyaTF3UyTujpD/.Y66u5dvxPmuA9tNJIBWDFYPge3tEcNm','FiURYeAnvWYcQRI4HYKpM54lspqikSWlIWJ1dfP6h5IZ0n66hPB033qyE3Mi','2022-08-15 08:27:10','2022-08-15 08:27:10'),(25,'Edwin Kashangaki','edwin.kashangaki@ccbrt.org','+255 718 069 395','1',1,NULL,'$2y$10$66o1QIQjnXdf8uZmgwSJvO0Pzd2tk2NGnswVzc0dPHZEvWawtaajq',NULL,'2022-09-05 05:13:02','2022-09-05 05:13:02'),(26,'Derick Kaijage','derickkaijage@rocketmail.com','078593853','0',1,NULL,'$2y$10$M6y2IPvspx8VGPKlweveQ.e2qf8T61YicjrqIfBlNeaYcuiVELyhS',NULL,'2022-09-18 01:09:17','2022-09-18 01:09:17'),(27,'Dorian Black','kabydee@gmail.com','0784089132','0',1,NULL,'$2y$10$ua0a8CvajPem.zlqiGPRcubdC16O0g.0qh8OuCUXiFb5c7kK/bGdm',NULL,'2022-09-18 02:20:28','2022-09-18 02:20:28'),(28,'Dorian Black','dorianblack255@gmail.com','07545832032','0',1,NULL,'$2y$10$O7wY3Ujrsv8b2lNe4Jqw9e4azhbSTJr6kC2GKlgJdNa8313UIDX2q',NULL,'2022-09-19 05:48:00','2022-09-19 05:48:00'),(29,'Kaijage Kabyemela','kabyk95@gmail.com','0718527660','0',1,NULL,'$2y$10$k/nq9BMAnwhHpYZqv7oqseZpx5Xe5qit.fMBZz.dfFetypPKP5SOm','jF6vDZMUsalXokZ9AJJTz13zfaCJvX9tXZxLK2yX1Ik7ftA40Euy4fnH11kh','2022-09-22 09:55:54','2022-11-18 01:15:32'),(30,'Joseph Erick','kabycom2021@gmail.com','0718695922','0',1,NULL,'$2y$10$lp4B91IPNqbw5Ri76joZMe27q.GNvFXUCtIA3VpKlfDsbrR2A4TXK',NULL,'2022-09-22 09:55:56','2022-09-22 09:55:56'),(31,'Festus Mwilenga','festusflowin@gmail.com','656121885','0',1,NULL,'$2y$10$77awZSmZwxRF8mk1WvpXLuedTqmEPo41wM7Pj5wO1R0x.6SMPAw1O',NULL,'2023-02-16 04:17:03','2023-02-16 04:17:03'),(32,'Gina Ginah','regina.monyemangene@ccbrt.org','0782133206','0',1,NULL,'$2y$10$oxtB5heviDwjvbizrEQtj.8SnHjHcPN2zzayNWmfhhguAJ/HklFx6',NULL,'2023-05-11 06:56:16','2023-05-11 06:56:16'),(33,'Febdays Minja','febdaysminja@gmail.com','0622059625','0',1,NULL,'$2y$10$004MhzWfr.AhobPy9rBABuKrMUAUqe9PaRLwoEhmZbfqDs9dzBw.2',NULL,'2023-05-17 09:58:32','2023-05-17 09:58:32'),(34,'Anastasia Melis','melis.ann@gmail.com','+255713431125','0',1,NULL,'$2y$10$iBECu3bLJd4h7VQE85Iwu.SjNscDffRf5kxTmsWvijQbV142.2YtW',NULL,'2023-06-22 07:02:58','2023-06-22 07:02:58'),(35,'Febdays Minja','febdays.minja@ccbrt.org','+255784345453','0',1,NULL,'$2y$10$T7gV7Jn8JPhBtTgteZZXyuXki.m3vPXdfR8Ynhq99ViH2Rvp38IXW',NULL,'2023-06-22 07:03:00','2023-06-22 07:03:00'),(36,'Michael Masanja','michael.masanja@ccbrt.org','+2557181291991','0',1,NULL,'$2y$10$GULWboBT.9ieKE4ZVq05WOf9fOnVDMnUsiRuUJzBWS4/E1tkGi9YO',NULL,'2023-06-22 07:20:59','2023-06-22 07:20:59'),(37,'Priscilla John','priscilla.john@gmail.com','+2557189981991','0',1,NULL,'$2y$10$cItMJ1yPGLXE/tv.FzTy5.Vz.CwDtuW5LmxjN5dsa936ssBNibXlW',NULL,'2023-06-22 07:35:42','2023-06-22 07:35:42'),(38,'Steven Peter','stevens.general.business.supplies@gmail.com','+255789099345','0',1,NULL,'$2y$10$MHeqZWvyn1EQpbVioVv/IeNPi1QqbWosHPUphJXvHD9jHrffLLAsi',NULL,'2023-07-10 03:18:41','2023-07-10 03:18:41'),(39,'Edwin Muganyizi','eddiehenrico06@gmail.com','0718069395','0',1,NULL,'$2y$10$V6xD5Euc2yEbTwEN3D/1qO34lZDC88ksNQvtCwn4v4BmkJUHOolMG',NULL,'2023-07-27 07:46:18','2023-07-27 07:46:18');

--
-- Table structure for table `venue_rooms`
--

CREATE TABLE `venue_rooms` (
  `id` bigint(20) unsigned NOT NULL AUTO_INCREMENT,
  `venue_id` bigint(20) unsigned DEFAULT NULL,
  `name` varchar(191) COLLATE utf8mb4_unicode_ci NOT NULL,
  `description` varchar(191) COLLATE utf8mb4_unicode_ci NOT NULL,
  `room_capacity` int(11) NOT NULL DEFAULT '0',
  `price` varchar(191) COLLATE utf8mb4_unicode_ci DEFAULT NULL,
  `price_currency` varchar(191) COLLATE utf8mb4_unicode_ci DEFAULT NULL,
  `created_at` timestamp NULL DEFAULT NULL,
  `updated_at` timestamp NULL DEFAULT NULL,
  PRIMARY KEY (`id`),
  KEY `venue_rooms_venue_id_foreign` (`venue_id`),
  CONSTRAINT `venue_rooms_venue_id_foreign` FOREIGN KEY (`venue_id`) REFERENCES `venues` (`id`) ON DELETE CASCADE
) ENGINE=InnoDB AUTO_INCREMENT=16 DEFAULT CHARSET=utf8mb4 COLLATE=utf8mb4_unicode_ci;

--
-- Dumping data for table `venue_rooms`
--

INSERT INTO `venue_rooms` VALUES (1,1,'Twiga','Twiga',20,'180000','TZS','2021-09-23 18:00:00',NULL),(2,1,'Computer Lab -Kipepeo','Computer Lab -Kipepeo',15,'208000','TZS','2021-09-23 18:00:00',NULL),(3,1,'Kanga','Kanga',20,'208000','TZS','2021-09-23 18:00:00',NULL),(4,1,'Kiboko','Kiboko',50,'350000','TZS','2021-09-23 18:00:00',NULL),(5,2,'Popo','Popo',6,'53000','TZS','2021-09-23 18:00:00',NULL),(6,2,'Pundamilia','Pundamilia',10,'80000','TZS','2021-09-23 18:00:00',NULL),(7,2,'Swala','Swala',20,'150000','TZS','2021-09-23 18:00:00',NULL),(8,2,'Tembo','Tembo',40,'260000','TZS','2021-09-23 18:00:00',NULL),(9,NULL,'Mbuzi','10 Computing Workstation',50,NULL,NULL,'2023-02-17 08:07:08','2023-02-17 08:07:08'),(10,NULL,'Nyumbu','2 Projectors, 10 Computer Workstation',40,NULL,NULL,'2023-02-24 07:19:43','2023-02-24 07:19:43'),(11,NULL,'Nyati','Nyati',100,NULL,NULL,'2023-06-09 03:48:07','2023-06-09 03:48:07'),(12,NULL,'Nyumbu','Nyumbu Room',45,NULL,NULL,'2023-06-09 03:53:42','2023-06-09 03:53:42'),(13,NULL,'Nyati','Nyati Room',50,NULL,NULL,'2023-06-09 03:57:22','2023-06-09 03:57:22'),(14,NULL,'Mamba','Mamba Room',15,NULL,NULL,'2023-06-09 04:02:30','2023-06-09 04:02:30'),(15,6,'Rabbit','Water dispenser',10,NULL,NULL,'2023-07-17 06:01:24','2023-07-17 06:01:24');

--
-- Table structure for table `venues`
--

CREATE TABLE `venues` (
  `id` bigint(20) unsigned NOT NULL AUTO_INCREMENT,
  `name` varchar(191) COLLATE utf8mb4_unicode_ci NOT NULL,
  `description` varchar(191) COLLATE utf8mb4_unicode_ci DEFAULT NULL,
  `created_at` timestamp NULL DEFAULT NULL,
  `updated_at` timestamp NULL DEFAULT NULL,
  PRIMARY KEY (`id`)
) ENGINE=InnoDB AUTO_INCREMENT=8 DEFAULT CHARSET=utf8mb4 COLLATE=utf8mb4_unicode_ci;

--
-- Dumping data for table `venues`
--

INSERT INTO `venues` VALUES (1,'Maternal Health Wing','Maternal Health Wing','2021-09-23 18:00:00',NULL),(2,'Standard Building','Standard Building','2021-09-23 18:00:00',NULL),(4,'Simba','Simba is located at private clinic','2023-02-24 05:23:06','2023-02-24 05:23:06'),(6,'ICRC','ICRC','2023-07-17 05:36:52','2023-07-17 05:36:52'),(7,'Private Clinic','CCBRT Private Clinic Building','2023-07-26 07:31:59','2023-07-26 07:31:59');


